000
CXUS54 KMEG 280638
CF6TUP
PRELIMINARY LOCAL CLIMATOLOGICAL DATA (WS FORM: F-6)

                                          STATION:   TUPELO
                                          MONTH:     MARCH
                                          YEAR:      2015
                                          LATITUDE:   34 16 N
                                          LONGITUDE:  88 46 W

  TEMPERATURE IN F:       :PCPN:    SNOW:  WIND      :SUNSHINE: SKY     :PK WND
================================================================================
1   2   3   4   5  6A  6B    7    8   9   10  11  12  13   14  15   16   17  18
                                     12Z  AVG MX 2MIN
DY MAX MIN AVG DEP HDD CDD  WTR  SNW DPTH SPD SPD DIR MIN PSBL S-S WX    SPD DR
================================================================================

 1  53  38  46  -4  19   0 0.67  0.0    0  5.2 15 200   M    M   9 1      19 200
 2  51  39  45  -5  20   0 0.21  0.0    0  9.6 21  40   M    M   9 1      26  40
 3  66  44  55   5  10   0 0.05  0.0    0  5.5 13 210   M    M  10 12     15 200
 4  75  34  55   4  10   0 0.91    T    0 13.2 26  20   M    M  10 18     32  30
 5  34  22  28 -23  37   0 0.39  0.1    T 16.1 29  40   M    M   6 18     35  30
 6  43  18  31 -20  34   0 0.00  0.0    0  5.7 14  30   M    M   0        16  30
 7  61  24  43  -9  22   0 0.00  0.0    0  2.3 12 210   M    M   0        16 220
 8  60  28  44  -8  21   0 0.20  0.0    0  3.1  9 200   M    M   5        12 290
 9  57  45  51  -1  14   0 0.38  0.0    0  4.7  9 110   M    M  10 1      13 140
10  70  54  62  10   3   0 0.82  0.0    0  7.0 15 210   M    M   9 1      20 210
11  59  54  57   4   8   0 0.10  0.0    0  6.8 13  30   M    M  10 1      14  30
12  70  53  62   9   3   0 0.05  0.0    0  7.9 15 140   M    M   9 1      17 150
13  64  58  61   8   4   0 0.28  0.0    0 11.6 18 150   M    M   8 1      27 150
14  67  56  62   8   3   0 0.34  0.0    0  5.4 14 170   M    M  10 1      20 160
15  75  51  63   9   2   0 0.00  0.0    0  5.7 18  40   M    M   2        22  40
16  80  47  64  10   1   0 0.00  0.0    0  2.8 14 270   M    M   0        17 270
17  82  51  67  13   0   2 0.00  0.0    0  6.7 18  30   M    M   0 12     23  30
18  69  50  60   5   5   0 0.09  0.0    0  7.5 17  40   M    M   2        20  70
19  63  49  56   1   9   0 0.07  0.0    0  3.5 10  50   M    M   7 1      13  80
20  61  53  57   2   8   0 0.23  0.0    0  6.6 15  30   M    M  10 1      18  30
21  59  51  55   0  10   0 0.08  0.0    0  4.2 13  70   M    M   9 1      14  80
22  57  51  54  -2  11   0 0.65  0.0    0  8.1 18  50   M    M   9 18     25  50
23  73  51  62   6   3   0 0.00  0.0    0  7.0 15  90   M    M   4 8      20  80
24  75  47  61   5   4   0 0.00  0.0    0  7.6 18 200   M    M   1 1      23 220
25  77  54  66  10   0   1 0.00  0.0    0  8.1 18 210   M    M   5 1      23 200
26  74  45  60   3   5   0 0.08  0.0    0 12.1 24  20   M    M   6        32  30
27  53  34  44 -13  21   0 0.05  0.0    0  8.9 20 350   M    M   4 8      25 340
================================================================================
SM 1728 1201       287   3  5.65     0.1 192.9          M      164
================================================================================
AV 64.0 44.5                               7.1 FASTST   M    M   6    MAX(MPH)
                                 MISC ---->  # 29  40               # 35   30
================================================================================
NOTES:
# LAST OF SEVERAL OCCURRENCES

COLUMN 17 PEAK WIND IN M.P.H.

PRELIMINARY LOCAL CLIMATOLOGICAL DATA (WS FORM: F-6) , PAGE 2

                                          STATION:  TUPELO
                                          MONTH:    MARCH
                                          YEAR:     2015
                                          LATITUDE:   34 16 N
                                          LONGITUDE:  88 46 W

[TEMPERATURE DATA]      [PRECIPITATION DATA]       SYMBOLS USED IN COLUMN 16

AVERAGE MONTHLY: 54.2   TOTAL FOR MONTH:   5.65    1 = FOG OR MIST
DPTR FM NORMAL:   0.8   DPTR FM NORMAL:    1.42    2 = FOG REDUCING VISIBILITY
HIGHEST:    82 ON 17    GRTST 24HR  0.91 ON  4- 4      TO 1/4 MILE OR LESS
LOWEST:     18 ON  6                               3 = THUNDER
                        SNOW, ICE PELLETS, HAIL    4 = ICE PELLETS
                        TOTAL MONTH:   0.1 INCH    5 = HAIL
                        GRTST 24HR   0.1 ON   M    6 = FREEZING RAIN OR DRIZZLE
                        GRTST DEPTH:   T           7 = DUSTSTORM OR SANDSTORM:
                                                       VSBY 1/2 MILE OR LESS
                                                   8 = SMOKE OR HAZE
[NO. OF DAYS WITH]      [WEATHER - DAYS WITH]      9 = BLOWING SNOW
                                                   X = TORNADO
MAX 32 OR BELOW:   0    0.01 INCH OR MORE:  19
MAX 90 OR ABOVE:   0    0.10 INCH OR MORE:  12
MIN 32 OR BELOW:   4    0.50 INCH OR MORE:   4
MIN  0 OR BELOW:   0    1.00 INCH OR MORE:   0

[HDD (BASE 65) ]
TOTAL THIS MO.   287    CLEAR  (SCALE 0-3)   7
DPTR FM NORMAL   -35    PTCLDY (SCALE 4-7)   7
TOTAL FM JUL 1  3005    CLOUDY (SCALE 8-10) 13
DPTR FM NORMAL   252

[CDD (BASE 65) ]
TOTAL THIS MO.     3
DPTR FM NORMAL    -2    [PRESSURE DATA]
TOTAL FM JAN 1     3    HIGHEST SLP M ON M
DPTR FM NORMAL    -4    LOWEST  SLP 29.84 ON M

[REMARKS]
