000
CXUS55 KTWC 250855
CF6TUS
PRELIMINARY LOCAL CLIMATOLOGICAL DATA (WS FORM: F-6)

                                          STATION:   TUCSON AZ
                                          MONTH:     AUGUST
                                          YEAR:      2016
                                          LATITUDE:   32  7 N
                                          LONGITUDE: 110 56 W

  TEMPERATURE IN F:       :PCPN:    SNOW:  WIND      :SUNSHINE: SKY     :PK WND
================================================================================
1   2   3   4   5  6A  6B    7    8   9   10  11  12  13   14  15   16   17  18
                                     12Z  AVG MX 2MIN
DY MAX MIN AVG DEP HDD CDD  WTR  SNW DPTH SPD SPD DIR MIN PSBL S-S WX    SPD DR
================================================================================

 1  91  71  81  -5   0  16 0.09    M    M  5.2 17 170   M    M   2 3      20  70
 2  84  72  78  -8   0  13 0.08    M    M  6.9 13 130   M    M   4 3      18 180
 3  92  76  84  -2   0  19    T    M    M  6.9 22 210   M    M   3 3      28 220
 4  90  76  83  -3   0  18 0.00    M    M  8.0 12 100   0    0   0         M  M
 5  96  75  86   0   0  21 0.01    M    M  7.1 24 350   M    M   0 3      31 360
 6 102  75  89   3   0  24 0.00    M    M  6.4 21 140   M    M   0 3      27 140
 7 103  78  91   5   0  26 0.00    M    M  5.5 14 290   M    M   0        20 280
 8 103  79  91   6   0  26 0.00    M    M  5.3 15 200   M    M   1 3      19 190
 9  90  71  81  -4   0  16 0.86    M    M  6.2 24 200   M    M   4 13     31 200
10  94  75  85   0   0  20 0.00    M    M  5.3 20 200   M    M   3 3      23 200
11  92  77  85   0   0  20    T    M    M  6.4 16 360   M    M   3        21 360
12  95  76  86   1   0  21 0.00    M    M  5.6 16 350   M    M   1        22  10
13 100  75  88   3   0  23 0.02    M    M  6.7 26 110   M    M   1 3      32 110
14  99  74  87   2   0  22 0.00    M    M 10.6 21 130   M    M   0        26 120
15 102  77  90   5   0  25 0.00    M    M  6.6 17 120   M    M   0        22 120
16 104  78  91   6   0  26 0.01    M    M  7.0 23  20   M    M   1 3      32  10
17 102  78  90   5   0  25 0.00    M    M  7.1 16 130   M    M   0        20 130
18 100  76  88   3   0  23 0.00    M    M  6.1 16 340   M    M   0        21 320
19  99  76  88   3   0  23    T    M    M  8.1 20 170   M    M   2        26 200
20  97  71  84  -1   0  19 0.00    M    M  8.1 23 330   M    M   0 3      28 320
21  93  70  82  -3   0  17 0.02    M    M  7.4 35 170   M    M   1 3      39 180
22  95  67  81  -4   0  16 0.00  0.0    M  6.2 15 150   M    M   M 8      17 280
23  95  71  83  -2   0  18 0.00  0.0    M  5.4 14 340   M    M   M        23 350
24  97  71  84  -1   0  19 0.00  0.0    M  6.2 16 300   M    M   M        24 280
================================================================================
SM 2315 1785         0 496  1.09     0.0 160.3            0     26
================================================================================
AV 96.5 74.4                               6.7 FASTST    0   0   1    MAX(MPH)
                                 MISC ---->  # 35 170               # 39  180
================================================================================
NOTES:
# LAST OF SEVERAL OCCURRENCES

COLUMN 17 PEAK WIND IN M.P.H.

PRELIMINARY LOCAL CLIMATOLOGICAL DATA (WS FORM: F-6) , PAGE 2

                                          STATION:  TUCSON AZ
                                          MONTH:    AUGUST
                                          YEAR:     2016
                                          LATITUDE:   32  7 N
                                          LONGITUDE: 110 56 W

[TEMPERATURE DATA]      [PRECIPITATION DATA]       SYMBOLS USED IN COLUMN 16

AVERAGE MONTHLY: 85.4   TOTAL FOR MONTH:   1.09    1 = FOG OR MIST
DPTR FM NORMAL:   0.1   DPTR FM NORMAL:   -0.83    2 = FOG REDUCING VISIBILITY
HIGHEST:   104 ON 16    GRTST 24HR  0.86 ON  9- 9      TO 1/4 MILE OR LESS
LOWEST:     67 ON 22                               3 = THUNDER
                        SNOW, ICE PELLETS, HAIL    4 = ICE PELLETS
                        TOTAL MONTH:   0.0 INCH    5 = HAIL
                        GRTST 24HR     0.0         6 = FREEZING RAIN OR DRIZZLE
                        GRTST DEPTH:  M  ON   M    7 = DUSTSTORM OR SANDSTORM:
                                                       VSBY 1/2 MILE OR LESS
                                                   8 = SMOKE OR HAZE
[NO. OF DAYS WITH]      [WEATHER - DAYS WITH]      9 = BLOWING SNOW
                                                   X = TORNADO
MAX 32 OR BELOW:   0    0.01 INCH OR MORE:   7
MAX 90 OR ABOVE:  23    0.10 INCH OR MORE:   1
MIN 32 OR BELOW:   0    0.50 INCH OR MORE:   1
MIN  0 OR BELOW:   0    1.00 INCH OR MORE:   0

[HDD (BASE 65) ]
TOTAL THIS MO.     0    CLEAR  (SCALE 0-3)  18
DPTR FM NORMAL     0    PTCLDY (SCALE 4-7)   3
TOTAL FM JUL 1     0    CLOUDY (SCALE 8-10)  0
DPTR FM NORMAL     0

[CDD (BASE 65) ]
TOTAL THIS MO.   496
DPTR FM NORMAL    10    [PRESSURE DATA]
TOTAL FM JAN 1  2566    HIGHEST SLP  0.00 ON  4
DPTR FM NORMAL   301    LOWEST  SLP  0.00 ON  4

[REMARKS]
