000
CXUS54 KJAN 011200
CF6TVR
PRELIMINARY LOCAL CLIMATOLOGICAL DATA (WS FORM: F-6)

                                          STATION:   VICKSBURG
                                          MONTH:     SEPTEMBER
                                          YEAR:      2014
                                          LATITUDE:   32 20 N
                                          LONGITUDE:  91  2 W

  TEMPERATURE IN F:       :PCPN:    SNOW:  WIND      :SUNSHINE: SKY     :PK WND
================================================================================
1   2   3   4   5  6A  6B    7    8   9   10  11  12  13   14  15   16   17  18
                                     12Z  AVG MX 2MIN
DY MAX MIN AVG DEP HDD CDD  WTR  SNW DPTH SPD SPD DIR MIN PSBL S-S WX    SPD DR
================================================================================

 1  93  73  83   4   0  18 0.00  0.0    0  8.0 31 170   M    M   3        37 160
 2  91  72  82   3   0  17 0.95  0.0    0  5.8 15 350   M    M   2 1      21 360
 3  90  70  80   2   0  15 0.00  0.0    0  1.8  8  60   M    M   5        10  40
 4  94  72  83   5   0  18 0.00  0.0    0  1.2  8 300   M    M   1 1      11 310
 5  92  70  81   3   0  16 0.03  0.0    0  2.4 18  50   M    M   2 1      23  40
 6  92  68  80   2   0  15 0.00  0.0    0  2.5 12  30   M    M   2 1      16  40
 7  87  73  80   2   0  15 0.00  0.0    0  6.1 12  40   M    M   5        15  40
 8  92  72  82   5   0  17 0.00  0.0    0  3.4 10  50   M    M   0        15  10
 9  94  70  82   5   0  17 0.00  0.0    0  3.1 12 180   M    M   1 1      14 170
10  92  75  84   7   0  19 0.00  0.0    0  6.4 16 170   M    M   1        24 160
11  95  73  84   7   0  19 0.00  0.0    0  3.4  9 160   M    M   0        13 100
12  85  69  77   1   0  12 0.00  0.0    0  8.4 18  10   M    M   9        22 360
13  75  63  69  -7   0   4 0.00  0.0    0 11.9 23  10   M    M  10        29  20
14  85  65  75  -1   0  10 0.00  0.0    0  6.1 10  20   M    M   5        14  20
15  91  68  80   5   0  15 0.00  0.0    0  4.0 10  20   M    M   1        14 360
16  90  70  80   5   0  15 0.00  0.0    0  4.1 13  20   M    M   1        15  30
17  93  65  79   4   0  14 0.00  0.0    0  1.8 10  80   M    M   1        13  70
18  89  69  79   4   0  14 0.00  0.0    0  4.3 16  90   M    M   1        20 100
19  90  65  78   4   0  13 0.00  0.0    0  3.0 12 140   M    M   0        14 140
20  92  64  78   4   0  13 0.00  0.0    0  2.7 10  80   M    M   1        16  80
21  93  65  79   5   0  14 0.00  0.0    0  1.9 12  70   M    M   0        15  60
22  86  64  75   2   0  10 0.00  0.0    0 10.5 18  20   M    M   2        23  30
23  83  55  69  -4   0   4 0.00  0.0    0  5.7 13  20   M    M   0        16  10
24  84  54  69  -4   0   4 0.00  0.0    0  5.1 15 110   M    M   0        20  90
25  87  54  71  -1   0   6 0.00  0.0    0  3.3 12  90   M    M   0        16  70
26  89  59  74   2   0   9 0.00  0.0    0  4.5 14  30   M    M   0        18  30
27  86  59  73   1   0   8 0.00  0.0    0  4.9 15  90   M    M   1        19 100
28  84  67  76   4   0  11 0.00  0.0    0  5.0 12  70   M    M   5        15  50
29  90  66  78   7   0  13 0.02  0.0    0  5.4 14  20   M    M   6        17  40
30  90  62  76   5   0  11 0.00  0.0    0  3.1  9 140   M    M   1        12 150
================================================================================
SM 2674 1991         0 386  1.00     0.0 139.8          M       66
================================================================================
AV 89.1 66.4                               4.7 FASTST   M    M   2    MAX(MPH)
                                 MISC ---->  # 31 170               # 37  160
================================================================================
NOTES:
# LAST OF SEVERAL OCCURRENCES

COLUMN 17 PEAK WIND IN M.P.H.

PRELIMINARY LOCAL CLIMATOLOGICAL DATA (WS FORM: F-6) , PAGE 2

                                          STATION:  VICKSBURG
                                          MONTH:    SEPTEMBER
                                          YEAR:     2014
                                          LATITUDE:   32 20 N
                                          LONGITUDE:  91  2 W

[TEMPERATURE DATA]      [PRECIPITATION DATA]       SYMBOLS USED IN COLUMN 16

AVERAGE MONTHLY: 77.8   TOTAL FOR MONTH:   1.00    1 = FOG OR MIST
DPTR FM NORMAL:   2.7   DPTR FM NORMAL:   -1.89    2 = FOG REDUCING VISIBILITY
HIGHEST:    95 ON 11    GRTST 24HR  0.95 ON  2- 2      TO 1/4 MILE OR LESS
LOWEST:     54 ON 25,24                            3 = THUNDER
                        SNOW, ICE PELLETS, HAIL    4 = ICE PELLETS
                        TOTAL MONTH:   0.0 INCH    5 = HAIL
                        GRTST 24HR     0.0         6 = FREEZING RAIN OR DRIZZLE
                        GRTST DEPTH:   0           7 = DUSTSTORM OR SANDSTORM:
                                                       VSBY 1/2 MILE OR LESS
                                                   8 = SMOKE OR HAZE
[NO. OF DAYS WITH]      [WEATHER - DAYS WITH]      9 = BLOWING SNOW
                                                   X = TORNADO
MAX 32 OR BELOW:   0    0.01 INCH OR MORE:   3
MAX 90 OR ABOVE:  18    0.10 INCH OR MORE:   1
MIN 32 OR BELOW:   0    0.50 INCH OR MORE:   1
MIN  0 OR BELOW:   0    1.00 INCH OR MORE:   0

[HDD (BASE 65) ]
TOTAL THIS MO.     0    CLEAR  (SCALE 0-3)  23
DPTR FM NORMAL    -5    PTCLDY (SCALE 4-7)   5
TOTAL FM JUL 1     0    CLOUDY (SCALE 8-10)  2
DPTR FM NORMAL    -5

[CDD (BASE 65) ]
TOTAL THIS MO.   386
DPTR FM NORMAL    78    [PRESSURE DATA]
TOTAL FM JAN 1  2044    HIGHEST SLP 30.23 ON 25
DPTR FM NORMAL   -53    LOWEST  SLP 29.84 ON 30

[REMARKS]
#FINAL-09-14#
