000
CXUS54 KSHV 281300
CF6TYR
PRELIMINARY LOCAL CLIMATOLOGICAL DATA (WS FORM: F-6)

                                          STATION:   TYLER
                                          MONTH:     JULY
                                          YEAR:      2014
                                          LATITUDE:   32 22 N
                                          LONGITUDE:  95 24 W

  TEMPERATURE IN F:       :PCPN:    SNOW:  WIND      :SUNSHINE: SKY     :PK WND
================================================================================
1   2   3   4   5  6A  6B    7    8   9   10  11  12  13   14  15   16   17  18
                                     12Z  AVG MX 2MIN
DY MAX MIN AVG DEP HDD CDD  WTR  SNW DPTH SPD SPD DIR MIN PSBL S-S WX    SPD DR
================================================================================

 1  90  73  82   0   0  17 0.00  0.0    0  7.6 17 180   M    M   1        24 190
 2  93  76  85   3   0  20 0.00  0.0    0  4.6 12 350   M    M   1        16 320
 3  89  70  80  -2   0  15 0.28  0.0    0  5.0 18 320   M    M   2 13     24 350
 4  88  73  81  -1   0  16 0.00  0.0    0  5.0 15 130   M    M   1        17 130
 5  89  69  79  -3   0  14 0.00  0.0    0  4.0 13 130   M    M   1        17 130
 6  91  71  81  -1   0  16 0.00  0.0    0  6.1 15 190   M    M   0        20 210
 7  93  74  84   2   0  19 0.00  0.0    0  8.9 15 200   M    M   0        20 200
 8  93  76  85   3   0  20 0.00  0.0    0  9.2 15 210   M    M   1        20 230
 9  94  77  86   4   0  21 0.00  0.0    0  8.4 14 240   M    M   1 8      20 220
10  93  77  85   3   0  20 0.00  0.0    0  7.9 15 200   M    M   0        18 230
11  94  73  84   1   0  19 0.00  0.0    0  5.8 12 230   M    M   0        18 230
12  96  73  85   2   0  20 0.00  0.0    0  4.6 12 240   M    M   0        16 240
13  97  75  86   3   0  21 0.00  0.0    0  4.6 10 220   M    M   0        15 220
14  98  77  88   5   0  23 0.01  0.0    0  6.9 15 200   M    M   0        23  10
15  91  72  82  -1   0  17 0.21  0.0    0  4.7 13  70   M    M   5 1      15  30
16  89  67  78  -5   0  13 0.00  0.0    0  6.9 15 130   M    M   1        25 100
17  76  68  72 -11   0   7 0.66  0.0    0  9.5 17 140   M    M   9 1      25  60
18  72  66  69 -14   0   4 0.01  0.0    0  6.0 13  30   M    M  10 18     16  30
19  75  66  71 -12   0   6 0.01  0.0    0  3.7 10  70   M    M  10 1      14  80
20  88  67  78  -5   0  13 0.00  0.0    0  3.4  9 110   M    M   4 18     12 120
21  93  70  82  -1   0  17 0.00  0.0    0  4.4  9  80   M    M   4        12  80
22  94  73  84   0   0  19 0.00  0.0    0  4.0 10  60   M    M   1        14  20
23  93  70  82  -2   0  17 0.34  0.0    0  4.1 33  40   M    M   1 13     45  40
24  91  68  80  -4   0  15 0.00  0.0    0  3.0  9  80   M    M   1 1      15  20
25  93  73  83  -1   0  18 0.00  0.0    0  5.8 13 220   M    M   1        17 210
26  95  76  86   2   0  21 0.00  0.0    0  8.3 16 180   M    M   0        22 210
27  96  78  87   3   0  22 0.00  0.0    0  8.9 15 200   M    M   1        20 200
================================================================================
SM 2444 1948         0 450  1.52     0.0 161.3          M       56
================================================================================
AV 90.5 72.1                               6.0 FASTST   M    M   2    MAX(MPH)
                                 MISC ---->  # 33  40               # 45   40
================================================================================
NOTES:
# LAST OF SEVERAL OCCURRENCES

COLUMN 17 PEAK WIND IN M.P.H.

PRELIMINARY LOCAL CLIMATOLOGICAL DATA (WS FORM: F-6) , PAGE 2

                                          STATION:  TYLER
                                          MONTH:    JULY
                                          YEAR:     2014
                                          LATITUDE:   32 22 N
                                          LONGITUDE:  95 24 W

[TEMPERATURE DATA]      [PRECIPITATION DATA]       SYMBOLS USED IN COLUMN 16

AVERAGE MONTHLY: 81.3   TOTAL FOR MONTH:   1.52    1 = FOG OR MIST
DPTR FM NORMAL:  -1.5   DPTR FM NORMAL:   -0.87    2 = FOG REDUCING VISIBILITY
HIGHEST:    98 ON 14    GRTST 24HR  0.67 ON 17-18      TO 1/4 MILE OR LESS
LOWEST:     66 ON 19,18                            3 = THUNDER
                        SNOW, ICE PELLETS, HAIL    4 = ICE PELLETS
                        TOTAL MONTH:   0.0 INCH    5 = HAIL
                        GRTST 24HR     0.0         6 = FREEZING RAIN OR DRIZZLE
                        GRTST DEPTH:   0           7 = DUSTSTORM OR SANDSTORM:
                                                       VSBY 1/2 MILE OR LESS
                                                   8 = SMOKE OR HAZE
[NO. OF DAYS WITH]      [WEATHER - DAYS WITH]      9 = BLOWING SNOW
                                                   X = TORNADO
MAX 32 OR BELOW:   0    0.01 INCH OR MORE:   7
MAX 90 OR ABOVE:  19    0.10 INCH OR MORE:   4
MIN 32 OR BELOW:   0    0.50 INCH OR MORE:   1
MIN  0 OR BELOW:   0    1.00 INCH OR MORE:   0

[HDD (BASE 65) ]
TOTAL THIS MO.     0    CLEAR  (SCALE 0-3)  21
DPTR FM NORMAL     0    PTCLDY (SCALE 4-7)   3
TOTAL FM JUL 1     0    CLOUDY (SCALE 8-10)  3
DPTR FM NORMAL     0

[CDD (BASE 65) ]
TOTAL THIS MO.   450
DPTR FM NORMAL   -32    [PRESSURE DATA]
TOTAL FM JAN 1  1311    HIGHEST SLP M ON M
DPTR FM NORMAL    27    LOWEST  SLP 29.88 ON M

[REMARKS]
