000
CXUS54 KSHV 271300
CF6TYR
PRELIMINARY LOCAL CLIMATOLOGICAL DATA (WS FORM: F-6)

                                          STATION:   TYLER
                                          MONTH:     AUGUST
                                          YEAR:      2016
                                          LATITUDE:   32 22 N
                                          LONGITUDE:  95 24 W

  TEMPERATURE IN F:       :PCPN:    SNOW:  WIND      :SUNSHINE: SKY     :PK WND
================================================================================
1   2   3   4   5  6A  6B    7    8   9   10  11  12  13   14  15   16   17  18
                                     12Z  AVG MX 2MIN
DY MAX MIN AVG DEP HDD CDD  WTR  SNW DPTH SPD SPD DIR MIN PSBL S-S WX    SPD DR
================================================================================

 1  98  79  89   5   0  24 0.00  0.0    0  8.8 17 220   M    M   0 8      21 190
 2 100  79  90   6   0  25 0.00  0.0    0  7.5 15 230   M    M   0 8      19 240
 3 101  80  91   7   0  26 0.00  0.0    0  5.9 12 230   M    M   0        16 230
 4 101  81  91   7   0  26 0.00  0.0    0  6.9 13 180   M    M   0        17 230
 5 100  79  90   6   0  25 0.00  0.0    0  6.2 12 200   M    M   0        17 200
 6 101  81  91   7   0  26 0.00  0.0    0  7.4 16 120   M    M   0        21 110
 7 101  77  89   5   0  24 0.00  0.0    0  7.2 21  70   M    M   1 3      27  60
 8 100  76  88   4   0  23 0.00  0.0    0  8.4 21 130   M    M   1        27 140
 9 101  80  91   7   0  26 0.00  0.0    0  7.7 20 120   M    M   1        23 120
10 102  79  91   7   0  26 0.00  0.0    0  6.5 14 150   M    M   1        18 140
11 102  80  91   7   0  26 0.00  0.0    0  7.7 15 150   M    M   0        18 220
12 103  80  92   8   0  27 0.00  0.0    0  7.5 14 220   M    M   1        19 220
13  96  78  87   3   0  22 0.02  0.0    0  5.4 20  50   M    M   6        26  60
14  87  75  81  -3   0  16 0.08  0.0    0  5.5 12 200   M    M   9        14 170
15  76  73  75  -9   0  10 0.78  0.0    0  5.4 13 190   M    M  10 1      15 190
16  78  74  76  -8   0  11 0.37  0.0    0  5.2 10 150   M    M   7 1      13 140
17  79  74  77  -7   0  12 0.81  0.0    0  6.3 15 110   M    M   9 18     18 110
18  83  74  79  -4   0  14 0.49  0.0    0  6.5 13 170   M    M   6 12     16 190
19  91  75  83   0   0  18 0.14  0.0    0  6.1 20 180   M    M   5 1      26 190
20  87  76  82  -1   0  17 0.01  0.0    0  7.9 18 250   M    M   5        26 230
21  83  72  78  -5   0  13 1.60  0.0    0  3.9 14 190   M    M   7 1      18 190
22  88  74  81  -2   0  16 0.65  0.0    0  7.4 28 190   M    M   4 1      38 200
23  93  74  84   1   0  19 0.00  0.0    0  9.6 16 190   M    M   3        22 190
24  93  77  85   3   0  20 0.00  0.0    0  8.8 16 200   M    M   2 1      21 210
25  92  76  84   2   0  19 0.00  0.0    0  6.4 21 140   M    M   2 1      27  80
26  90  73  82   0   0  17    T  0.0    0  4.3 21 110   M    M   2        26 110
================================================================================
SM 2426 1996         0 528  4.95     0.0 176.4          M       82
================================================================================
AV 93.3 76.8                               6.8 FASTST   M    M   3    MAX(MPH)
                                 MISC ---->  # 28 190               # 38  200
================================================================================
NOTES:
# LAST OF SEVERAL OCCURRENCES

COLUMN 17 PEAK WIND IN M.P.H.

PRELIMINARY LOCAL CLIMATOLOGICAL DATA (WS FORM: F-6) , PAGE 2

                                          STATION:  TYLER
                                          MONTH:    AUGUST
                                          YEAR:     2016
                                          LATITUDE:   32 22 N
                                          LONGITUDE:  95 24 W

[TEMPERATURE DATA]      [PRECIPITATION DATA]       SYMBOLS USED IN COLUMN 16

AVERAGE MONTHLY: 85.0   TOTAL FOR MONTH:   4.95    1 = FOG OR MIST
DPTR FM NORMAL:   1.5   DPTR FM NORMAL:    2.62    2 = FOG REDUCING VISIBILITY
HIGHEST:   103 ON 12    GRTST 24HR  1.61 ON 20-21      TO 1/4 MILE OR LESS
LOWEST:     72 ON 21                               3 = THUNDER
                        SNOW, ICE PELLETS, HAIL    4 = ICE PELLETS
                        TOTAL MONTH:   0.0 INCH    5 = HAIL
                        GRTST 24HR     0.0         6 = FREEZING RAIN OR DRIZZLE
                        GRTST DEPTH:   0           7 = DUSTSTORM OR SANDSTORM:
                                                       VSBY 1/2 MILE OR LESS
                                                   8 = SMOKE OR HAZE
[NO. OF DAYS WITH]      [WEATHER - DAYS WITH]      9 = BLOWING SNOW
                                                   X = TORNADO
MAX 32 OR BELOW:   0    0.01 INCH OR MORE:  10
MAX 90 OR ABOVE:  18    0.10 INCH OR MORE:   7
MIN 32 OR BELOW:   0    0.50 INCH OR MORE:   4
MIN  0 OR BELOW:   0    1.00 INCH OR MORE:   1

[HDD (BASE 65) ]
TOTAL THIS MO.     0    CLEAR  (SCALE 0-3)  16
DPTR FM NORMAL     0    PTCLDY (SCALE 4-7)   7
TOTAL FM JUL 1     0    CLOUDY (SCALE 8-10)  3
DPTR FM NORMAL     0

[CDD (BASE 65) ]
TOTAL THIS MO.   528
DPTR FM NORMAL    46    [PRESSURE DATA]
TOTAL FM JAN 1  2207    HIGHEST SLP M ON M
DPTR FM NORMAL   367    LOWEST  SLP 29.71 ON 12

[REMARKS]
