000
CXUS54 KSHV 251300
CF6TYR
PRELIMINARY LOCAL CLIMATOLOGICAL DATA (WS FORM: F-6)

                                          STATION:   TYLER
                                          MONTH:     OCTOBER
                                          YEAR:      2014
                                          LATITUDE:   32 22 N
                                          LONGITUDE:  95 24 W

  TEMPERATURE IN F:       :PCPN:    SNOW:  WIND      :SUNSHINE: SKY     :PK WND
================================================================================
1   2   3   4   5  6A  6B    7    8   9   10  11  12  13   14  15   16   17  18
                                     12Z  AVG MX 2MIN
DY MAX MIN AVG DEP HDD CDD  WTR  SNW DPTH SPD SPD DIR MIN PSBL S-S WX    SPD DR
================================================================================

 1  91  77  84  12   0  19 0.00  0.0    0  7.6 14 150   M    M   3        19 150
 2  93  69  81  10   0  16 0.82  0.0    0 11.9 29 190   M    M   5 13     35 200
 3  81  58  70  -1   0   5 0.00  0.0    0  9.9 22  10   M    M   0        38 340
 4  76  48  62  -9   3   0 0.00  0.0    0  4.4 10 190   M    M   0        13  30
 5  83  57  70   0   0   5 0.00  0.0    0 10.7 20 210   M    M   1        26 200
 6  84  61  73   3   0   8 0.43  0.0    0  7.1 28  30   M    M   2 13     41  30
 7  90  66  78   8   0  13 0.00  0.0    0  9.1 16 180   M    M   2 1      20 160
 8  86  73  80  11   0  15 0.00  0.0    0  9.9 21 210   M    M   5        25 210
 9  88  73  81  12   0  16 0.00  0.0    0  8.7 15 200   M    M   4        18 200
10  90  71  81  12   0  16 0.00  0.0    0 10.1 17 220   M    M   4        22 220
11  77  60  69   0   0   4 1.10  0.0    0  7.3 21 320   M    M   9 13     26 310
12  74  59  67  -1   0   2 0.92  0.0    0  6.0 22 170   M    M   9 13     28 180
13  76  59  68   0   0   3 1.20  0.0    0 12.3 29 230   M    M   9 13     38 190
14  75  51  63  -5   2   0 0.00  0.0    0 10.0 25 310   M    M   0        31 310
15  82  49  66  -1   0   1 0.00  0.0    0  2.6 10 310   M    M   0 18     13 310
16  85  53  69   2   0   4 0.00  0.0    0  8.8 17 210   M    M   0        22 190
17  86  58  72   5   0   7 0.00  0.0    0  8.5 18 210   M    M   0        22 200
18  82  61  72   6   0   7 0.00  0.0    0  5.9 13  50   M    M   1        16  50
19  76  57  67   1   0   2 0.00  0.0    0  6.0 14  90   M    M   0        17  80
20  81  54  68   2   0   3 0.00  0.0    0  2.0  8  50   M    M   0        12  50
21  82  56  69   4   0   4 0.00  0.0    0  2.8 12  60   M    M   0        15  70
22  80  59  70   5   0   5 0.00  0.0    0  4.7 14 100   M    M   0 18     18 100
23  77  58  68   3   0   3    T  0.0    0  4.2 12 110   M    M   0        14 110
24  80  56  68   4   0   3 0.00  0.0    0  4.1  8 170   M    M   2        11 150
================================================================================
SM 1975 1443         5 161  4.47     0.0 174.6          M       56
================================================================================
AV 82.3 60.1                               7.3 FASTST   M    M   2    MAX(MPH)
                                 MISC ---->  # 29 190               # 41   30
================================================================================
NOTES:
# LAST OF SEVERAL OCCURRENCES

COLUMN 17 PEAK WIND IN M.P.H.

PRELIMINARY LOCAL CLIMATOLOGICAL DATA (WS FORM: F-6) , PAGE 2

                                          STATION:  TYLER
                                          MONTH:    OCTOBER
                                          YEAR:     2014
                                          LATITUDE:   32 22 N
                                          LONGITUDE:  95 24 W

[TEMPERATURE DATA]      [PRECIPITATION DATA]       SYMBOLS USED IN COLUMN 16

AVERAGE MONTHLY: 71.2   TOTAL FOR MONTH:   4.47    1 = FOG OR MIST
DPTR FM NORMAL:   3.2   DPTR FM NORMAL:    0.77    2 = FOG REDUCING VISIBILITY
HIGHEST:    93 ON  2    GRTST 24HR  2.12 ON 12-13      TO 1/4 MILE OR LESS
LOWEST:     48 ON  4                               3 = THUNDER
                        SNOW, ICE PELLETS, HAIL    4 = ICE PELLETS
                        TOTAL MONTH:   0.0 INCH    5 = HAIL
                        GRTST 24HR     0.0         6 = FREEZING RAIN OR DRIZZLE
                        GRTST DEPTH:   0           7 = DUSTSTORM OR SANDSTORM:
                                                       VSBY 1/2 MILE OR LESS
                                                   8 = SMOKE OR HAZE
[NO. OF DAYS WITH]      [WEATHER - DAYS WITH]      9 = BLOWING SNOW
                                                   X = TORNADO
MAX 32 OR BELOW:   0    0.01 INCH OR MORE:   5
MAX 90 OR ABOVE:   4    0.10 INCH OR MORE:   5
MIN 32 OR BELOW:   0    0.50 INCH OR MORE:   4
MIN  0 OR BELOW:   0    1.00 INCH OR MORE:   2

[HDD (BASE 65) ]
TOTAL THIS MO.     5    CLEAR  (SCALE 0-3)  16
DPTR FM NORMAL   -36    PTCLDY (SCALE 4-7)   5
TOTAL FM JUL 1     5    CLOUDY (SCALE 8-10)  3
DPTR FM NORMAL   -41

[CDD (BASE 65) ]
TOTAL THIS MO.   161
DPTR FM NORMAL    49    [PRESSURE DATA]
TOTAL FM JAN 1  2563    HIGHEST SLP M ON M
DPTR FM NORMAL   187    LOWEST  SLP 29.65 ON 13

[REMARKS]
