000
CXUS54 KSHV 261300
CF6TYR
PRELIMINARY LOCAL CLIMATOLOGICAL DATA (WS FORM: F-6)

                                          STATION:   TYLER
                                          MONTH:     MAY
                                          YEAR:      2015
                                          LATITUDE:   32 22 N
                                          LONGITUDE:  95 24 W

  TEMPERATURE IN F:       :PCPN:    SNOW:  WIND      :SUNSHINE: SKY     :PK WND
================================================================================
1   2   3   4   5  6A  6B    7    8   9   10  11  12  13   14  15   16   17  18
                                     12Z  AVG MX 2MIN
DY MAX MIN AVG DEP HDD CDD  WTR  SNW DPTH SPD SPD DIR MIN PSBL S-S WX    SPD DR
================================================================================

 1  83  56  70   1   0   5 0.00  0.0    0  3.2 10  20   M    M   3        15  20
 2  82  60  71   2   0   6 0.00  0.0    0  5.7 13 220   M    M   1        15 220
 3  81  58  70   0   0   5 0.00  0.0    0  8.8 18 200   M    M   1        23 190
 4  84  62  73   3   0   8 0.00  0.0    0  8.4 17 130   M    M   2        22 150
 5  84  62  73   3   0   8 0.20  0.0    0 11.3 25 180   M    M   6 13     33 140
 6  83  68  76   6   0  11 0.01  0.0    0 10.8 21 150   M    M   6        26 180
 7  84  70  77   6   0  12 0.03  0.0    0  9.4 20 150   M    M   8 3      24 140
 8  87  68  78   7   0  13 0.43  0.0    0  8.5 20 190   M    M   6 13     23 180
 9  87  73  80   9   0  15 0.05  0.0    0 12.1 24 160   M    M   7 3      30 170
10  84  67  76   4   0  11 1.94  0.0    0 11.1 32 290   M    M   8 13     46 290
11  75  64  70  -2   0   5 1.58  0.0    0  6.2 25 230   M    M  10 13     33 220
12  69  64  67  -5   0   2 0.04  0.0    0  7.1 16  50   M    M   9 1      20  50
13  74  63  69  -3   0   4 0.23  0.0    0 10.7 24 160   M    M   8 13     30 170
14  86  63  75   2   0  10 0.58  0.0    0  7.3 28 150   M    M   5 123    35 150
15  81  68  75   2   0  10    T  0.0    0  9.2 14 140   M    M   5 1      18 190
16  89  70  80   7   0  15    T  0.0    0 12.7 23 170   M    M   6        30 170
17  79  68  74   1   0   9 0.29  0.0    0  9.7 20 290   M    M   6 138    26 280
18  83  69  76   2   0  11 0.04  0.0    0  6.5 17 200   M    M   5 13     22 210
19  84  69  77   3   0  12    T  0.0    0  8.8 17 150   M    M   5 3      21 160
20  89  71  80   6   0  15 0.04  0.0    0  5.7 16 360   M    M   6 1      20 350
21  72  59  66  -8   0   1 0.91  0.0    0 10.3 16  20   M    M  10 13     22  20
22  78  58  68  -7   0   3 0.00  0.0    0 10.2 15 130   M    M   8 1      20  80
23  85  68  77   2   0  12 0.14  0.0    0 10.2 24 160   M    M   5 3      30 160
24  78  69  74  -1   0   9 0.70  0.0    0 11.0 29 170   M    M   7 13     49 170
25  85  64  75   0   0  10 1.41  0.0    0  9.4 25  80   M    M   7 13     33 100
================================================================================
SM 2046 1631         0 222  8.62     0.0 224.3          M      150
================================================================================
AV 81.8 65.2                               9.0 FASTST   M    M   6    MAX(MPH)
                                 MISC ---->  # 32 290               # 49  170
================================================================================
NOTES:
# LAST OF SEVERAL OCCURRENCES

COLUMN 17 PEAK WIND IN M.P.H.

PRELIMINARY LOCAL CLIMATOLOGICAL DATA (WS FORM: F-6) , PAGE 2

                                          STATION:  TYLER
                                          MONTH:    MAY
                                          YEAR:     2015
                                          LATITUDE:   32 22 N
                                          LONGITUDE:  95 24 W

[TEMPERATURE DATA]      [PRECIPITATION DATA]       SYMBOLS USED IN COLUMN 16

AVERAGE MONTHLY: 73.5   TOTAL FOR MONTH:   8.62    1 = FOG OR MIST
DPTR FM NORMAL:   1.3   DPTR FM NORMAL:    4.91    2 = FOG REDUCING VISIBILITY
HIGHEST:    89 ON 20,16 GRTST 24HR  3.52 ON 10-11      TO 1/4 MILE OR LESS
LOWEST:     56 ON  1                               3 = THUNDER
                        SNOW, ICE PELLETS, HAIL    4 = ICE PELLETS
                        TOTAL MONTH:   0.0 INCH    5 = HAIL
                        GRTST 24HR     0.0         6 = FREEZING RAIN OR DRIZZLE
                        GRTST DEPTH:   0           7 = DUSTSTORM OR SANDSTORM:
                                                       VSBY 1/2 MILE OR LESS
                                                   8 = SMOKE OR HAZE
[NO. OF DAYS WITH]      [WEATHER - DAYS WITH]      9 = BLOWING SNOW
                                                   X = TORNADO
MAX 32 OR BELOW:   0    0.01 INCH OR MORE:  17
MAX 90 OR ABOVE:   0    0.10 INCH OR MORE:  11
MIN 32 OR BELOW:   0    0.50 INCH OR MORE:   6
MIN  0 OR BELOW:   0    1.00 INCH OR MORE:   3

[HDD (BASE 65) ]
TOTAL THIS MO.     0    CLEAR  (SCALE 0-3)   3
DPTR FM NORMAL    -6    PTCLDY (SCALE 4-7)  18
TOTAL FM JUL 1  2194    CLOUDY (SCALE 8-10)  4
DPTR FM NORMAL   -74

[CDD (BASE 65) ]
TOTAL THIS MO.   222
DPTR FM NORMAL    32    [PRESSURE DATA]
TOTAL FM JAN 1   395    HIGHEST SLP M ON M
DPTR FM NORMAL    93    LOWEST  SLP 29.83 ON M

[REMARKS]
