000
CXUS56 KPQR 231200
CF6UAO
PRELIMINARY LOCAL CLIMATOLOGICAL DATA (WS FORM: F-6)

                                          STATION:   AURORA STATE OR
                                          MONTH:     JANUARY
                                          YEAR:      2017
                                          LATITUDE:   45 15 N
                                          LONGITUDE: 122 46 W

  TEMPERATURE IN F:       :PCPN:    SNOW:  WIND      :SUNSHINE: SKY     :PK WND
================================================================================
1   2   3   4   5  6A  6B    7    8   9   10  11  12  13   14  15   16   17  18
                                     12Z  AVG MX 2MIN
DY MAX MIN AVG DEP HDD CDD  WTR  SNW DPTH SPD SPD DIR MIN PSBL S-S WX    SPD DR
================================================================================

 1  42  32  37  -3  28   0 0.30    M    0  7.4 20 180   M    M   9 145    27 190
 2  34  30  32  -8  33   0    T    M    0  9.9 17  40   M    M  10 1      24  50
 3  36  28  32  -8  33   0 0.00  0.0    0 14.3 22  40   M    M   3        31  40
 4  35  23  29 -11  36   0    T    M    0 13.0 22  40   M    M   7        28  60
 5  37  20  29 -12  36   0 0.00  0.0    0  7.2 15 360   M    M   0        19 360
 6  36  16  26 -15  39   0 0.00  0.0    0  2.2 10 360   M    M   0 18     14  10
 7  30  24  27 -14  38   0 0.06    M    0  9.3 17  10   M    M   9 168    20 360
 8  39  29  34  -7  31   0 0.55    M    0  7.0 21  30   M    M  10 16     28  30
 9  41  34  38  -3  27   0 0.54    M    0  6.1 20 190   M    M   9 1      27 190
10  42  33  38  -3  27   0 0.55    M    0  6.5 20  40   M    M  10 1      26  60
11  33  29  31 -10  34   0 0.21    M    0  5.2 15  30   M    M  10 1      21  30
12  34  22  28 -13  37   0 0.00  0.0    0  7.8 13  10   M    M   3        17 350
13  32  18  25 -17  40   0 0.00  0.0    0  4.9 13  10   M    M   3        15  10
14  34  18  26 -16  39   0 0.00  0.0    0  5.5 10  10   M    M   0        13 360
15  36  18  27 -15  38   0 0.00  0.0    0  4.3  9 350   M    M   1        11 350
16  37  23  30 -12  35   0 0.00  0.0    0  4.3 10 360   M    M   6        12  10
17  39  27  33  -9  32   0 0.58    M    0  2.4  8  70   M    M   9 16     11  70
18  55  37  46   4  19   0 0.92    M    0  7.5 32 190   M    M  10 1      43 190
19  52  39  46   4  19   0 0.01    M    0 10.1 24 180   M    M   8        31 180
20  47  40  44   2  21   0 0.24    M    0  4.6 12  30   M    M   9 1      13  30
21  50  37  44   2  21   0 0.22    M    0  7.8 25 190   M    M   8 1      31 180
22  52  39  46   4  19   0 0.11    M    0  6.7 20 200   M    M   7 1      27 200
================================================================================
SM  873  616       682   0  4.29     0.0 154.0          M      141
================================================================================
AV 39.7 28.0                               7.0 FASTST   M    M   6    MAX(MPH)
                                 MISC ---->  # 32 190               # 43  190
================================================================================
NOTES:
# LAST OF SEVERAL OCCURRENCES

COLUMN 17 PEAK WIND IN M.P.H.

PRELIMINARY LOCAL CLIMATOLOGICAL DATA (WS FORM: F-6) , PAGE 2

                                          STATION:  AURORA STATE OR
                                          MONTH:    JANUARY
                                          YEAR:     2017
                                          LATITUDE:   45 15 N
                                          LONGITUDE: 122 46 W

[TEMPERATURE DATA]      [PRECIPITATION DATA]       SYMBOLS USED IN COLUMN 16

AVERAGE MONTHLY: 33.8   TOTAL FOR MONTH:   4.29    1 = FOG OR MIST
DPTR FM NORMAL:  -7.4   DPTR FM NORMAL:    0.02    2 = FOG REDUCING VISIBILITY
HIGHEST:    55 ON 18    GRTST 24HR  1.25 ON 17-18      TO 1/4 MILE OR LESS
LOWEST:     16 ON  6                               3 = THUNDER
                        SNOW, ICE PELLETS, HAIL    4 = ICE PELLETS
                        TOTAL MONTH:   0.0 INCH    5 = HAIL
                        GRTST 24HR     0.0         6 = FREEZING RAIN OR DRIZZLE
                        GRTST DEPTH:   0           7 = DUSTSTORM OR SANDSTORM:
                                                       VSBY 1/2 MILE OR LESS
                                                   8 = SMOKE OR HAZE
[NO. OF DAYS WITH]      [WEATHER - DAYS WITH]      9 = BLOWING SNOW
                                                   X = TORNADO
MAX 32 OR BELOW:   2    0.01 INCH OR MORE:  12
MAX 90 OR ABOVE:   0    0.10 INCH OR MORE:  10
MIN 32 OR BELOW:  15    0.50 INCH OR MORE:   5
MIN  0 OR BELOW:   0    1.00 INCH OR MORE:   0

[HDD (BASE 65) ]
TOTAL THIS MO.   682    CLEAR  (SCALE 0-3)   7
DPTR FM NORMAL   160    PTCLDY (SCALE 4-7)   5
TOTAL FM JUL 1  2406    CLOUDY (SCALE 8-10) 10
DPTR FM NORMAL    42

[CDD (BASE 65) ]
TOTAL THIS MO.     0
DPTR FM NORMAL     0    [PRESSURE DATA]
TOTAL FM JAN 1     0    HIGHEST SLP M ON M
DPTR FM NORMAL     0    LOWEST  SLP 29.09 ON 20

[REMARKS]
