000
CXUS55 KSEW 270945
CF6UIL

PRELIMINARY LOCAL CLIMATOLOGICAL DATA (WS FORM: F-6)

                                          STATION:   QUILLAYUTE WA AIRPORT
                                          MONTH:     JANUARY
                                          YEAR:      2015
                                          LATITUDE:   47 57 N
                                          LONGITUDE: 124 33 W

  TEMPERATURE IN F:       :PCPN:    SNOW:  WIND      :SUNSHINE: SKY     :PK WND
================================================================================
1   2   3   4   5  6A  6B    7    8   9   10  11  12  13   14  15   16   17  18
                                     12Z  AVG MX 2MIN
DY MAX MIN AVG DEP HDD CDD  WTR  SNW DPTH SPD SPD DIR MIN PSBL S-S WX    SPD DR
================================================================================

 1  45  22  34  -7  31   0 0.00  0.0    0  1.6  6 250   M    M   0         8 240
 2  48  26  37  -4  28   0 0.39  0.0    0  1.7  8 320   M    M   8 1      16 260
 3  43  32  38  -3  27   0 0.06  0.0    0  2.9  8  80   M    M   9 1      11  50
 4  53  39  46   5  19   0 4.99  0.0    0  9.3 17 240   M    M  10 1      32 150
 5  53  51  52  11  13   0 1.57  0.0    0  8.1 17 210   M    M  10 12     24 230
 6  57  40  49   8  16   0 0.01    M    0  2.9 12 180   M    M   4 18     18 180
 7  59  36  48   7  17   0 0.00  0.0    0  2.2  9  70   M    M   0 1      12  60
 8  60  34  47   6  18   0 0.00  0.0    0  5.4 15  50   M    M   0 1      21  40
 9  56  38  47   6  18   0 0.03  0.0    0  1.8  9  70   M    M   4 1      12  80
10  50  45  48   7  17   0 0.02  0.0    0  0.7  6 240   M    M   9 12      9 210
11  51  36  44   3  21   0 0.00  0.0    0  2.0  7 190   M    M   9 12     13 210
12  54  31  43   1  22   0 0.00  0.0    0  2.0  8  50   M    M   3 12     11  50
13  51  37  44   2  21   0 0.00  0.0    0  4.1 12  30   M    M   5        15  40
14  57  33  45   3  20   0 0.00  0.0    0  3.9 14 130   M    M   2 1      21 140
15  53  47  50   8  15   0 0.41  0.0    0 12.0 23 180   M    M   9 1      37 160
16  54  40  47   5  18   0 0.01  0.0    0  5.9 16 260   M    M   4 1      21 270
17  53  39  46   4  19   0 0.48  0.0    0  7.6 22 210   M    M   9 1      34 180
18  54  44  49   7  16   0 0.07  0.0    0 13.8 32 230   M    M   9 13     46 230
19  53  36  45   3  20   0 0.09  0.0    0  2.2  9 230   M    M   4 12     13 230
20  51  31  41  -1  24   0 0.00  0.0    0  2.6  9  80   M    M   1 1      12  80
21  50  31  41  -1  24   0 0.07  0.0    0  1.8  7 100   M    M   5 1       9 110
22  51  44  48   6  17   0 0.39  0.0    0  4.3 12 150   M    M  10 1      17 160
23  53  51  52  10  13   0 2.34  0.0    0  8.8 18 170   M    M   9 12     29 160
24  54  52  53  11  12   0 0.49  0.0    0  6.9 14 180   M    M  10 1      22 180
25  56  45  51   9  14   0 0.00  0.0    0  3.7 10 200   M    M   4 1      14 200
26  57  39  48   6  17   0 0.04  0.0    0  6.2 16 170   M    M   6 1      29 180
================================================================================
SM 1376  999       497   0 11.46     0.0 124.4          M      153
================================================================================
AV 52.9 38.4                               4.8 FASTST   M    M   6    MAX(MPH)
                                 MISC ---->  # 32 230               # 46  230
================================================================================
NOTES:
# LAST OF SEVERAL OCCURRENCES

COLUMN 17 PEAK WIND IN M.P.H.

PRELIMINARY LOCAL CLIMATOLOGICAL DATA (WS FORM: F-6) , PAGE 2

                                          STATION:  QUILLAYUTE WA AIRPORT
                                          MONTH:    JANUARY
                                          YEAR:     2015
                                          LATITUDE:   47 57 N
                                          LONGITUDE: 124 33 W

[TEMPERATURE DATA]      [PRECIPITATION DATA]       SYMBOLS USED IN COLUMN 16

AVERAGE MONTHLY: 45.7   TOTAL FOR MONTH:  11.46    1 = FOG OR MIST
DPTR FM NORMAL:   4.1   DPTR FM NORMAL:   -1.00    2 = FOG REDUCING VISIBILITY
HIGHEST:    60 ON  8    GRTST 24HR  5.99 ON  4- 5      TO 1/4 MILE OR LESS
LOWEST:     22 ON  1                               3 = THUNDER
                        SNOW, ICE PELLETS, HAIL    4 = ICE PELLETS
                        TOTAL MONTH:   0.0 INCH    5 = HAIL
                        GRTST 24HR     0.0         6 = FREEZING RAIN OR DRIZZLE
                        GRTST DEPTH:   0           7 = DUSTSTORM OR SANDSTORM:
                                                       VSBY 1/2 MILE OR LESS
                                                   8 = SMOKE OR HAZE
[NO. OF DAYS WITH]      [WEATHER - DAYS WITH]      9 = BLOWING SNOW
                                                   X = TORNADO
MAX 32 OR BELOW:   0    0.01 INCH OR MORE:  17
MAX 90 OR ABOVE:   0    0.10 INCH OR MORE:   8
MIN 32 OR BELOW:   6    0.50 INCH OR MORE:   3
MIN  0 OR BELOW:   0    1.00 INCH OR MORE:   3

[HDD (BASE 65) ]
TOTAL THIS MO.   497    CLEAR  (SCALE 0-3)   5
DPTR FM NORMAL  -113    PTCLDY (SCALE 4-7)   9
TOTAL FM JUL 1  2356    CLOUDY (SCALE 8-10) 12
DPTR FM NORMAL  -732

[CDD (BASE 65) ]
TOTAL THIS MO.     0
DPTR FM NORMAL     0    [PRESSURE DATA]
TOTAL FM JAN 1     0    HIGHEST SLP M ON M
DPTR FM NORMAL     0    LOWEST  SLP 29.45 ON 17

[REMARKS]
