000
CXUS55 KSEW 010945
CF6UIL

PRELIMINARY LOCAL CLIMATOLOGICAL DATA (WS FORM: F-6)

                                          STATION:   QUILLAYUTE WA AIRPORT
                                          MONTH:     FEBRUARY
                                          YEAR:      2015
                                          LATITUDE:   47 57 N
                                          LONGITUDE: 124 33 W

  TEMPERATURE IN F:       :PCPN:    SNOW:  WIND      :SUNSHINE: SKY     :PK WND
================================================================================
1   2   3   4   5  6A  6B    7    8   9   10  11  12  13   14  15   16   17  18
                                     12Z  AVG MX 2MIN
DY MAX MIN AVG DEP HDD CDD  WTR  SNW DPTH SPD SPD DIR MIN PSBL S-S WX    SPD DR
================================================================================

 1  53  39  46   4  19   0 0.23  0.0    0  4.3 13 190   M    M   9 12     25 150
 2  53  41  47   5  18   0 0.37  0.0    0  5.3 21 250   M    M  10 1      29 250
 3  55  44  50   8  15   0 0.22  0.0    0  1.9  8 220   M    M   9 12     13 210
 4  51  42  47   5  18   0 0.65  0.0    0  5.6 14 140   M    M   9 1      23 140
 5  55  51  53  11  12   0 2.10  0.0    0 14.4 24 190   M    M  10 1      39 190
 6  54  52  53  11  12   0 1.03  0.0    0 15.5 24 190   M    M  10 1      38 200
 7  54  50  52  10  13   0 0.96  0.0    0  8.5 18 200   M    M  10 1      28 220
 8  56  49  53  11  12   0 0.29  0.0    0  7.1 16 180   M    M   9 1      26 190
 9  55  50  53  11  12   0 0.67  0.0    0  7.3 15 270   M    M  10 1      23 150
10  54  42  48   6  17   0 0.01  0.0    0  4.3 15 280   M    M   6 1      20 280
11  57  42  50   8  15   0    T  0.0    0  3.4 10 190   M    M   4        16 190
12  52  48  50   8  15   0 0.23  0.0    0  4.2 12 140   M    M  10 1      16 140
13  59  48  54  12  11   0 0.12  0.0    0  2.2 13 100   M    M   9 1      16  90
14  56  36  46   4  19   0    T  0.0    0  4.4 12 280   M    M   6 12     15 280
15  59  32  46   4  19   0 0.00  0.0    0  5.4 16  40   M    M   0 1      20  50
16  59  37  48   6  17   0 0.00  0.0    0 11.4 23  40   M    M   0        30  50
17  65  33  49   7  16   0 0.00  0.0    0  4.9 16  30   M    M   0        22  20
18  56  45  51   9  14   0 0.04  0.0    0  4.2 13 200   M    M  10 1      18 190
19  53  47  50   8  15   0 0.32  0.0    0  1.7  8 230   M    M  10 12     13 190
20  51  45  48   6  17   0 0.01  0.0    0  1.7 12 280   M    M  10 1      14 290
21  58  36  47   5  18   0 0.00  0.0    0  9.1 25  50   M    M   2 1      34  60
22  60  30  45   3  20   0 0.00  0.0    0  5.3 14  40   M    M   0        21  50
23  59  29  44   2  21   0 0.00  0.0    0  2.6 14 340   M    M   0        19 340
24  54  30  42   0  23   0 0.09  0.0    0  3.3 13 300   M    M   6 1      17 280
25  50  45  48   6  17   0 0.24  0.0    0  1.7  8 280   M    M   9 12     12 270
26  53  46  50   7  15   0 0.72  0.0    0  3.9 12 100   M    M  10 1      17 200
27  50  44  47   4  18   0    T  0.0    0  9.8 23  50   M    M   7 1      31  40
28  59  34  47   4  18   0 0.00  0.0    0  9.4 21  50   M    M   0        28  50
================================================================================
SM 1550 1167       456   0  8.30     0.0 162.8          M      185
================================================================================
AV 55.4 41.7                               5.8 FASTST   M    M   7    MAX(MPH)
                                 MISC ---->  # 25  50               # 39  190
================================================================================
NOTES:
# LAST OF SEVERAL OCCURRENCES

COLUMN 17 PEAK WIND IN M.P.H.

PRELIMINARY LOCAL CLIMATOLOGICAL DATA (WS FORM: F-6) , PAGE 2

                                          STATION:  QUILLAYUTE WA AIRPORT
                                          MONTH:    FEBRUARY
                                          YEAR:     2015
                                          LATITUDE:   47 57 N
                                          LONGITUDE: 124 33 W

[TEMPERATURE DATA]      [PRECIPITATION DATA]       SYMBOLS USED IN COLUMN 16

AVERAGE MONTHLY: 48.5   TOTAL FOR MONTH:   8.30    1 = FOG OR MIST
DPTR FM NORMAL:   6.4   DPTR FM NORMAL:   -2.05    2 = FOG REDUCING VISIBILITY
HIGHEST:    65 ON 17    GRTST 24HR  2.10 ON  5- 5      TO 1/4 MILE OR LESS
LOWEST:     29 ON 23                               3 = THUNDER
                        SNOW, ICE PELLETS, HAIL    4 = ICE PELLETS
                        TOTAL MONTH:   0.0 INCH    5 = HAIL
                        GRTST 24HR     0.0         6 = FREEZING RAIN OR DRIZZLE
                        GRTST DEPTH:   0           7 = DUSTSTORM OR SANDSTORM:
                                                       VSBY 1/2 MILE OR LESS
                                                   8 = SMOKE OR HAZE
[NO. OF DAYS WITH]      [WEATHER - DAYS WITH]      9 = BLOWING SNOW
                                                   X = TORNADO
MAX 32 OR BELOW:   0    0.01 INCH OR MORE:  18
MAX 90 OR ABOVE:   0    0.10 INCH OR MORE:  14
MIN 32 OR BELOW:   4    0.50 INCH OR MORE:   6
MIN  0 OR BELOW:   0    1.00 INCH OR MORE:   2

[HDD (BASE 65) ]
TOTAL THIS MO.   456    CLEAR  (SCALE 0-3)   7
DPTR FM NORMAL  -184    PTCLDY (SCALE 4-7)   5
TOTAL FM JUL 1  2910    CLOUDY (SCALE 8-10) 16
DPTR FM NORMAL  -935

[CDD (BASE 65) ]
TOTAL THIS MO.     0
DPTR FM NORMAL     0    [PRESSURE DATA]
TOTAL FM JAN 1     0    HIGHEST SLP M ON M
DPTR FM NORMAL     0    LOWEST  SLP 29.19 ON  6

[REMARKS]
#FINAL-02-15#
