000
CXUS53 KLSX 231600
CF6UIN
PRELIMINARY LOCAL CLIMATOLOGICAL DATA (WS FORM: F-6)

                                          STATION:   QUINCY IL
                                          MONTH:     OCTOBER
                                          YEAR:      2017
                                          LATITUDE:   39 57 N
                                          LONGITUDE:  91 12 W

  TEMPERATURE IN F:       :PCPN:    SNOW:  WIND      :SUNSHINE: SKY     :PK WND
================================================================================
1   2   3   4   5  6A  6B    7    8   9   10  11  12  13   14  15   16   17  18
                                     12Z  AVG MX 2MIN
DY MAX MIN AVG DEP HDD CDD  WTR  SNW DPTH SPD SPD DIR MIN PSBL S-S WX    SPD DR
================================================================================

 1  76  52  64   4   1   0 0.00  0.0    0  9.1 17 160   M    M   1        22 160
 2  86  66  76  16   0  11 0.00  0.0    0 12.6 20 180   M    M   1        26 150
 3  80  68  74  15   0   9 0.00  0.0    0 12.6 17 200   M    M   8 8      25 190
 4  70  61  66   7   0   1 0.34  0.0    0  6.1 17 340   M    M   9 13     21 340
 5  71  61  66   8   0   1 0.09  0.0    0  5.7 10 190   M    M   8 1      13 190
 6  74  67  71  13   0   6 1.43  0.0    0  9.1 18 170   M    M   9 1      27 160
 7  73  56  65   7   0   0 0.30  0.0    0 13.7 26 250   M    M   6 1      35 230
 8  79  53  66   9   0   1 0.00  0.0    0  5.3 17 160   M    M   0        24 150
 9  84  56  70  13   0   5 0.00  0.0    0  5.8 15  20   M    M   3        20  30
10  66  51  59   2   6   0 0.65  0.0    0 11.7 22 250   M    M   9 13     28 260
11  57  50  54  -2  11   0 0.00  0.0    0  8.1 18 310   M    M  10 1      25 310
12  58  53  56   0   9   0 0.00  0.0    0  6.0 13 140   M    M   9 1      17 160
13  78  53  66  10   0   1 0.00  0.0    0  9.3 17 160   M    M   4 1      22 160
14  87  66  77  22   0  12 0.74  0.0    0 13.4 24 190   M    M   4 13     35 210
15  67  42  55   0  10   0 0.28  0.0    0 13.4 30 300   M    M   6 1      39 300
16  66  38  52  -3  13   0 0.00  0.0    0  6.7 13 280   M    M   0        18 280
17  70  46  58   4   7   0 0.00  0.0    0  9.9 20 210   M    M   0        24 200
18  73  48  61   7   4   0 0.00  0.0    0  9.7 20 200   M    M   0        25 170
19  77  50  64  10   1   0 0.00  0.0    0  7.2 12 190   M    M   0        16 200
20  75  54  65  12   0   0 0.00  0.0    0 10.3 17 160   M    M   0        24 170
21  80  63  72  19   0   7 0.05  0.0    0 14.6 28 190   M    M   5        36 190
22  68  50  59   6   6   0 0.60  0.0    0  9.3 24 320   M    M   6 13     30 300
================================================================================
SM 1615 1204        68  54  4.48     0.0 209.6          M       98
================================================================================
AV 73.4 54.7                               9.5 FASTST   M    M   4    MAX(MPH)
                                 MISC ---->  # 30 300               # 39  300
================================================================================
NOTES:
# LAST OF SEVERAL OCCURRENCES

COLUMN 17 PEAK WIND IN M.P.H.

PRELIMINARY LOCAL CLIMATOLOGICAL DATA (WS FORM: F-6) , PAGE 2

                                          STATION:  QUINCY IL
                                          MONTH:    OCTOBER
                                          YEAR:     2017
                                          LATITUDE:   39 57 N
                                          LONGITUDE:  91 12 W

[TEMPERATURE DATA]      [PRECIPITATION DATA]       SYMBOLS USED IN COLUMN 16

AVERAGE MONTHLY: 64.1   TOTAL FOR MONTH:   4.48    1 = FOG OR MIST
DPTR FM NORMAL:   7.8   DPTR FM NORMAL:    2.33    2 = FOG REDUCING VISIBILITY
HIGHEST:    87 ON 14    GRTST 24HR  1.43 ON  6- 6      TO 1/4 MILE OR LESS
LOWEST:     38 ON 16                               3 = THUNDER
                        SNOW, ICE PELLETS, HAIL    4 = ICE PELLETS
                        TOTAL MONTH:   0.0 INCH    5 = HAIL
                        GRTST 24HR     0.0         6 = FREEZING RAIN OR DRIZZLE
                        GRTST DEPTH:   0           7 = DUSTSTORM OR SANDSTORM:
                                                       VSBY 1/2 MILE OR LESS
                                                   8 = SMOKE OR HAZE
[NO. OF DAYS WITH]      [WEATHER - DAYS WITH]      9 = BLOWING SNOW
                                                   X = TORNADO
MAX 32 OR BELOW:   0    0.01 INCH OR MORE:   9
MAX 90 OR ABOVE:   0    0.10 INCH OR MORE:   7
MIN 32 OR BELOW:   0    0.50 INCH OR MORE:   4
MIN  0 OR BELOW:   0    1.00 INCH OR MORE:   1

[HDD (BASE 65) ]
TOTAL THIS MO.    68    CLEAR  (SCALE 0-3)   9
DPTR FM NORMAL  -141    PTCLDY (SCALE 4-7)   8
TOTAL FM JUL 1    99    CLOUDY (SCALE 8-10)  5
DPTR FM NORMAL  -197

[CDD (BASE 65) ]
TOTAL THIS MO.    54
DPTR FM NORMAL    40    [PRESSURE DATA]
TOTAL FM JAN 1  1229    HIGHEST SLP M ON M
DPTR FM NORMAL   139    LOWEST  SLP 29.61 ON  7

[REMARKS]
