000
CXUS53 KUNR 290833
CF6UNR
PRELIMINARY LOCAL CLIMATOLOGICAL DATA (WS FORM: F-6)

                                          STATION:   EAST RAPID CITY SD
                                          MONTH:     AUGUST
                                          YEAR:      2014
                                          LATITUDE:   44  4 N
                                          LONGITUDE: 103 13 W

  TEMPERATURE IN F:       :PCPN:    SNOW:  WIND      :SUNSHINE: SKY     :PK WND
================================================================================
1   2   3   4   5  6A  6B    7    8   9   10  11  12  13   14  15   16   17  18
                                     12Z  AVG MX 2MIN
DY MAX MIN AVG DEP HDD CDD  WTR  SNW DPTH SPD SPD DIR MIN PSBL S-S WX    SPD DR
================================================================================

 1  88  67  78   4   0  13 0.08  0.0    0  6.3 17 190   M    M   M 3      28 220
 2  86  62  74   0   0   9 0.00  0.0    0  7.5 16  10   M    M   M        21  30
 3  86  65  76   2   0  11    T  0.0    0  6.1 17 140   M    M   M 3      22 130
 4  84  61  73  -1   0   8 0.00  0.0    0  5.8 14 110   M    M   M        18 110
 5  76  62  69  -5   0   4 1.87  0.0    0  6.9 29  10   M    M   M 13     39  10
 6  72  62  67  -7   0   2 0.05  0.0    0  3.9 10 140   M    M   M 1      13 140
 7  81  61  71  -2   0   6 0.01  0.0    0  4.6 12 120   M    M   M 1      15 120
 8  75  62  69  -4   0   4 0.00  0.0    0  5.4 15 130   M    M   M 3      20 130
 9  80  56  68  -5   0   3 0.77  0.0    0  7.0 33 320   M    M   M 123    53 310
10  77  62  70  -3   0   5 0.00  0.0    0  9.2 20  10   M    M   M        25  10
11  78  56  67  -6   0   2 0.00  0.0    0  6.5 15 130   M    M   M        20 140
12  84  61  73   0   0   8 0.00  0.0    0  7.8 21 140   M    M   M        28 140
13  89  62  76   3   0  11 0.02  0.0    0  8.4 16 130   M    M   M        24 140
14  90  66  78   6   0  13 0.14  0.0    0  6.4 17 330   M    M   M 3      28 230
15  82  63  73   1   0   8 0.03  0.0    0  8.2 18  10   M    M   M        24 360
16  85  60  73   1   0   8 0.00  0.0    0  6.7 16 360   M    M   M        20  10
17  78  61  70  -2   0   5 0.15  0.0    0  5.3 17  10   M    M   M 35     21 360
18  80  65  73   1   0   8    T  0.0    0 10.5 28  10   M    M   M        41 360
19  83  62  73   1   0   8    T  0.0    0  4.9 14 140   M    M   M        20 140
20  87  65  76   5   0  11 0.01  0.0    0  8.2 18 350   M    M   M        28 350
21  80  63  72   1   0   7 0.22  0.0    0  6.3 23  10   M    M   M 35     31  10
22  74  60  67  -4   0   2 0.00  0.0    0  7.3 18 330   M    M   M        28 340
23  75  60  68  -2   0   3 0.06  0.0    0  6.5 14 140   M    M   M        20 140
24  74  54  64  -6   1   0 0.00  0.0    0  8.2 17 300   M    M   M        31 260
25  68  48  58 -12   7   0 0.00  0.0    0  5.0 15  10   M    M   M        18 360
26  74  52  63  -7   2   0    T  0.0    0  6.4 18 130   M    M   M        26 140
27  73  56  65  -4   0   0 0.10  0.0    0  4.9 13  20   M    M   M        16  50
28  76  61  69   0   0   4 0.00  0.0    0  4.3  8 250   M    M   0        14 250
================================================================================
SM 2235 1695        10 163  3.51     0.0 184.5          M        0
================================================================================
AV 79.8 60.5                               6.6 FASTST   M    M   0    MAX(MPH)
                                 MISC ---->  # 33 320               # 53  310
================================================================================
NOTES:
# LAST OF SEVERAL OCCURRENCES

COLUMN 17 PEAK WIND IN M.P.H.

PRELIMINARY LOCAL CLIMATOLOGICAL DATA (WS FORM: F-6) , PAGE 2

                                          STATION:  EAST RAPID CITY SD
                                          MONTH:    AUGUST
                                          YEAR:     2014
                                          LATITUDE:   44  4 N
                                          LONGITUDE: 103 13 W

[TEMPERATURE DATA]      [PRECIPITATION DATA]       SYMBOLS USED IN COLUMN 16

AVERAGE MONTHLY: 70.2   TOTAL FOR MONTH:   3.51    1 = FOG OR MIST
DPTR FM NORMAL:  -1.9   DPTR FM NORMAL:    1.69    2 = FOG REDUCING VISIBILITY
HIGHEST:    90 ON 14    GRTST 24HR  1.87 ON  5- 5      TO 1/4 MILE OR LESS
LOWEST:     48 ON 25                               3 = THUNDER
                        SNOW, ICE PELLETS, HAIL    4 = ICE PELLETS
                        TOTAL MONTH:   0.0 INCH    5 = HAIL
                        GRTST 24HR     0.0         6 = FREEZING RAIN OR DRIZZLE
                        GRTST DEPTH:   0           7 = DUSTSTORM OR SANDSTORM:
                                                       VSBY 1/2 MILE OR LESS
                                                   8 = SMOKE OR HAZE
[NO. OF DAYS WITH]      [WEATHER - DAYS WITH]      9 = BLOWING SNOW
                                                   X = TORNADO
MAX 32 OR BELOW:   0    0.01 INCH OR MORE:  13
MAX 90 OR ABOVE:   1    0.10 INCH OR MORE:   6
MIN 32 OR BELOW:   0    0.50 INCH OR MORE:   2
MIN  0 OR BELOW:   0    1.00 INCH OR MORE:   1

[HDD (BASE 65) ]
TOTAL THIS MO.    10    CLEAR  (SCALE 0-3)   1
DPTR FM NORMAL     2    PTCLDY (SCALE 4-7)   0
TOTAL FM JUL 1    21    CLOUDY (SCALE 8-10)  0
DPTR FM NORMAL     1

[CDD (BASE 65) ]
TOTAL THIS MO.   163
DPTR FM NORMAL   -48    [PRESSURE DATA]
TOTAL FM JAN 1   428    HIGHEST SLP M ON M
DPTR FM NORMAL  -152    LOWEST  SLP 29.60 ON 20

[REMARKS]
