000
CXUS56 KSTO 301355
CF6VCB
PRELIMINARY LOCAL CLIMATOLOGICAL DATA (WS FORM: F-6)

                                          STATION:   VACAVILLE AIRPORT CA
                                          MONTH:     JULY
                                          YEAR:      2015
                                          LATITUDE:   38 22 N
                                          LONGITUDE: 121 58 W

  TEMPERATURE IN F:       :PCPN:    SNOW:  WIND      :SUNSHINE: SKY     :PK WND
================================================================================
1   2   3   4   5  6A  6B    7    8   9   10  11  12  13   14  15   16   17  18
                                     12Z  AVG MX 2MIN
DY MAX MIN AVG DEP HDD CDD  WTR  SNW DPTH SPD SPD DIR MIN PSBL S-S WX    SPD DR
================================================================================

 1 102  71  87  12   0  22 0.00  0.0    0  6.0 15 230   M    M   0        21 190
 2 101  72  87  11   0  22 0.00  0.0    0 10.4 20 220   M    M   0        25 220
 3  98  68  83   7   0  18 0.00  0.0    0  7.3 13 210   M    M   0        19 200
 4 102  65  84   8   0  19 0.00  0.0    0  8.1 16 220   M    M   0 8      21 220
 5  96  65  81   5   0  16 0.00  0.0    0 10.0 15 210   M    M   0 8      21 220
 6  95  63  79   3   0  14 0.00  0.0    0  9.0 18 260   M    M   0        25 260
 7  90  64  77   1   0  12 0.00  0.0    0  8.5 18 220   M    M   0        25 220
 8  83  61  72  -4   0   7 0.00  0.0    0 10.3 22 220   M    M   0        30 210
 9  74  60  67  -9   0   2    T  0.0    0  9.6 21 220   M    M   5        28 230
10  81  62  72  -4   0   7    T  0.0    0  8.1 17 240   M    M   5        22 250
11  88  59  74  -2   0   9 0.00  0.0    0  8.5 18 220   M    M   0        25 230
12  88  63  76   0   0  11 0.00  0.0    0  9.5 17 180   M    M   0        23 240
13  92  59  76   0   0  11 0.00  0.0    0  6.7 17 220   M    M   0        23 230
14  89  62  76   0   0  11 0.00  0.0    0  9.3 18 220   M    M   0        25 220
15  96  56  76   0   0  11 0.00  0.0    0  5.9 15 240   M    M   0        20 240
16  97  60  79   3   0  14 0.00  0.0    0  7.5 16 210   M    M   0 8      22 220
17 100  59  80   4   0  15 0.00  0.0    0  6.9 18 270   M    M   0        23 270
18  94  68  81   5   0  16 0.00  0.0    0 10.1 18 220   M    M   0        24 230
19  97  66  82   6   0  17 0.00  0.0    0  4.0 16 220   M    M   2        22 220
20 100  71  86  10   0  21 0.00  0.0    0  6.0 20 240   M    M   0        24 230
21  96  62  79   3   0  14 0.00  0.0    0  9.1 20 220   M    M   0        25 220
22  85  61  73  -3   0   8 0.00  0.0    0 13.4 22 220   M    M   0        30 220
23  86  59  73  -3   0   8 0.00  0.0    0 11.6 22 210   M    M   0        31 210
24  91  55  73  -3   0   8 0.00  0.0    0  6.1 16 230   M    M   0        22 220
25  90  53  72  -4   0   7 0.00  0.0    0  6.6 15 220   M    M   0        20 180
26  92  58  75  -1   0  10 0.00  0.0    0  6.9 16 210   M    M   0        22 180
27  99  59  79   3   0  14 0.00  0.0    0  5.5 18 350   M    M   0        30 350
28 107  58  83   7   0  18 0.00  0.0    0  3.7 16 350   M    M   0        23 340
29 108  62  85   9   0  20 0.00  0.0    0  5.1 13 220   M    M   0        18 200
================================================================================
SM 2717 1801         0 382    T      0.0 229.7          M       12
================================================================================
AV 93.7 62.1                               7.9 FASTST   M    M   0    MAX(MPH)
                                 MISC ---->  # 22 220               # 31  210
================================================================================
NOTES:
# LAST OF SEVERAL OCCURRENCES

COLUMN 17 PEAK WIND IN M.P.H.

PRELIMINARY LOCAL CLIMATOLOGICAL DATA (WS FORM: F-6) , PAGE 2

                                          STATION:  VACAVILLE AIRPORT CA
                                          MONTH:    JULY
                                          YEAR:     2015
                                          LATITUDE:   38 22 N
                                          LONGITUDE: 121 58 W

[TEMPERATURE DATA]      [PRECIPITATION DATA]       SYMBOLS USED IN COLUMN 16

AVERAGE MONTHLY: 77.9   TOTAL FOR MONTH:      T    1 = FOG OR MIST
DPTR FM NORMAL:   1.9   DPTR FM NORMAL:   -0.00    2 = FOG REDUCING VISIBILITY
HIGHEST:   108 ON 29    GRTST 24HR    T  ON 10-10      TO 1/4 MILE OR LESS
LOWEST:     53 ON 25                               3 = THUNDER
                        SNOW, ICE PELLETS, HAIL    4 = ICE PELLETS
                        TOTAL MONTH:   0.0 INCH    5 = HAIL
                        GRTST 24HR     0.0         6 = FREEZING RAIN OR DRIZZLE
                        GRTST DEPTH:   0           7 = DUSTSTORM OR SANDSTORM:
                                                       VSBY 1/2 MILE OR LESS
                                                   8 = SMOKE OR HAZE
[NO. OF DAYS WITH]      [WEATHER - DAYS WITH]      9 = BLOWING SNOW
                                                   X = TORNADO
MAX 32 OR BELOW:   0    0.01 INCH OR MORE:   0
MAX 90 OR ABOVE:  21    0.10 INCH OR MORE:   0
MIN 32 OR BELOW:   0    0.50 INCH OR MORE:   0
MIN  0 OR BELOW:   0    1.00 INCH OR MORE:   0

[HDD (BASE 65) ]
TOTAL THIS MO.     0    CLEAR  (SCALE 0-3)  27
DPTR FM NORMAL     0    PTCLDY (SCALE 4-7)   2
TOTAL FM JUL 1     0    CLOUDY (SCALE 8-10)  0
DPTR FM NORMAL     0

[CDD (BASE 65) ]
TOTAL THIS MO.   382
DPTR FM NORMAL    64    [PRESSURE DATA]
TOTAL FM JAN 1   809    HIGHEST SLP M ON M
DPTR FM NORMAL   139    LOWEST  SLP 29.68 ON 17

[REMARKS]
