000
CXUS55 KGJT 281000
CF6VEL
PRELIMINARY LOCAL CLIMATOLOGICAL DATA (WS FORM: F-6)

                                          STATION:   VERNAL UT
                                          MONTH:     MARCH
                                          YEAR:      2015
                                          LATITUDE:   40 27 N
                                          LONGITUDE: 109 31 W

  TEMPERATURE IN F:       :PCPN:    SNOW:  WIND      :SUNSHINE: SKY     :PK WND
================================================================================
1   2   3   4   5  6A  6B    7    8   9   10  11  12  13   14  15   16   17  18
                                     12Z  AVG MX 2MIN
DY MAX MIN AVG DEP HDD CDD  WTR  SNW DPTH SPD SPD DIR MIN PSBL S-S WX    SPD DR
================================================================================

 1  42  29  36   4  29   0    T    M    M  4.6 13  50   M    M   9        17  60
 2  35  32  34   1  31   0 0.78    M    M  3.1 10 170   M    M  10 12     15 170
 3  37  22  30  -3  35   0    T    M    M  4.4 20 350   M    M   8 18     25 340
 4  35  14  25  -9  40   0 0.00    M    M  3.5  9 220   M    M   1        13 290
 5  39  15  27  -7  38   0 0.00    M    M  2.5  7 300   M    M   0         8 300
 6  48  20  34   0  31   0 0.00    M    M  3.2  8 300   M    M   0        10 210
 7  52  24  38   3  27   0 0.00    M    M  3.7  8 310   M    M   0        13 130
 8  56  26  41   6  24   0 0.00    M    M  3.5  9 310   M    M   1        12 120
 9  56  26  41   5  24   0 0.00    M    M  3.8 10 190   M    M   0        14 150
10  59  25  42   6  23   0 0.00    M    M  4.3 12 140   M    M   0        17 140
11  53  28  41   5  24   0 0.00    M    M  2.8  9 290   M    M   0        10 280
12  57  37  47  10  18   0    T    M    M  3.4 15  40   M    M   7        19  30
13  64  32  48  11  17   0 0.00    M    M  6.5 18  50   M    M   1        22  30
14  63  30  47   9  18   0 0.00    M    M  3.8 13 220   M    M   0        17 200
15  68  35  52  14  13   0 0.00    M    M  4.0  9 210   M    M   0        12 300
16  68  39  54  16  11   0 0.00    M    M  3.4 10 310   M    M   0        14 160
17  69  35  52  13  13   0 0.00    M    M  4.4 12 230   M    M   1        15 150
18  65  48  57  18   8   0    T    M    M  8.1 28 360   M    M   5        34 360
19  62  36  49  10  16   0 0.00    M    M  5.5 14  70   M    M   2 8      18  60
20  63  27  45   5  20   0 0.00    M    M  3.7 12 230   M    M   0        16 250
21  68  29  49   9  16   0 0.00    M    M  4.6 12 210   M    M   0        14 220
22  65  39  52  12  13   0 0.00    M    M  4.4 10 260   M    M   1        14 260
23  59  37  48   8  17   0    T    M    M  8.4 31 210   M    M   5 3      40 280
24  58  26  42   1  23   0 0.00    M    M  9.9 29 230   M    M   0        36 230
25  53  32  43   2  22   0    T    M    M  9.2 29 340   M    M   1        35 330
26  61  27  44   3  21   0 0.00    M    M  3.8 13 150   M    M   0        16 140
27  71  34  53  12  12   0 0.00    M    M  3.5  9 310   M    M   0        15 170
================================================================================
SM 1526  804       584   0  0.78    M    126.0          M       52
================================================================================
AV 56.5 29.8                               4.7 FASTST   M    M   2    MAX(MPH)
                                 MISC ---->  # 31 210               # 40  280
================================================================================
NOTES:
# LAST OF SEVERAL OCCURRENCES

COLUMN 17 PEAK WIND IN M.P.H.

PRELIMINARY LOCAL CLIMATOLOGICAL DATA (WS FORM: F-6) , PAGE 2

                                          STATION:  VERNAL UT
                                          MONTH:    MARCH
                                          YEAR:     2015
                                          LATITUDE:   40 27 N
                                          LONGITUDE: 109 31 W

[TEMPERATURE DATA]      [PRECIPITATION DATA]       SYMBOLS USED IN COLUMN 16

AVERAGE MONTHLY: 43.1   TOTAL FOR MONTH:   0.78    1 = FOG OR MIST
DPTR FM NORMAL:   5.9   DPTR FM NORMAL:    0.20    2 = FOG REDUCING VISIBILITY
HIGHEST:    71 ON 27    GRTST 24HR  0.78 ON  2- 2      TO 1/4 MILE OR LESS
LOWEST:     14 ON  4                               3 = THUNDER
                        SNOW, ICE PELLETS, HAIL    4 = ICE PELLETS
                        TOTAL MONTH:    M          5 = HAIL
                        GRTST 24HR    M  ON   M    6 = FREEZING RAIN OR DRIZZLE
                        GRTST DEPTH:  M  ON   M    7 = DUSTSTORM OR SANDSTORM:
                                                       VSBY 1/2 MILE OR LESS
                                                   8 = SMOKE OR HAZE
[NO. OF DAYS WITH]      [WEATHER - DAYS WITH]      9 = BLOWING SNOW
                                                   X = TORNADO
MAX 32 OR BELOW:   0    0.01 INCH OR MORE:   1
MAX 90 OR ABOVE:   0    0.10 INCH OR MORE:   1
MIN 32 OR BELOW:  18    0.50 INCH OR MORE:   1
MIN  0 OR BELOW:   0    1.00 INCH OR MORE:   0

[HDD (BASE 65) ]
TOTAL THIS MO.   584    CLEAR  (SCALE 0-3)  21
DPTR FM NORMAL  -165    PTCLDY (SCALE 4-7)   4
TOTAL FM JUL 1  5137    CLOUDY (SCALE 8-10)  2
DPTR FM NORMAL -1103

[CDD (BASE 65) ]
TOTAL THIS MO.     0
DPTR FM NORMAL     0    [PRESSURE DATA]
TOTAL FM JAN 1     0    HIGHEST SLP M ON M
DPTR FM NORMAL     0    LOWEST  SLP 29.43 ON  2

[REMARKS]
