000
CXUS53 KSGF 280800
CF6VIH
PRELIMINARY LOCAL CLIMATOLOGICAL DATA (WS FORM: F-6)

                                          STATION:   VICHY-ROLLA MO
                                          MONTH:     FEBRUARY
                                          YEAR:      2015
                                          LATITUDE:   38  7 N
                                          LONGITUDE:  91 46 W

  TEMPERATURE IN F:       :PCPN:    SNOW:  WIND      :SUNSHINE: SKY     :PK WND
================================================================================
1   2   3   4   5  6A  6B    7    8   9   10  11  12  13   14  15   16   17  18
                                     12Z  AVG MX 2MIN
DY MAX MIN AVG DEP HDD CDD  WTR  SNW DPTH SPD SPD DIR MIN PSBL S-S WX    SPD DR
================================================================================

 1  41  20  31  -1  34   0 0.73    M    M 12.2 28 290   M    M  10 1      36 290
 2  26  14  20 -12  45   0    T    M    M  9.3 23 330   M    M   7 18     31 330
 3  48  20  34   1  31   0 0.00    M    M 11.7 20 200   M    M   0        24 210
 4  42  14  28  -5  37   0 0.01    M    M 12.1 21 360   M    M   5 168    25 360
 5  29   5  17 -16  48   0 0.00    M    M  6.6 14 200   M    M   0        16 190
 6  55  23  39   6  26   0 0.00    M    M 14.3 21 210   M    M   0        26 210
 7  68  35  52  18  13   0 0.00    M    M 15.8 25 200   M    M   0        37 220
 8  65  41  53  19  12   0 0.00    M    M 12.7 21 310   M    M   1        26 220
 9  42  26  34   0  31   0 0.00  0.0    0 11.1 17 340   M    M  10 18     22 340
10  48  23  36   2  29   0 0.00  0.0    0  6.7 13 100   M    M   5 1      17 110
11  39  25  32  -2  33   0 0.00  0.0    0 10.6 18 300   M    M   5        24 300
12  26  13  20 -15  45   0    T    M    M 10.9 28 340   M    M   2        37 350
13  44  17  31  -4  34   0 0.01    M    M  8.7 16 250   M    M   4 1      21 270
14  42  14  28  -7  37   0 0.00    M    M 13.3 28 360   M    M   3        35 360
15  20  11  16 -20  49   0 0.02    M    M 11.9 17  90   M    M   8        21  90
16  19   7  13 -23  52   0 0.14    M    0  7.9 14 340   M    M  10 1      16 330
17  31   4  18 -18  47   0 0.03    M    M  8.9 20 300   M    M   9 1      26 290
18  22   5  14 -22  51   0 0.00    M    M 13.9 28 290   M    M   2        37 320
19  20  -1  10 -27  55   0 0.00    M    M  4.7 10 350   M    M   4        12  20
20  28  15  22 -15  43   0 0.14    M    0 12.7 23 170   M    M   8 16     28 170
21  38  27  33  -4  32   0    T    M    M  5.2 12  20   M    M   9 168    15  10
22  32  15  24 -14  41   0 0.00    M    M 13.9 21 340   M    M   7 18     26 350
23  22   5  14 -24  51   0 0.00    M    M  8.2 21  10   M    M   4        25  10
24  40  14  27 -11  38   0 0.00    M    M 10.1 22 240   M    M   2        27 230
25  45  21  33  -6  32   0 0.00    M    M  5.8 12 200   M    M   1        15 200
26  36   8  22 -17  43   0    T    M    M 14.5 25 340   M    M   9 16     33 340
27  21   2  12 -27  53   0 0.00    M    M  6.1 12 360   M    M   4        14  10
================================================================================
SM  989  423      1042   0  1.08     0.0 279.8          M      129
================================================================================
AV 36.6 15.7                              10.4 FASTST   M    M   5    MAX(MPH)
                                 MISC ---->  # 28 290               # 37  220
================================================================================
NOTES:
# LAST OF SEVERAL OCCURRENCES

COLUMN 17 PEAK WIND IN M.P.H.

PRELIMINARY LOCAL CLIMATOLOGICAL DATA (WS FORM: F-6) , PAGE 2

                                          STATION:  VICHY-ROLLA MO
                                          MONTH:    FEBRUARY
                                          YEAR:     2015
                                          LATITUDE:   38  7 N
                                          LONGITUDE:  91 46 W

[TEMPERATURE DATA]      [PRECIPITATION DATA]       SYMBOLS USED IN COLUMN 16

AVERAGE MONTHLY: 26.1   TOTAL FOR MONTH:   1.08    1 = FOG OR MIST
DPTR FM NORMAL:  -9.3   DPTR FM NORMAL:   -0.77    2 = FOG REDUCING VISIBILITY
HIGHEST:    68 ON  7    GRTST 24HR  0.75 ON 31- 1      TO 1/4 MILE OR LESS
LOWEST:     -1 ON 19                               3 = THUNDER
                        SNOW, ICE PELLETS, HAIL    4 = ICE PELLETS
                        TOTAL MONTH:   0.0 INCH    5 = HAIL
                        GRTST 24HR     0.0         6 = FREEZING RAIN OR DRIZZLE
                        GRTST DEPTH:   0           7 = DUSTSTORM OR SANDSTORM:
                                                       VSBY 1/2 MILE OR LESS
                                                   8 = SMOKE OR HAZE
[NO. OF DAYS WITH]      [WEATHER - DAYS WITH]      9 = BLOWING SNOW
                                                   X = TORNADO
MAX 32 OR BELOW:  12    0.01 INCH OR MORE:   7
MAX 90 OR ABOVE:   0    0.10 INCH OR MORE:   3
MIN 32 OR BELOW:  25    0.50 INCH OR MORE:   1
MIN  0 OR BELOW:   1    1.00 INCH OR MORE:   0

[HDD (BASE 65) ]
TOTAL THIS MO.  1042    CLEAR  (SCALE 0-3)   9
DPTR FM NORMAL   245    PTCLDY (SCALE 4-7)  11
TOTAL FM JUL 1  4073    CLOUDY (SCALE 8-10)  7
DPTR FM NORMAL   308

[CDD (BASE 65) ]
TOTAL THIS MO.     0
DPTR FM NORMAL     0    [PRESSURE DATA]
TOTAL FM JAN 1     0    HIGHEST SLP M ON M
DPTR FM NORMAL     0    LOWEST  SLP 29.72 ON M

[REMARKS]
