000
CXUS52 KFFC 011110
CF6VPC
PRELIMINARY LOCAL CLIMATOLOGICAL DATA (WS FORM: F-6)

                                          STATION:   CARTERSVILLE
                                          MONTH:     AUGUST
                                          YEAR:      2014
                                          LATITUDE:   34  7 N
                                          LONGITUDE:  84 51 W

  TEMPERATURE IN F:       :PCPN:    SNOW:  WIND      :SUNSHINE: SKY     :PK WND
================================================================================
1   2   3   4   5  6A  6B    7    8   9   10  11  12  13   14  15   16   17  18
                                     12Z  AVG MX 2MIN
DY MAX MIN AVG DEP HDD CDD  WTR  SNW DPTH SPD SPD DIR MIN PSBL S-S WX    SPD DR
================================================================================

 1  86  67  77  -2   0  12 0.00  0.0    0  3.5 13  20   M    M   7        18  20
 2  87  67  77  -2   0  12 0.00  0.0    0  3.3 14  10   M    M   1        18  20
 3  90  63  77  -2   0  12 0.00  0.0    M  2.9 13  10   M    M   3 12     17  40
 4  91  63  77  -2   0  12 0.00  0.0    0  2.3 13 360   M    M   0 1      17  10
 5  92  59  76  -3   0  11 0.00  0.0    0  2.3 14  10   M    M   0 1      19  10
 6  94  59  77  -2   0  12 0.00  0.0    0  0.9  8 330   M    M   0 18     14 310
 7  97  66  82   3   0  17 0.50  0.0    M  2.8 17  40   M    M   1 138    24  40
 8  86  70  78  -1   0  13 0.43  0.0    M  3.7 16 180   M    M   5 138    22 180
 9  89  69  79   0   0  14 0.36  0.0    M  1.2  8 160   M    M   5 13     11 160
10  87  70  79   0   0  14 0.04  0.0    M  1.3  8 100   M    M   7 128    13  80
11  86  72  79   0   0  14    T  0.0    M  3.7 13 170   M    M   5 8      16 160
12  89  71  80   1   0  15    T  0.0    M  0.9  9 330   M    M   7 1      15 320
13  84  62  73  -6   0   8 0.00    M    M  3.5 13 360   M    M   1        19  40
14  86  58  72  -7   0   7 0.00    M    M  1.4  9 100   M    M   1        11  90
15  90  60  75  -4   0  10 0.00    M    M  1.2  9 360   M    M   1 1      14 330
16  90  59  75  -4   0  10 0.00    M    M  1.6  8 180   M    M   1 1      13 170
17  92  63  78  -1   0  13    T  0.0    0  2.5 16 180   M    M   2 13     22 170
18  90  68  79   1   0  14 0.52  0.0    0  1.9 20 180   M    M   4 138    27 170
19  88  68  78   0   0  13 0.21  0.0    M  2.2  8 230   M    M   6 13     16 220
20  90  69  80   2   0  15 0.37  0.0    M  2.3 18  30   M    M   4 13     26  20
21  93  67  80   2   0  15 0.00  0.0    M  1.2 14 350   M    M   2 123    27  10
22  95  68  82   4   0  17 0.00  0.0    M  1.6  9 340   M    M   0 1      14  10
23  94  68  81   3   0  16 0.00  0.0    M  1.7 28 360   M    M   1 3      42 350
24  89  70  80   2   0  15 0.08  0.0    M  4.5 20  10   M    M   4 123    24  10
25  84  67  76  -2   0  11 0.00  0.0    M  4.6 12  90   M    M   5        18 110
26  88  61  75  -2   0  10 0.00  0.0    M  4.0 13  20   M    M   1        19  20
27  90  61  76  -1   0  11 0.00  0.0    M  2.1 10 350   M    M   0 1      15 320
28  92  59  76  -1   0  11 0.00    M    M  1.2  9 150   M    M   0 1      13 150
29  94  60  77   0   0  12 0.00    M    M  2.4 13 150   M    M   0 1      20 150
30  93  66  80   3   0  15 0.09    M    M  3.5 15 150   M    M   3 13     22 140
31  92  68  80   3   0  15 0.00    M    M  1.9 12 170   M    M   2        15 170
================================================================================
SM 2788 2018         0 396  2.60     0.0  74.1          M       79
================================================================================
AV 89.9 65.1                               2.4 FASTST   M    M   3    MAX(MPH)
                                 MISC ---->  # 28 360               # 42  350
================================================================================
NOTES:
# LAST OF SEVERAL OCCURRENCES

COLUMN 17 PEAK WIND IN M.P.H.

PRELIMINARY LOCAL CLIMATOLOGICAL DATA (WS FORM: F-6) , PAGE 2

                                          STATION:  CARTERSVILLE
                                          MONTH:    AUGUST
                                          YEAR:     2014
                                          LATITUDE:   34  7 N
                                          LONGITUDE:  84 51 W

[TEMPERATURE DATA]      [PRECIPITATION DATA]       SYMBOLS USED IN COLUMN 16

AVERAGE MONTHLY: 77.5   TOTAL FOR MONTH:   2.60    1 = FOG OR MIST
DPTR FM NORMAL:  -0.8   DPTR FM NORMAL:   -1.33    2 = FOG REDUCING VISIBILITY
HIGHEST:    97 ON  7    GRTST 24HR  0.72 ON 18-19      TO 1/4 MILE OR LESS
LOWEST:     58 ON 14                               3 = THUNDER
                        SNOW, ICE PELLETS, HAIL    4 = ICE PELLETS
                        TOTAL MONTH:   0.0 INCH    5 = HAIL
                        GRTST 24HR     0.0         6 = FREEZING RAIN OR DRIZZLE
                        GRTST DEPTH:   0           7 = DUSTSTORM OR SANDSTORM:
                                                       VSBY 1/2 MILE OR LESS
                                                   8 = SMOKE OR HAZE
[NO. OF DAYS WITH]      [WEATHER - DAYS WITH]      9 = BLOWING SNOW
                                                   X = TORNADO
MAX 32 OR BELOW:   0    0.01 INCH OR MORE:   9
MAX 90 OR ABOVE:  18    0.10 INCH OR MORE:   6
MIN 32 OR BELOW:   0    0.50 INCH OR MORE:   2
MIN  0 OR BELOW:   0    1.00 INCH OR MORE:   0

[HDD (BASE 65) ]
TOTAL THIS MO.     0    CLEAR  (SCALE 0-3)  20
DPTR FM NORMAL     0    PTCLDY (SCALE 4-7)  11
TOTAL FM JUL 1     0    CLOUDY (SCALE 8-10)  0
DPTR FM NORMAL     0

[CDD (BASE 65) ]
TOTAL THIS MO.   396
DPTR FM NORMAL   -13    [PRESSURE DATA]
TOTAL FM JAN 1  1280    HIGHEST SLP 30.15 ON 26
DPTR FM NORMAL    15    LOWEST  SLP 29.80 ON 12

[REMARKS]
#FINAL-08-14#
