000
CXUS52 KFFC 011110
CF6VPC
PRELIMINARY LOCAL CLIMATOLOGICAL DATA (WS FORM: F-6)

                                          STATION:   CARTERSVILLE
                                          MONTH:     JANUARY
                                          YEAR:      2015
                                          LATITUDE:   34  7 N
                                          LONGITUDE:  84 51 W

  TEMPERATURE IN F:       :PCPN:    SNOW:  WIND      :SUNSHINE: SKY     :PK WND
================================================================================
1   2   3   4   5  6A  6B    7    8   9   10  11  12  13   14  15   16   17  18
                                     12Z  AVG MX 2MIN
DY MAX MIN AVG DEP HDD CDD  WTR  SNW DPTH SPD SPD DIR MIN PSBL S-S WX    SPD DR
================================================================================

 1  50  26  38  -3  27   0 0.03  0.0    M  0.0  5 330   M    M   5 1       7  20
 2  49  40  45   4  20   0 0.79    M    M  1.1  9  10   M    M  10 1      11 120
 3  61  48  55  14  10   0 0.58    M    M  7.2 16 150   M    M  10 13     23 140
 4  63  44  54  13  11   0 2.52    M    M  4.0  9 260   M    M   7 13     19 250
 5  45  27  36  -5  29   0 0.00    M    M  4.4 14  10   M    M   4        19  10
 6  51  23  37  -4  28   0 0.00  0.0    M  1.5  8 240   M    M   0        13 220
 7  40  14  27 -14  38   0 0.00    M    M  6.9 20 350   M    M   3        35 340
 8  33   8  21 -20  44   0 0.00    M    M  5.6 14 360   M    M   0        21 360
 9  38  16  27 -14  38   0 0.00    M    M  1.2 10 340   M    M   0        15 340
10  45  14  30 -11  35   0 0.00    M    M  3.1 13 360   M    M   0        20 340
11  44  23  34  -7  31   0 0.04    M    M  6.1 13  90   M    M   6 1      24 120
12  49  38  44   3  21   0 0.06    M    M  2.3  8  90   M    M  10 12     13 100
13  47  39  43   2  22   0 0.00    M    M  4.1  9 340   M    M  10 1      16 340
14  45  31  38  -3  27   0 0.00    M    M  1.3  8  20   M    M   8 18     11  70
15  37  28  33  -8  32   0 0.04    M    M  0.0  5 320   M    M   8 12      8 340
16  51  28  40  -1  25   0 0.00  0.0    M  1.5 10 360   M    M   2 18     14 360
17  59  24  42   1  23   0 0.00  0.0    M  3.8 16 190   M    M   0 1      20 190
18  58  31  45   4  20   0 0.00  0.0    M  1.5  8 340   M    M   2        20 160
19  66  26  46   5  19   0 0.00  0.0    M  1.1  9 210   M    M   0        17 190
20  67  33  50   9  15   0 0.00  0.0    M  0.1  7 230   M    M   0        12 220
21  62  31  47   6  18   0 0.00  0.0    M  1.7 12  10   M    M   0 1      17 350
22  52  27  40  -1  25   0 0.03    M    M  1.1  8  10   M    M   5 1      12  10
23  45  40  43   2  22   0 0.82    M    M  5.2 16  90   M    M   9 1      25  90
24  48  27  38  -3  27   0 0.01  0.0    M  2.5 10 350   M    M   5 1      17  10
25  59  24  42   0  23   0 0.11  0.0    M  3.3 15 180   M    M   3 1      23 160
26  45  31  38  -4  27   0 0.00  0.0    M  2.7  9 360   M    M  10        17 320
27  48  30  39  -3  26   0 0.00  0.0    M  4.8 15 350   M    M   6        21 340
28  53  28  41  -1  24   0 0.00    M    M  4.6 18 360   M    M   3        26 360
29  59  28  44   2  21   0 0.00  0.0    M  4.1 14 180   M    M   4        19 160
30  53  33  43   1  22   0 0.00  0.0    M  7.8 22 350   M    M   5        35 360
31  50  24  37  -5  28   0 0.00  0.0    M  0.7  6  20   M    M   0         9 360
================================================================================
SM 1572  884       778   0  5.03     0.0  95.3          M      135
================================================================================
AV 50.7 28.5                               3.1 FASTST   M    M   4    MAX(MPH)
                                 MISC ---->  # 22 350               # 35  340
================================================================================
NOTES:
# LAST OF SEVERAL OCCURRENCES

COLUMN 17 PEAK WIND IN M.P.H.

PRELIMINARY LOCAL CLIMATOLOGICAL DATA (WS FORM: F-6) , PAGE 2

                                          STATION:  CARTERSVILLE
                                          MONTH:    JANUARY
                                          YEAR:     2015
                                          LATITUDE:   34  7 N
                                          LONGITUDE:  84 51 W

[TEMPERATURE DATA]      [PRECIPITATION DATA]       SYMBOLS USED IN COLUMN 16

AVERAGE MONTHLY: 39.6   TOTAL FOR MONTH:   5.03    1 = FOG OR MIST
DPTR FM NORMAL:  -1.5   DPTR FM NORMAL:    0.43    2 = FOG REDUCING VISIBILITY
HIGHEST:    67 ON 20    GRTST 24HR  3.08 ON  3- 4      TO 1/4 MILE OR LESS
LOWEST:      8 ON  8                               3 = THUNDER
                        SNOW, ICE PELLETS, HAIL    4 = ICE PELLETS
                        TOTAL MONTH:   0.0 INCH    5 = HAIL
                        GRTST 24HR     0.0         6 = FREEZING RAIN OR DRIZZLE
                        GRTST DEPTH:  M  ON   M    7 = DUSTSTORM OR SANDSTORM:
                                                       VSBY 1/2 MILE OR LESS
                                                   8 = SMOKE OR HAZE
[NO. OF DAYS WITH]      [WEATHER - DAYS WITH]      9 = BLOWING SNOW
                                                   X = TORNADO
MAX 32 OR BELOW:   0    0.01 INCH OR MORE:  11
MAX 90 OR ABOVE:   0    0.10 INCH OR MORE:   5
MIN 32 OR BELOW:  23    0.50 INCH OR MORE:   4
MIN  0 OR BELOW:   0    1.00 INCH OR MORE:   1

[HDD (BASE 65) ]
TOTAL THIS MO.   778    CLEAR  (SCALE 0-3)  14
DPTR FM NORMAL    39    PTCLDY (SCALE 4-7)  10
TOTAL FM JUL 1  2076    CLOUDY (SCALE 8-10)  7
DPTR FM NORMAL    35

[CDD (BASE 65) ]
TOTAL THIS MO.     0
DPTR FM NORMAL     0    [PRESSURE DATA]
TOTAL FM JAN 1     0    HIGHEST SLP 30.69 ON  8
DPTR FM NORMAL     0    LOWEST  SLP 29.70 ON 25

[REMARKS]
#FINAL-01-15#
