000
CXUS51 KBTV 300700
CF6VSF
PRELIMINARY LOCAL CLIMATOLOGICAL DATA (WS FORM: F-6)

                                          STATION:   SPRINGFIELD VT
                                          MONTH:     JUNE
                                          YEAR:      2015
                                          LATITUDE:   43 19 N
                                          LONGITUDE:  72 31 W

  TEMPERATURE IN F:       :PCPN:    SNOW:  WIND      :SUNSHINE: SKY     :PK WND
================================================================================
1   2   3   4   5  6A  6B    7    8   9   10  11  12  13   14  15   16   17  18
                                     12Z  AVG MX 2MIN
DY MAX MIN AVG DEP HDD CDD  WTR  SNW DPTH SPD SPD DIR MIN PSBL S-S WX    SPD DR
================================================================================

 1  50  46  48 -12  17   0 0.76    M    0  3.7 13  70   M    M  10 1      17  90
 2  55  46  51  -9  14   0 0.02    M    0  1.8 10  60   M    M  10 1      13  60
 3  68  40  54  -6  11   0 0.00  0.0    0  2.7 13 350   M    M   2 12     19 330
 4  68  44  56  -4   9   0 0.00  0.0    0  3.4 12 120   M    M   5        17 130
 5  75  52  64   3   1   0    T  0.0    0  2.7  9 160   M    M   7 1      12 150
 6  69  44  57  -4   8   0 0.16    M    0  6.2 15 360   M    M   4 1      25 360
 7  73  36  55  -6  10   0 0.00  0.0    0  5.5 16 170   M    M   0        25 180
 8  74  56  65   3   0   0 0.07  0.0    0  7.1 18 170   M    M   6 18     23 170
 9  76  59  68   6   0   3 0.23  0.0    0  3.4 22 230   M    M   7 1      30 200
10  80  56  68   6   0   3 0.00  0.0    0  2.9 15 250   M    M   4        18 270
11  82  59  71   8   0   6 0.00  0.0    0  6.5 23 260   M    M   1        29 250
12  79  54  67   4   0   2 0.21  0.0    0  2.0 12 110   M    M   3 1      15 170
13  81  57  69   6   0   4 0.05  0.0    0  4.6 15 290   M    M   3 1      22 350
14  81  52  67   3   0   2    T  0.0    0  1.5  9 140   M    M   1 12     12  90
15  62  55  59  -5   6   0 0.82  0.0    0  3.8 10 130   M    M  10 1      14 120
16   M   M   M   M   M   M 0.09    M    0  2.4 10 330   M    M   8 12     25 330
17  76  52  64  -1   1   0 0.00  0.0    0  3.9 12  20   M    M   0 1      19  10
18  76  50  63  -2   2   0 0.00  0.0    0  3.7 14 180   M    M   7 12     17 180
19  76  47  62  -3   3   0 0.26    M    0  3.7 17 280   M    M   5 1      24 280
20  77  41  59  -6   6   0 0.05    M    0  4.7 17 170   M    M   5 12     25 180
21  83  59  71   5   0   6 0.49  0.0    0  1.5 13  10   M    M   8 18     17 320
22  81  60  71   5   0   6 0.00  0.0    0  4.6 16 280   M    M   4 12     22 270
23  85  59  72   6   0   7 0.26  0.0    0  3.8 15 240   M    M   5 1      22 170
24  79  57  68   2   0   3 0.00  0.0    0  6.0 17 270   M    M   1        24 260
25  77  52  65  -2   0   0 0.03  0.0    0  4.2 16 270   M    M   3        27 250
26  75  52  64  -3   1   0 0.14  0.0    0  1.9 10  60   M    M   5 1      13  50
27  74  47  61  -6   4   0 0.12    M    0  2.6  9 130   M    M   3 12     13 160
28  57  52  55 -13  10   0 1.35  0.0    0  4.9 16  80   M    M  10 1      24  30
29  70  52  61  -7   4   0 0.01  0.0    0  2.3 12 260   M    M  10 1      16 290
================================================================================
SM 2059 1436       107  42  5.12     0.0 108.0          M      147
================================================================================
AV 73.5 51.3                               3.7 FASTST   M    M   5    MAX(MPH)
                                 MISC ---->  # 23 260               # 30  200
================================================================================
NOTES:
# LAST OF SEVERAL OCCURRENCES

COLUMN 17 PEAK WIND IN M.P.H.

PRELIMINARY LOCAL CLIMATOLOGICAL DATA (WS FORM: F-6) , PAGE 2

                                          STATION:  SPRINGFIELD VT
                                          MONTH:    JUNE
                                          YEAR:     2015
                                          LATITUDE:   43 19 N
                                          LONGITUDE:  72 31 W

[TEMPERATURE DATA]      [PRECIPITATION DATA]       SYMBOLS USED IN COLUMN 16

AVERAGE MONTHLY: 62.4   TOTAL FOR MONTH:   5.12    1 = FOG OR MIST
DPTR FM NORMAL:  -1.4   DPTR FM NORMAL:    1.33    2 = FOG REDUCING VISIBILITY
HIGHEST:    85 ON 23    GRTST 24HR  1.47 ON 27-28      TO 1/4 MILE OR LESS
LOWEST:     36 ON  7                               3 = THUNDER
                        SNOW, ICE PELLETS, HAIL    4 = ICE PELLETS
                        TOTAL MONTH:   0.0 INCH    5 = HAIL
                        GRTST 24HR     0.0         6 = FREEZING RAIN OR DRIZZLE
                        GRTST DEPTH:   0           7 = DUSTSTORM OR SANDSTORM:
                                                       VSBY 1/2 MILE OR LESS
                                                   8 = SMOKE OR HAZE
[NO. OF DAYS WITH]      [WEATHER - DAYS WITH]      9 = BLOWING SNOW
                                                   X = TORNADO
MAX 32 OR BELOW:   0    0.01 INCH OR MORE:  18
MAX 90 OR ABOVE:   0    0.10 INCH OR MORE:  11
MIN 32 OR BELOW:   0    0.50 INCH OR MORE:   3
MIN  0 OR BELOW:   0    1.00 INCH OR MORE:   1

[HDD (BASE 65) ]
TOTAL THIS MO.   107    CLEAR  (SCALE 0-3)   9
DPTR FM NORMAL    12    PTCLDY (SCALE 4-7)  14
TOTAL FM JUL 1  7695    CLOUDY (SCALE 8-10)  6
DPTR FM NORMAL   177

[CDD (BASE 65) ]
TOTAL THIS MO.    42
DPTR FM NORMAL   -18    [PRESSURE DATA]
TOTAL FM JAN 1    91    HIGHEST SLP M ON M
DPTR FM NORMAL    19    LOWEST  SLP 29.56 ON  9

[REMARKS]
