000
CXUS56 KPQR 291200
CF6VUO
PRELIMINARY LOCAL CLIMATOLOGICAL DATA (WS FORM: F-6)

                                          STATION:   VANCOUVER WA
                                          MONTH:     APRIL
                                          YEAR:      2016
                                          LATITUDE:   45 37 N
                                          LONGITUDE: 122 39 W

  TEMPERATURE IN F:       :PCPN:    SNOW:  WIND      :SUNSHINE: SKY     :PK WND
================================================================================
1   2   3   4   5  6A  6B    7    8   9   10  11  12  13   14  15   16   17  18
                                     12Z  AVG MX 2MIN
DY MAX MIN AVG DEP HDD CDD  WTR  SNW DPTH SPD SPD DIR MIN PSBL S-S WX    SPD DR
================================================================================

 1  75  42  59   9   6   0 0.00  0.0    0  3.2  9 270   M    M   1 1      13 310
 2  69  42  56   6   9   0 0.00  0.0    0  2.9  8 320   M    M   0        12 340
 3  71  40  56   6   9   0 0.03    M    0  3.9 16 270   M    M   3        22 220
 4  59  44  52   1  13   0 0.02    M    0  5.6 17 260   M    M   6        24 270
 5  59  42  51   0  14   0    T    M    0  2.2  8 150   M    M   4        10 150
 6  75  37  56   5   9   0 0.00  0.0    0  3.3 10 290   M    M   0        13 320
 7  87  43  65  14   0   0 0.00  0.0    0  4.2 16 110   M    M   0        21 120
 8  83  47  65  14   0   0 0.00  0.0    0  5.6 16 310   M    M   0        24 310
 9  66  44  55   4  10   0 0.00  0.0    0  2.9 10 320   M    M   3        14 310
10  60  49  55   4  10   0 0.00  0.0    0  3.7 10 340   M    M   9        17 320
11  61  51  56   5   9   0 0.00  0.0    0  4.0  9 330   M    M   8        12 270
12  59  47  53   2  12   0 0.21    M    0  4.7 16 270   M    M  10 1      20 270
13  59  47  53   1  12   0 0.16    M    0  4.6 15 110   M    M   8 1      21 230
14  53  42  48  -4  17   0 0.36    M    0  5.8 14 160   M    M   8 1      23 170
15  60  39  50  -2  15   0 0.00  0.0    0  1.2  6 170   M    M   5 1      10 220
16  70  38  54   2  11   0 0.00  0.0    0  2.0  9 260   M    M   1 8      11 270
17  81  41  61   9   4   0 0.00  0.0    0  6.7 21  80   M    M   0        27  80
18  89  47  68  16   0   3 0.00  0.0    0  2.3  8 110   M    M   0        16 140
19  87  49  68  16   0   3 0.00  0.0    0  2.0  8 340   M    M   0        13 330
20  80  50  65  13   0   0 0.01  0.0    0  2.1 16  20   M    M   0 3      24  40
21  75  46  61   8   4   0 0.22    M    0  2.8 21 250   M    M   1 1      28 250
22  64  52  58   5   7   0 0.43  0.0    0  4.7 16 230   M    M   7 1      25 220
23  62  51  57   4   8   0 0.03  0.0    0  4.0 14 250   M    M  10 1      19 250
24  57  41  49  -4  16   0 0.09    M    0  4.2 17 300   M    M   8        22 320
25  61  38  50  -3  15   0 0.00  0.0    0  4.3 14 310   M    M   4        20 320
26  59  37  48  -6  17   0 0.00  0.0    0  3.2  9 260   M    M   2        12 280
27  59  47  53  -1  12   0 0.03    M    0  2.9  8 240   M    M   9        11 340
28  62  44  53  -1  12   0 0.00  0.0    0  2.5 10 310   M    M   9        15 310
================================================================================
SM 1902 1237       251   6  1.59     0.0 101.5          M      116
================================================================================
AV 67.9 44.2                               3.6 FASTST   M    M   4    MAX(MPH)
                                 MISC ---->  # 21  80               # 28  250
================================================================================
NOTES:
# LAST OF SEVERAL OCCURRENCES

COLUMN 17 PEAK WIND IN M.P.H.

PRELIMINARY LOCAL CLIMATOLOGICAL DATA (WS FORM: F-6) , PAGE 2

                                          STATION:  VANCOUVER WA
                                          MONTH:    APRIL
                                          YEAR:     2016
                                          LATITUDE:   45 37 N
                                          LONGITUDE: 122 39 W

[TEMPERATURE DATA]      [PRECIPITATION DATA]       SYMBOLS USED IN COLUMN 16

AVERAGE MONTHLY: 56.1   TOTAL FOR MONTH:   1.59    1 = FOG OR MIST
DPTR FM NORMAL:   4.2   DPTR FM NORMAL:   -1.25    2 = FOG REDUCING VISIBILITY
HIGHEST:    89 ON 18    GRTST 24HR  0.65 ON 21-22      TO 1/4 MILE OR LESS
LOWEST:     37 ON 26, 6                            3 = THUNDER
                        SNOW, ICE PELLETS, HAIL    4 = ICE PELLETS
                        TOTAL MONTH:   0.0 INCH    5 = HAIL
                        GRTST 24HR     0.0         6 = FREEZING RAIN OR DRIZZLE
                        GRTST DEPTH:   0           7 = DUSTSTORM OR SANDSTORM:
                                                       VSBY 1/2 MILE OR LESS
                                                   8 = SMOKE OR HAZE
[NO. OF DAYS WITH]      [WEATHER - DAYS WITH]      9 = BLOWING SNOW
                                                   X = TORNADO
MAX 32 OR BELOW:   0    0.01 INCH OR MORE:  11
MAX 90 OR ABOVE:   0    0.10 INCH OR MORE:   5
MIN 32 OR BELOW:   0    0.50 INCH OR MORE:   0
MIN  0 OR BELOW:   0    1.00 INCH OR MORE:   0

[HDD (BASE 65) ]
TOTAL THIS MO.   251    CLEAR  (SCALE 0-3)  13
DPTR FM NORMAL  -116    PTCLDY (SCALE 4-7)  10
TOTAL FM JUL 1  3569    CLOUDY (SCALE 8-10)  5
DPTR FM NORMAL  -439

[CDD (BASE 65) ]
TOTAL THIS MO.     6
DPTR FM NORMAL     6    [PRESSURE DATA]
TOTAL FM JAN 1     6    HIGHEST SLP M ON M
DPTR FM NORMAL     6    LOWEST  SLP 29.58 ON 22

[REMARKS]
