000
CXUS55 KLOX 191655
CF6WJF
PRELIMINARY LOCAL CLIMATOLOGICAL DATA (WS FORM: F-6)

                                          STATION:   LANCASTER FOX FIELD CA
                                          MONTH:     AUGUST
                                          YEAR:      2014
                                          LATITUDE:   34 43 N
                                          LONGITUDE: 118 13 W

  TEMPERATURE IN F:       :PCPN:    SNOW:  WIND      :SUNSHINE: SKY     :PK WND
================================================================================
1   2   3   4   5  6A  6B    7    8   9   10  11  12  13   14  15   16   17  18
                                     12Z  AVG MX 2MIN
DY MAX MIN AVG DEP HDD CDD  WTR  SNW DPTH SPD SPD DIR MIN PSBL S-S WX    SPD DR
================================================================================

 1 104  76  90   7   0  25 0.00  0.0    0 10.1 25 220   M    M   0        30 220
 2  97  69  83   0   0  18 0.01  0.0    0 11.2 26 240   M    M   0        32 240
 3  80  69  75  -8   0  10 0.02  0.0    0  6.9 20 280   M    M   8        22 340
 4  90  68  79  -3   0  14 0.00  0.0    0 15.1 30 220   M    M   2        39 210
 5  93  66  80  -2   0  15 0.00  0.0    0 13.4 26 240   M    M   0        31 210
 6  92  65  79  -3   0  14 0.00  0.0    0 13.2 28 240   M    M   0        36 240
 7  97  66  82   0   0  17 0.00  0.0    0  9.8 23 240   M    M   0        30 230
 8  98  65  82   0   0  17 0.00  0.0    0  8.3 22 240   M    M   0        28 230
 9  98  65  82   0   0  17 0.00  0.0    0 10.3 26 210   M    M   0        32 220
10  97  60  79  -3   0  14 0.00  0.0    0  8.7 24 230   M    M   0        33 290
11  96  66  81  -1   0  16 0.00  0.0    0  9.5 23 240   M    M   3        29 260
12  97  70  84   2   0  19 0.00  0.0    0 10.0 28 240   M    M   2        33 240
13  92  68  80  -2   0  15 0.00  0.0    0 12.7 24 240   M    M   0        31 240
14  93  63  78  -3   0  13 0.00  0.0    0 10.6 24 240   M    M   0        31 250
15  95  63  79  -2   0  14 0.00  0.0    M 12.8 25 220   M    M   0        33 250
16  99  64  82   1   0  17 0.00  0.0    0 10.8 22 240   M    M   0        26 230
17 102  64  83   2   0  18 0.00  0.0    0  9.4 24 250   M    M   0        29 260
18  98  67  83   2   0  18 0.00  0.0    0 12.0 28 240   M    M   0        33 220
================================================================================
SM 1718 1194         0 291  0.03     0.0 194.8          M       15
================================================================================
AV 95.4 66.3                              10.8 FASTST   M    M   1    MAX(MPH)
                                 MISC ---->  # 30 220               # 39  210
================================================================================
NOTES:
# LAST OF SEVERAL OCCURRENCES

COLUMN 17 PEAK WIND IN M.P.H.

PRELIMINARY LOCAL CLIMATOLOGICAL DATA (WS FORM: F-6) , PAGE 2

                                          STATION:  LANCASTER FOX FIELD CA
                                          MONTH:    AUGUST
                                          YEAR:     2014
                                          LATITUDE:   34 43 N
                                          LONGITUDE: 118 13 W

[TEMPERATURE DATA]      [PRECIPITATION DATA]       SYMBOLS USED IN COLUMN 16

AVERAGE MONTHLY: 80.9   TOTAL FOR MONTH:   0.03    1 = FOG OR MIST
DPTR FM NORMAL:  -1.0   DPTR FM NORMAL:   -0.02    2 = FOG REDUCING VISIBILITY
HIGHEST:   104 ON  1    GRTST 24HR  0.03 ON  2- 3      TO 1/4 MILE OR LESS
LOWEST:     60 ON 10                               3 = THUNDER
                        SNOW, ICE PELLETS, HAIL    4 = ICE PELLETS
                        TOTAL MONTH:   0.0 INCH    5 = HAIL
                        GRTST 24HR     0.0         6 = FREEZING RAIN OR DRIZZLE
                        GRTST DEPTH:   0           7 = DUSTSTORM OR SANDSTORM:
                                                       VSBY 1/2 MILE OR LESS
                                                   8 = SMOKE OR HAZE
[NO. OF DAYS WITH]      [WEATHER - DAYS WITH]      9 = BLOWING SNOW
                                                   X = TORNADO
MAX 32 OR BELOW:   0    0.01 INCH OR MORE:   2
MAX 90 OR ABOVE:  17    0.10 INCH OR MORE:   0
MIN 32 OR BELOW:   0    0.50 INCH OR MORE:   0
MIN  0 OR BELOW:   0    1.00 INCH OR MORE:   0

[HDD (BASE 65) ]
TOTAL THIS MO.     0    CLEAR  (SCALE 0-3)  16
DPTR FM NORMAL     0    PTCLDY (SCALE 4-7)   1
TOTAL FM JUL 1     0    CLOUDY (SCALE 8-10)  1
DPTR FM NORMAL     0

[CDD (BASE 65) ]
TOTAL THIS MO.   291
DPTR FM NORMAL   -12    [PRESSURE DATA]
TOTAL FM JAN 1  1478    HIGHEST SLP M ON M
DPTR FM NORMAL   109    LOWEST  SLP 29.74 ON 18

[REMARKS]
