000
CXUS55 KRIW 010945
CF6WRL
PRELIMINARY LOCAL CLIMATOLOGICAL DATA (WS FORM: F-6)

                                          STATION:   WORLAND WY
                                          MONTH:     JUNE
                                          YEAR:      2015
                                          LATITUDE:   43 58 N
                                          LONGITUDE: 107 57 W

  TEMPERATURE IN F:       :PCPN:    SNOW:  WIND      :SUNSHINE: SKY     :PK WND
================================================================================
1   2   3   4   5  6A  6B    7    8   9   10  11  12  13   14  15   16   17  18
                                     12Z  AVG MX 2MIN
DY MAX MIN AVG DEP HDD CDD  WTR  SNW DPTH SPD SPD DIR MIN PSBL S-S WX    SPD DR
================================================================================

 1  87  54  71  11   0   6    T  0.0    0  8.9 45 280   M    M   1 38     56 280
 2  81  47  64   3   1   0 0.04  0.0    0  4.8 36 270   M    M   0 38     51 270
 3  80  48  64   3   1   0 0.23  0.0    0  4.6 31 300   M    M   2 13     42 300
 4  76  50  63   2   2   0    T  0.0    0  5.6 12 320   M    M   1 3      14 330
 5  77  53  65   4   0   0 0.03  0.0    0  4.8 20 170   M    M   3 3      26 170
 6  77  53  65   3   0   0 0.01  0.0    0  4.0 15 110   M    M   4 3      19 120
 7  81  53  67   5   0   2 0.00  0.0    0  8.1 23  90   M    M   1        29  90
 8  88  54  71   9   0   6 0.00  0.0    0  5.5 13 150   M    M   1        15 130
 9  92  56  74  11   0   9 0.00  0.0    0  6.1 16 250   M    M   1 3      23 170
10  86  55  71   8   0   6 0.71  0.0    0  6.7 29 360   M    M   3 13     35 350
11  82  59  71   8   0   6 0.00  0.0    0  5.3 15 160   M    M   4        19 160
12  88  56  72   8   0   7 0.00  0.0    0  8.4 22 360   M    M   1        33 360
13  84  52  68   4   0   3 0.00  0.0    0  6.1 21 120   M    M   0        26 110
14  79  53  66   2   0   1 0.00  0.0    0  8.0 20 350   M    M   2        25 330
15  77  58  68   4   0   3 0.02  0.0    0  5.8 21 120   M    M   5        26 340
16  75  54  65   0   0   0 0.02  0.0    0  5.1 18 340   M    M   4 3      33 340
17  88  53  71   6   0   6 0.00  0.0    0  5.4 13 350   M    M   1        16  20
18  92  54  73   7   0   8 0.00  0.0    0  6.0 17 170   M    M   0        23 190
19  95  56  76  10   0  11 0.00  0.0    0  4.1 10 360   M    M   0         M  M
20  87  52  70   4   0   5 0.00  0.0    0  7.3 13  20   M    M   M        17 210
21  94  53  74   8   0   9 0.00  0.0    0  7.3 33 320   M    M   M        40 330
22  86  52  69   2   0   4 0.00  0.0    0  6.0 18 290   M    M   1        24 290
23  90  53  72   5   0   7 0.00  0.0    0  5.7 12  80   M    M   0        18 170
24  87  54  71   4   0   6 0.00  0.0    0  5.4 16 330   M    M   0        20 340
25  89  58  74   6   0   9 0.00  0.0    0  7.0 23 340   M    M   3        29 330
26  91  55  73   5   0   8 0.00  0.0    0  4.5 15 120   M    M   0        17 130
27  98  57  78  10   0  13 0.00  0.0    0  4.2 12 240   M    M   0        14 230
28  99  59  79  10   0  14    T  0.0    0  7.0 23 240   M    M   0        27 250
29  97  56  77   8   0  12 0.00  0.0    0  5.6 13 280   M    M   0        16 330
30  97  68  83  14   0  18    T  0.0    0  7.6 16 210   M    M   0 3      20 230
================================================================================
SM 2600 1635         4 179  1.06     0.0 180.9          M       38
================================================================================
AV 86.7 54.5                               6.0 FASTST   M    M   1    MAX(MPH)
                                 MISC ---->  # 45 280               # 56  280
================================================================================
NOTES:
# LAST OF SEVERAL OCCURRENCES

COLUMN 17 PEAK WIND IN M.P.H.

PRELIMINARY LOCAL CLIMATOLOGICAL DATA (WS FORM: F-6) , PAGE 2

                                          STATION:  WORLAND WY
                                          MONTH:    JUNE
                                          YEAR:     2015
                                          LATITUDE:   43 58 N
                                          LONGITUDE: 107 57 W

[TEMPERATURE DATA]      [PRECIPITATION DATA]       SYMBOLS USED IN COLUMN 16

AVERAGE MONTHLY: 70.6   TOTAL FOR MONTH:   1.06    1 = FOG OR MIST
DPTR FM NORMAL:   5.9   DPTR FM NORMAL:   -0.09    2 = FOG REDUCING VISIBILITY
HIGHEST:    99 ON 28    GRTST 24HR  0.71 ON 10-10      TO 1/4 MILE OR LESS
LOWEST:     47 ON  2                               3 = THUNDER
                        SNOW, ICE PELLETS, HAIL    4 = ICE PELLETS
                        TOTAL MONTH:   0.0 INCH    5 = HAIL
                        GRTST 24HR     0.0         6 = FREEZING RAIN OR DRIZZLE
                        GRTST DEPTH:   0           7 = DUSTSTORM OR SANDSTORM:
                                                       VSBY 1/2 MILE OR LESS
                                                   8 = SMOKE OR HAZE
[NO. OF DAYS WITH]      [WEATHER - DAYS WITH]      9 = BLOWING SNOW
                                                   X = TORNADO
MAX 32 OR BELOW:   0    0.01 INCH OR MORE:   7
MAX 90 OR ABOVE:  10    0.10 INCH OR MORE:   2
MIN 32 OR BELOW:   0    0.50 INCH OR MORE:   1
MIN  0 OR BELOW:   0    1.00 INCH OR MORE:   0

[HDD (BASE 65) ]
TOTAL THIS MO.     4    CLEAR  (SCALE 0-3)  24
DPTR FM NORMAL   -89    PTCLDY (SCALE 4-7)   4
TOTAL FM JUL 1  7519    CLOUDY (SCALE 8-10)  0
DPTR FM NORMAL  -350

[CDD (BASE 65) ]
TOTAL THIS MO.   179
DPTR FM NORMAL    95    [PRESSURE DATA]
TOTAL FM JAN 1   181    HIGHEST SLP 30.14 ON 26
DPTR FM NORMAL    85    LOWEST  SLP 29.57 ON 19

[REMARKS]
#FINAL-06-15#
