000
CXUS54 KTSA 200840
CF6XNA
PRELIMINARY LOCAL CLIMATOLOGICAL DATA (WS FORM: F-6)

                                          STATION:   HIGHFILL ARKANSAS
                                          MONTH:     APRIL
                                          YEAR:      2014
                                          LATITUDE:   36 16 N
                                          LONGITUDE:  94 19 W

  TEMPERATURE IN F:       :PCPN:    SNOW:  WIND      :SUNSHINE: SKY     :PK WND
================================================================================
1   2   3   4   5  6A  6B    7    8   9   10  11  12  13   14  15   16   17  18
                                     12Z  AVG MX 2MIN
DY MAX MIN AVG DEP HDD CDD  WTR  SNW DPTH SPD SPD DIR MIN PSBL S-S WX    SPD DR
================================================================================

 1   M   M   M   M   M   M    M    M    M   M   M   M   M    M   M         M  M
 2  76  54  65  13   0   0 0.00  0.0    0 13.4 24 200   M    M   7 18     30 160
 3  81  47  64  12   1   0 0.33  0.0    0 14.4 26 190   M    M   7 3      37 200
 4  54  36  45  -8  20   0 0.00  0.0    0 10.1 25 300   M    M   5        37 300
 5  62  31  47  -6  18   0 0.00  0.0    0  4.9 13 130   M    M   1        15 190
 6  54  44  49  -4  16   0 0.17  0.0    0  5.5 15  80   M    M   7 1      17  60
 7  63  42  53  -1  12   0 0.34  0.0    0  9.0 17 280   M    M   8 18     23 340
 8  59  39  49  -5  16   0 0.05  0.0    0 10.7 31 340   M    M   5 38     41 340
 9  72  32  52  -2  13   0 0.00  0.0    0  8.2 20 190   M    M   0        25 190
10  82  59  71  17   0   6 0.00  0.0    0 14.1 25 220   M    M   1        38 220
11  80  51  66  11   0   1 0.00  0.0    0  4.6 18 140   M    M   0        22 140
12  79  57  68  13   0   3 0.00  0.0    0 16.0 26 180   M    M   3        33 170
13  72  43  58   2   7   0 0.39  0.0    0 18.6 37 290   M    M   4 138    58 310
14  43  30  37 -19  28   0    T    M    0 12.7 23 340   M    M   8 18     31 340
15  57  25  41 -15  24   0 0.00  0.0    0  3.7 14 310   M    M   0        18 320
16  61  37  49  -7  16   0 0.00  0.0    0 13.0 28 180   M    M   0        37 180
17  68  36  52  -5  13   0 0.00  0.0    0  4.1 16 360   M    M   3        20 350
18  73  42  58   1   7   0 0.00  0.0    0  3.5 14 130   M    M   2 1      20 130
19  75  43  59   2   6   0 0.00  0.0    0  5.2 15 150   M    M   0        22 170
================================================================================
SM 1211  748       197  10  1.28     0.0 171.7          M       61
================================================================================
AV 67.3 41.6                               9.5 FASTST   M    M   3    MAX(MPH)
                                 MISC ---->  # 37 290               # 58  310
================================================================================
NOTES:
# LAST OF SEVERAL OCCURRENCES

COLUMN 17 PEAK WIND IN M.P.H.

PRELIMINARY LOCAL CLIMATOLOGICAL DATA (WS FORM: F-6) , PAGE 2

                                          STATION:  HIGHFILL ARKANSAS
                                          MONTH:    APRIL
                                          YEAR:     2014
                                          LATITUDE:   36 16 N
                                          LONGITUDE:  94 19 W

[TEMPERATURE DATA]      [PRECIPITATION DATA]       SYMBOLS USED IN COLUMN 16

AVERAGE MONTHLY: 54.4   TOTAL FOR MONTH:   1.28    1 = FOG OR MIST
DPTR FM NORMAL:  -0.1   DPTR FM NORMAL:   -1.57    2 = FOG REDUCING VISIBILITY
HIGHEST:    82 ON 10    GRTST 24HR  0.51 ON  6- 7      TO 1/4 MILE OR LESS
LOWEST:     25 ON 15                               3 = THUNDER
                        SNOW, ICE PELLETS, HAIL    4 = ICE PELLETS
                        TOTAL MONTH:   0.0 INCH    5 = HAIL
                        GRTST 24HR     0.0         6 = FREEZING RAIN OR DRIZZLE
                        GRTST DEPTH:   0           7 = DUSTSTORM OR SANDSTORM:
                                                       VSBY 1/2 MILE OR LESS
                                                   8 = SMOKE OR HAZE
[NO. OF DAYS WITH]      [WEATHER - DAYS WITH]      9 = BLOWING SNOW
                                                   X = TORNADO
MAX 32 OR BELOW:   0    0.01 INCH OR MORE:   5
MAX 90 OR ABOVE:   0    0.10 INCH OR MORE:   4
MIN 32 OR BELOW:   4    0.50 INCH OR MORE:   0
MIN  0 OR BELOW:   0    1.00 INCH OR MORE:   0

[HDD (BASE 65) ]
TOTAL THIS MO.   197    CLEAR  (SCALE 0-3)  10
DPTR FM NORMAL   -12    PTCLDY (SCALE 4-7)   8
TOTAL FM JUL 1  4507    CLOUDY (SCALE 8-10)  0
DPTR FM NORMAL   354

[CDD (BASE 65) ]
TOTAL THIS MO.    10
DPTR FM NORMAL    -4    [PRESSURE DATA]
TOTAL FM JAN 1    10    HIGHEST SLP M ON M
DPTR FM NORMAL    -7    LOWEST  SLP 29.48 ON 13

[REMARKS]
