000
CXUS56 KPDT 281032
CF6YKM
PRELIMINARY LOCAL CLIMATOLOGICAL DATA (WS FORM: F-6)

                                          STATION:   YAKIMA WA
                                          MONTH:     JULY
                                          YEAR:      2016
                                          LATITUDE:   46 34 N
                                          LONGITUDE: 120 32 W

  TEMPERATURE IN F:       :PCPN:    SNOW:  WIND      :SUNSHINE: SKY     :PK WND
================================================================================
1   2   3   4   5  6A  6B    7    8   9   10  11  12  13   14  15   16   17  18
                                     12Z  AVG MX 2MIN
DY MAX MIN AVG DEP HDD CDD  WTR  SNW DPTH SPD SPD DIR MIN PSBL S-S WX    SPD DR
================================================================================

 1  94  54  74   7   0   9 0.00  0.0    0  8.7 22 320   M    M   0        29 310
 2  95  67  81  13   0  16 0.00  0.0    0  6.0 20 340   M    M   0        24 350
 3  86  62  74   6   0   9 0.00  0.0    0 11.3 22 330   M    M   0        27 340
 4  84  57  71   3   0   6 0.00  0.0    0  8.9 22 270   M    M   0        27 310
 5  81  52  67  -1   0   2 0.00  0.0    0 10.4 23 330   M    M   2        29 330
 6  84  47  66  -3   0   1 0.00  0.0    0  4.2 14 160   M    M   1        18 160
 7  83  59  71   2   0   6 0.14  0.0    0  4.3 18 260   M    M   4        24 250
 8  84  61  73   4   0   8 0.01  0.0    0  7.5 22 200   M    M   6        27 200
 9  79  54  67  -3   0   2    T  0.0    0  7.3 22 210   M    M   2        29 230
10  80  55  68  -2   0   3 0.00  0.0    0 10.7 25 330   M    M   3        32 300
11  83  49  66  -4   0   1 0.00  0.0    0  6.7 14 350   M    M   2        19 310
12  84  59  72   2   0   7    T  0.0    0  8.1 20 320   M    M   2        26 320
13  86  49  68  -2   0   3 0.00  0.0    0  4.1 14 330   M    M   0        18 330
14  92  56  74   3   0   9 0.00  0.0    0  8.4 24 320   M    M   0        30 330
15  87  54  71   0   0   6 0.00  0.0    0  9.7 28 340   M    M   0        38 320
16  88  53  71   0   0   6 0.00  0.0    0  6.7 17 320   M    M   2        21 340
17  85  60  73   2   0   8 0.00  0.0    0  7.1 20 320   M    M   4 3      24 330
18  79  55  67  -4   0   2 0.04  0.0    0  6.0 21 300   M    M   3 3      25 310
19  84  51  68  -4   0   3 0.00  0.0    0  5.9 20 330   M    M   1        24 320
20  90  50  70  -2   0   5 0.00  0.0    0  5.3 13 310   M    M   0        19 320
21  94  58  76   4   0  11    T  0.0    0  7.2 23 320   M    M   1        29 310
22  85  63  74   2   0   9 0.03  0.0    0  9.9 21 300   M    M   4 3      26 270
23  89  49  69  -3   0   4 0.00  0.0    0  5.0 13 320   M    M   0        16 330
24  94  56  75   3   0  10 0.00  0.0    0  5.4 12 260   M    M   0        16 150
25 102  61  82  10   0  17 0.00  0.0    0  6.9 16 320   M    M   1        21 290
26  99  75  87  15   0  22 0.00  0.0    0  8.9 22 330   M    M   0        29 330
27  98  66  82  10   0  17 0.00  0.0    0  5.6 14 320   M    M   0        18 310
================================================================================
SM 2369 1532         0 202  0.22     0.0 196.2          M       38
================================================================================
AV 87.7 56.7                               7.3 FASTST   M    M   1    MAX(MPH)
                                 MISC ---->  # 28 340               # 38  320
================================================================================
NOTES:
# LAST OF SEVERAL OCCURRENCES

COLUMN 17 PEAK WIND IN M.P.H.

PRELIMINARY LOCAL CLIMATOLOGICAL DATA (WS FORM: F-6) , PAGE 2

                                          STATION:  YAKIMA WA
                                          MONTH:    JULY
                                          YEAR:     2016
                                          LATITUDE:   46 34 N
                                          LONGITUDE: 120 32 W

[TEMPERATURE DATA]      [PRECIPITATION DATA]       SYMBOLS USED IN COLUMN 16

AVERAGE MONTHLY: 72.2   TOTAL FOR MONTH:   0.22    1 = FOG OR MIST
DPTR FM NORMAL:   1.9   DPTR FM NORMAL:    0.02    2 = FOG REDUCING VISIBILITY
HIGHEST:   102 ON 25    GRTST 24HR  0.14 ON  7- 7      TO 1/4 MILE OR LESS
LOWEST:     47 ON  6                               3 = THUNDER
                        SNOW, ICE PELLETS, HAIL    4 = ICE PELLETS
                        TOTAL MONTH:   0.0 INCH    5 = HAIL
                        GRTST 24HR     0.0         6 = FREEZING RAIN OR DRIZZLE
                        GRTST DEPTH:   0           7 = DUSTSTORM OR SANDSTORM:
                                                       VSBY 1/2 MILE OR LESS
                                                   8 = SMOKE OR HAZE
[NO. OF DAYS WITH]      [WEATHER - DAYS WITH]      9 = BLOWING SNOW
                                                   X = TORNADO
MAX 32 OR BELOW:   0    0.01 INCH OR MORE:   4
MAX 90 OR ABOVE:   9    0.10 INCH OR MORE:   1
MIN 32 OR BELOW:   0    0.50 INCH OR MORE:   0
MIN  0 OR BELOW:   0    1.00 INCH OR MORE:   0

[HDD (BASE 65) ]
TOTAL THIS MO.     0    CLEAR  (SCALE 0-3)  22
DPTR FM NORMAL   -19    PTCLDY (SCALE 4-7)   5
TOTAL FM JUL 1     0    CLOUDY (SCALE 8-10)  0
DPTR FM NORMAL   -19

[CDD (BASE 65) ]
TOTAL THIS MO.   202
DPTR FM NORMAL    40    [PRESSURE DATA]
TOTAL FM JAN 1   426    HIGHEST SLP M ON M
DPTR FM NORMAL   179    LOWEST  SLP 29.78 ON M

[REMARKS]
