000
CXUS51 KCLE 221004
CF6YNG
PRELIMINARY LOCAL CLIMATOLOGICAL DATA (WS FORM: F-6)

                                          STATION:   YOUNGSTOWN OH
                                          MONTH:     MAY
                                          YEAR:      2015
                                          LATITUDE:   41 16 N
                                          LONGITUDE:  80 40 W

  TEMPERATURE IN F:       :PCPN:    SNOW:  WIND      :SUNSHINE: SKY     :PK WND
================================================================================
1   2   3   4   5  6A  6B    7    8   9   10  11  12  13   14  15   16   17  18
                                     12Z  AVG MX 2MIN
DY MAX MIN AVG DEP HDD CDD  WTR  SNW DPTH SPD SPD DIR MIN PSBL S-S WX    SPD DR
================================================================================

 1  67  38  53  -1  12   0 0.00  0.0    0  7.9 22 350   M    M   5 1      27  10
 2  74  40  57   3   8   0 0.00  0.0    0  5.3 15 350   M    M   4        20 310
 3  77  47  62   8   3   0 0.00  0.0    0  5.7 15 220   M    M   4        20 210
 4  82  58  70  15   0   5 0.02  0.0    0 10.4 28 230   M    M   7 1      36 220
 5  72  52  62   7   3   0 0.03  0.0    0  3.8 12 270   M    M   9 18     14 260
 6  79  56  68  13   0   3 0.00  0.0    0  5.6 16 340   M    M   8 1      20 340
 7  85  50  68  13   0   3 0.00  0.0    0  4.4 13 320   M    M   2 1      15 330
 8  89  57  73  17   0   8 0.00  0.0    0  6.9 14 210   M    M   6        18 210
 9  88  62  75  19   0  10 0.34  0.0    0  7.4 20 300   M    M   8 138    27 280
10  85  60  73  17   0   8 0.18  0.0    0  5.8 22 170   M    M   5 138    27 170
11  86  63  75  19   0  10 0.44  0.0    0  9.8 39 230   M    M   8 13     52 230
12  67  51  59   2   6   0    T  0.0    0 13.4 26 270   M    M   8        36 260
13  52  38  45 -12  20   0 0.03  0.0    0  8.3 20 310   M    M   9 1      28 320
14  67  32  50  -7  15   0 0.00  0.0    0  4.3 13 140   M    M   7 1      17 130
15  77  50  64   6   1   0 0.03  0.0    0  7.2 15 210   M    M   9        22 220
16  76  64  70  12   0   5    T  0.0    0  7.9 14 240   M    M   9 13     22 210
17  80  64  72  14   0   7 0.15  0.0    0  5.6 13 200   M    M   8 1      16 210
18  82  67  75  17   0  10 0.02  0.0    0  6.7 22 320   M    M   8 13     27 320
19  68  50  59   0   6   0 0.00  0.0    0 11.3 23 310   M    M   8 1      33 330
20  53  41  47 -12  18   0 0.00  0.0    0  8.4 16 330   M    M  10        21 340
21  59  44  52  -7  13   0 0.01  0.0    0  6.0 16 300   M    M   9        21 300
================================================================================
SM 1565 1084       105  69  1.25     0.0 152.1          M      151
================================================================================
AV 74.5 51.6                               7.2 FASTST   M    M   7    MAX(MPH)
                                 MISC ---->  # 39 230               # 52  230
================================================================================
NOTES:
# LAST OF SEVERAL OCCURRENCES

COLUMN 17 PEAK WIND IN M.P.H.

PRELIMINARY LOCAL CLIMATOLOGICAL DATA (WS FORM: F-6) , PAGE 2

                                          STATION:  YOUNGSTOWN OH
                                          MONTH:    MAY
                                          YEAR:     2015
                                          LATITUDE:   41 16 N
                                          LONGITUDE:  80 40 W

[TEMPERATURE DATA]      [PRECIPITATION DATA]       SYMBOLS USED IN COLUMN 16

AVERAGE MONTHLY: 63.1   TOTAL FOR MONTH:   1.25    1 = FOG OR MIST
DPTR FM NORMAL:   6.6   DPTR FM NORMAL:   -1.24    2 = FOG REDUCING VISIBILITY
HIGHEST:    89 ON  8    GRTST 24HR  0.51 ON  9-10      TO 1/4 MILE OR LESS
LOWEST:     32 ON 14                               3 = THUNDER
                        SNOW, ICE PELLETS, HAIL    4 = ICE PELLETS
                        TOTAL MONTH:   0.0 INCH    5 = HAIL
                        GRTST 24HR     0.0         6 = FREEZING RAIN OR DRIZZLE
                        GRTST DEPTH:   0           7 = DUSTSTORM OR SANDSTORM:
                                                       VSBY 1/2 MILE OR LESS
                                                   8 = SMOKE OR HAZE
[NO. OF DAYS WITH]      [WEATHER - DAYS WITH]      9 = BLOWING SNOW
                                                   X = TORNADO
MAX 32 OR BELOW:   0    0.01 INCH OR MORE:  10
MAX 90 OR ABOVE:   0    0.10 INCH OR MORE:   4
MIN 32 OR BELOW:   1    0.50 INCH OR MORE:   0
MIN  0 OR BELOW:   0    1.00 INCH OR MORE:   0

[HDD (BASE 65) ]
TOTAL THIS MO.   105    CLEAR  (SCALE 0-3)   1
DPTR FM NORMAL   -89    PTCLDY (SCALE 4-7)  14
TOTAL FM JUL 1  6654    CLOUDY (SCALE 8-10)  6
DPTR FM NORMAL   433

[CDD (BASE 65) ]
TOTAL THIS MO.    69
DPTR FM NORMAL    55    [PRESSURE DATA]
TOTAL FM JAN 1    69    HIGHEST SLP M ON M
DPTR FM NORMAL    46    LOWEST  SLP 29.85 ON 11

[REMARKS]
