000
CXUS53 KGJT 011403
CLACNY


CLIMATE REPORT
NATIONAL WEATHER SERVICE GRAND JUNCTION CO
642 AM MST SUN JAN 1 2017

...................................

...THE CANYONLANDS AIRPORT UT CLIMATE SUMMARY FOR THE YEAR OF 2016...

CLIMATE NORMAL PERIOD 1981 TO 2010
CLIMATE RECORD PERIOD 9999 TO 9999

WEATHER         OBSERVED          NORMAL  DEPART  LAST YEAR`S
                 VALUE   DATE(S)  VALUE   FROM    VALUE  DATE(S)
                                          NORMAL
................................................................
TEMPERATURE (F)
RECORD
 HIGH              MM   MM
 LOW               MM   MM
HIGHEST           107   07/28        MM      MM      106  06/30
                        06/21
LOWEST             -4   02/04        MM      MM        1  12/28
AVG. MAXIMUM     69.5              67.1     2.4     69.1
AVG. MINIMUM     42.4              39.4     3.0     41.3
MEAN             55.9              53.2     2.7     55.2
DAYS MAX >= 90     83              73.3     9.7       79
DAYS MAX <= 32     16              19.0    -3.0       17
DAYS MIN <= 32    122             136.6   -14.6      137
DAYS MIN <= 0       4               3.4     0.6        0

PRECIPITATION (INCHES)
RECORD
 MAXIMUM           MM   MM
 MINIMUM           MM   MM
TOTALS           6.38              8.80   -2.42     8.74
DAILY AVG.          T              0.02   -0.02        T
DAYS >= .01        42                MM      MM       63
DAYS >= .10        20                MM      MM       30
DAYS >= .50         0                MM      MM        2
DAYS >= 1.00        0                MM      MM        1
GREATEST
 24 HR. TOTAL    0.43   MM                       12/31 TO 12/31
 STORM TOTAL       MM                                 MM

SNOWFALL (INCHES)
RECORDS
 TOTAL             MM   MM
 24 HR TOTAL       MM
 SNOW DEPTH        MM   MM
TOTALS             MM                MM      MM       MM
 LIQUID EQUIV      MM                MM      MM       MM
SINCE 7/1          MM                MM      MM       MM
 LIQUID 7/1        MM                MM      MM       MM
SNOWDEPTH AVG.     MM                MM      MM       MM
DAYS >= TRACE      MM                MM      MM       MM
DAYS >= 1.0        MM                MM      MM       MM
GREATEST
 SNOW DEPTH        MM                                 MM  MM
 24 HR TOTAL       MM                                 MM
 STORM TOTAL       MM                                 MM

DEGREE_DAYS
HEATING TOTAL    4827              5578    -751     4874
 SINCE 7/1       1821              2397    -576     2127
COOLING TOTAL    1627              1288     339     1420
 SINCE 1/1       1627              1289     338     1420

FREEZE DATES
RECORD
 EARLIEST     MM
 LATEST       MM
EARLIEST                        MM
LATEST                          MM
..................................................

WIND (MPH)
AVERAGE WIND SPEED              6.3
RESULTANT WIND SPEED/DIRECTION   2/238
HIGHEST WIND SPEED/DIRECTION    52/240    DATE  05/06
HIGHEST GUST SPEED/DIRECTION    63/200    DATE  05/05

SKY COVER
POSSIBLE SUNSHINE (PERCENT)   MM
AVERAGE SKY COVER           0.20
NUMBER OF DAYS FAIR          282
NUMBER OF DAYS PC             61
NUMBER OF DAYS CLOUDY         23

AVERAGE RH (PERCENT)     45

WEATHER CONDITIONS. NUMBER OF DAYS WITH
THUNDERSTORM             35     MIXED PRECIP               0
HEAVY RAIN                5     RAIN                      18
LIGHT RAIN               82     FREEZING RAIN              0
LT FREEZING RAIN          1     HAIL                       0
HEAVY SNOW                1     SNOW                       4
LIGHT SNOW               15     SLEET                      0
FOG                      37     FOG W/VIS <= 1/4 MILE      8
HAZE                     21

-  INDICATES NEGATIVE NUMBERS.
R  INDICATES RECORD WAS SET OR TIED.
MM INDICATES DATA IS MISSING.
T  INDICATES TRACE AMOUNT.

$$
