000
CXUS56 KOTX 010840
CLAGEG


CLIMATE REPORT
NATIONAL WEATHER SERVICE SPOKANE, WA
1239 AM PST THU JAN 1 2015

...................................

...THE SPOKANE WA AIRPORT CLIMATE SUMMARY FOR THE YEAR OF 2014...

CLIMATE NORMAL PERIOD 1981 TO 2010
CLIMATE RECORD PERIOD 1881 TO 2014

WEATHER         OBSERVED          NORMAL  DEPART
                 VALUE   DATE(S)  VALUE   FROM
                                          NORMAL
................................................
TEMPERATURE (F)
RECORD
 HIGH             108   08/04/1961
                        07/26/1928
 LOW              -30   01/16/1888
                        01/15/1888
HIGHEST           100   07/29
LOWEST             -5   02/06
AVG. MAXIMUM     58.8              58.1     0.7
AVG. MINIMUM     40.0              38.0     2.0
MEAN             49.4              48.2     1.2
DAYS MAX >= 90     27              16.2    10.8
DAYS MAX <= 32     49              33.1    15.9
DAYS MIN <= 32    115             117.2    -2.2
DAYS MIN <= 0       2               2.6    -0.6

PRECIPITATION (INCHES)
RECORD
 MAXIMUM        26.07   1948
 MINIMUM         7.55   1929
TOTALS          14.99             16.25   -1.26
DAILY AVG.       0.04              0.04    0.00
DAYS >= .01       111             112.2    -1.2
DAYS >= .10        52              53.0    -1.0
DAYS >= .50         4               5.9    -1.9
DAYS >= 1.00        0               0.3    -0.3
GREATEST
 24 HR. TOTAL    1.01   MM

SNOWFALL (INCHES)
RECORDS
 TOTAL          132.6   2008
TOTALS           35.0              42.7    -7.7
DAYS >= TRACE      49              34.4    14.6
DAYS >= 1.0        12              15.6    -3.6
GREATEST
 24 HR TOTAL      5.2   MM

DEGREE_DAYS
HEATING TOTAL    6185              6593    -408
COOLING TOTAL     654               450     204

FREEZE DATES
RECORD
 EARLIEST     09/11/1889
 LATEST       05/25/1964
EARLIEST                        10/11
LATEST                          04/23
.................................................

WIND (MPH)
AVERAGE WIND SPEED              8.7
HIGHEST WIND SPEED/DIRECTION    54/210    DATE  07/23
HIGHEST GUST SPEED/DIRECTION    66/220    DATE  07/23

SKY COVER
AVERAGE SKY COVER           0.60

AVERAGE RH (PERCENT)     62

WEATHER CONDITIONS. NUMBER OF DAYS WITH
THUNDERSTORM              0     MIXED PRECIP               4
HEAVY RAIN                1     RAIN                      19
LIGHT RAIN              124     FREEZING RAIN              2
LT FREEZING RAIN         11     HAIL                       1
HEAVY SNOW                0     SNOW                      12
LIGHT SNOW               41     SLEET                      3
FOG                     123     FOG W/VIS <= 1/4 MILE     34
HAZE                     28

-  INDICATES NEGATIVE NUMBERS.
R  INDICATES RECORD WAS SET OR TIED.
MM INDICATES DATA IS MISSING.
T  INDICATES TRACE AMOUNT.

$$
