000
CXUS55 KVEF 060223 CCA
CLALAS

CLIMATE REPORT
NATIONAL WEATHER SERVICE LAS VEGAS, NV
439 PM PST THU JAN 5 2017

...................................

...THE LAS VEGAS NV CLIMATE SUMMARY FOR THE YEAR OF 2016...

CLIMATE NORMAL PERIOD 1981 TO 2010
CLIMATE RECORD PERIOD 1937 TO 2017

WEATHER         OBSERVED          NORMAL  DEPART  LAST YEAR`S
                 VALUE   DATE(S)  VALUE   FROM    VALUE  DATE(S)
                                          NORMAL
................................................................
TEMPERATURE (F)
RECORD
 HIGH             117   06/30/2013
                        07/19/2005
                        07/24/1942
 LOW                8   01/13/1963
                        01/25/1937
HIGHEST           115   07/28       113       2      113  06/27
                        07/27                             06/20
                        06/20
LOWEST             27   01/01        27       0       29  12/27
                                                          01/02
AVG. MAXIMUM     82.1              80.1     2.0     82.2
AVG. MINIMUM     61.0              58.7     2.3     61.3
MEAN             71.5              69.4     2.1     71.8
DAYS MAX >= 90    132             131.3     0.7      142
DAYS MAX <= 32      0               0.0     0.0        0
DAYS MIN <= 32      8               7.5     0.5       10
DAYS MIN <= 0       0               0.0     0.0        0

PRECIPITATION (INCHES)
RECORD
 MAXIMUM        10.72   1941
 MINIMUM         0.56   1953
TOTALS           4.77              4.19    0.58     4.49
DAILY AVG.          T              0.01   -0.01        T
DAYS >= .01        29              26.5     2.5       36
DAYS >= .10        11              11.2    -0.2       14
DAYS >= .50         3               2.5     0.5        2
DAYS >= 1.00        0               0.2    -0.2        0
GREATEST
 24 HR. TOTAL    0.93   04/30
 STORM TOTAL     0.93
 (MM/DD(HH))  04/30(06) TO 04/30(18)

SNOWFALL (INCHES)
RECORDS
 TOTAL           16.7   1949
 24 HR TOTAL      9.0   01/04/1974 TO 01/05/1974
 SNOW DEPTH         8   01/05/1974
TOTALS            0.0               0.3    -0.3        T
 LIQUID EQUIV    0.00              0.00    0.00       MM
SINCE 7/1         0.0               0.2    -0.2        T
 LIQUID 7/1      0.00              0.00    0.00       MM
SNOWDEPTH AVG.      0                MM      MM        0
DAYS >= TRACE       0               0.2    -0.2        1
DAYS >= 1.0         0               0.1    -0.1        0
GREATEST
 SNOW DEPTH         0   MM                             0  MM
 24 HR TOTAL      0.0   MM                       12/31 TO 12/31
                                                          12/31 TO 12/31
                                                          12/31 TO 12/31
 STORM TOTAL       MM                                0.0
 (MM/DD(HH))            MM                    12/31(00) TO 12/31(00)
                                                 12/31(00) TO 12/31(00)1
                                                 12/31(00) TO 12/31(00)1

DEGREE_DAYS
HEATING TOTAL    1508              1951    -443     1491
 SINCE 7/1        679               847    -168      867
COOLING TOTAL    4002              3568     434     4069
 SINCE 1/1       4002              3568     434     4069

FREEZE DATES
RECORD
 EARLIEST     10/21/1949
 LATEST       04/12/1967
EARLIEST                        11/25
LATEST                          02/28
..................................................

WIND (MPH)
AVERAGE WIND SPEED              6.8
RESULTANT WIND SPEED/DIRECTION   2/199
HIGHEST WIND SPEED/DIRECTION    48/250    DATE  06/30
HIGHEST GUST SPEED/DIRECTION    56/250    DATE  06/30

SKY COVER
POSSIBLE SUNSHINE (PERCENT)   MM
AVERAGE SKY COVER           0.40
NUMBER OF DAYS FAIR          184
NUMBER OF DAYS PC            148
NUMBER OF DAYS CLOUDY         34

AVERAGE RH (PERCENT)     27

WEATHER CONDITIONS. NUMBER OF DAYS WITH
THUNDERSTORM              0     MIXED PRECIP               0
HEAVY RAIN                2     RAIN                       8
LIGHT RAIN               48     FREEZING RAIN              0
LT FREEZING RAIN          0     HAIL                       0
HEAVY SNOW                0     SNOW                       0
LIGHT SNOW                0     SLEET                      0
FOG                       9     FOG W/VIS <= 1/4 MILE      0
HAZE                     13

-  INDICATES NEGATIVE NUMBERS.
R  INDICATES RECORD WAS SET OR TIED.
MM INDICATES DATA IS MISSING.
T  INDICATES TRACE AMOUNT.

$$
