000
CXUS53 KGJT 011337
CLAVEL


CLIMATE REPORT
NATIONAL WEATHER SERVICE GRAND JUNCTION CO
617 AM MST FRI JAN 1 2016

...................................

...THE VERNAL UT CLIMATE SUMMARY FOR THE YEAR OF 2015...

CLIMATE NORMAL PERIOD 1981 TO 2010
CLIMATE RECORD PERIOD 9999 TO 9999

WEATHER         OBSERVED          NORMAL  DEPART  LAST YEAR`S
                 VALUE   DATE(S)  VALUE   FROM    VALUE  DATE(S)
                                          NORMAL
................................................................
TEMPERATURE (F)
RECORD
 HIGH              MM   MM
 LOW               MM   MM
HIGHEST            98   06/28        MM      MM       98  07/07
LOWEST             -8   12/28        MM      MM       -8  12/31
AVG. MAXIMUM     62.7              59.0     3.7     61.3
AVG. MINIMUM     36.9              34.2     2.7     35.6
MEAN             49.8              46.6     3.2     48.5
DAYS MAX >= 90     34              20.5    13.5       28
DAYS MAX <= 32     35              48.2   -13.2       45
DAYS MIN <= 32    143             163.0   -20.0      169
DAYS MIN <= 0       6              10.4    -4.4        5

PRECIPITATION (INCHES)
RECORD
 MAXIMUM           MM   MM
 MINIMUM           MM   MM
TOTALS           9.88              9.31    0.57    10.22
DAILY AVG.       0.03              0.03    0.00     0.03
DAYS >= .01        74              63.2    10.8       60
DAYS >= .10        32              28.4     3.6       24
DAYS >= .50         2               3.6    -1.6        6
DAYS >= 1.00        0               0.3    -0.3        1
GREATEST
 24 HR. TOTAL    0.78   MM                       12/31 TO 12/31
 STORM TOTAL       MM                                 MM


SNOWFALL (INCHES)
RECORDS
 TOTAL             MM   MM
 24 HR TOTAL       MM
 SNOW DEPTH        MM   MM
TOTALS             MM                MM      MM       MM
 LIQUID EQUIV      MM                MM      MM       MM
SINCE 7/1          MM                MM      MM       MM
 LIQUID 7/1        MM                MM      MM       MM
SNOWDEPTH AVG.     MM                MM      MM       MM
DAYS >= TRACE      MM                MM      MM       MM
DAYS >= 1.0        MM                MM      MM       MM
GREATEST
 SNOW DEPTH        MM                                 MM  MM
 24 HR TOTAL       MM                                 MM
 STORM TOTAL       MM                                 MM


DEGREE_DAYS
HEATING TOTAL    6129              7222   -1093     6538
 SINCE 7/1       2763              2971    -208     2605
COOLING TOTAL     700               512     188      621
 SINCE 1/1        700               511     189      621

FREEZE DATES
RECORD
 EARLIEST     MM
 LATEST       MM
EARLIEST                        MM
LATEST                          MM
..................................................

WIND (MPH)
AVERAGE WIND SPEED              4.9
RESULTANT WIND SPEED/DIRECTION   1/285
HIGHEST WIND SPEED/DIRECTION    46/190    DATE  04/14
HIGHEST GUST SPEED/DIRECTION    61/200    DATE  04/14

SKY COVER
POSSIBLE SUNSHINE (PERCENT)   MM
AVERAGE SKY COVER           0.20
NUMBER OF DAYS FAIR          258
NUMBER OF DAYS PC             68
NUMBER OF DAYS CLOUDY         39

AVERAGE RH (PERCENT)     53

WEATHER CONDITIONS. NUMBER OF DAYS WITH
THUNDERSTORM             52     MIXED PRECIP               0
HEAVY RAIN               12     RAIN                      29
LIGHT RAIN              109     FREEZING RAIN              0
LT FREEZING RAIN          0     HAIL                       0
HEAVY SNOW                2     SNOW                       7
LIGHT SNOW               37     SLEET                      0
FOG                      86     FOG W/VIS <= 1/4 MILE     23
HAZE                     49

-  INDICATES NEGATIVE NUMBERS.
R  INDICATES RECORD WAS SET OR TIED.
MM INDICATES DATA IS MISSING.
T  INDICATES TRACE AMOUNT.

$$
