000
CDUS41 KBTV 040533
CLI1V4


CLIMATE REPORT
NATIONAL WEATHER SERVICE BURLINGTON VT
132 AM EDT SAT JUL 4 2015


...................................

...THE ST. JOHNSBURY VT CLIMATE SUMMARY FOR JULY 3 2015...

CLIMATE NORMAL PERIOD 1981 TO 2010
CLIMATE RECORD PERIOD 1894 TO 2015


WEATHER ITEM   OBSERVED TIME   RECORD YEAR NORMAL DEPARTURE LAST
                VALUE   (LST)  VALUE       VALUE  FROM      YEAR
                                                  NORMAL
..................................................................
TEMPERATURE (F)
 YESTERDAY
  MAXIMUM         76        MM 102    1911  81     -5       87
  MINIMUM         47        MM  37    1962  58    -11       66
  AVERAGE         62                        69     -7       77

PRECIPITATION (IN)
  YESTERDAY        0.00          1.27 1920   0.12  -0.12     0.95
  MONTH TO DATE    0.61                      0.37   0.24     1.07
  SINCE JUN 1      8.31                      4.38   3.93     4.34
  SINCE JAN 1     19.68                     17.79   1.89    20.04

DEGREE DAYS
 HEATING
  YESTERDAY        3                         1      2        0
  MONTH TO DATE    6                         3      3        0
  SINCE JUN 1    115                        75     40       69
  SINCE JUL 1      6                         3      3        0

 COOLING
  YESTERDAY        0                         5     -5       12
  MONTH TO DATE    1                        15    -14       37
  SINCE JUN 1     34                       105    -71       84
  SINCE JAN 1     72                       123    -51       88
..................................................................


WIND (MPH)
  HIGHEST WIND SPEED    MM   HIGHEST WIND DIRECTION    MM
  HIGHEST GUST SPEED    MM   HIGHEST GUST DIRECTION    MM
  AVERAGE WIND SPEED    MM


SKY COVER
  AVERAGE SKY COVER 0.0


WEATHER CONDITIONS
 THE FOLLOWING WEATHER WAS RECORDED YESTERDAY.
  NO SIGNIFICANT WEATHER WAS OBSERVED.


RELATIVE HUMIDITY (PERCENT)
 HIGHEST   100           400 AM
 LOWEST     31           100 PM
 AVERAGE    66

..........................................................


THE ST. JOHNSBURY VT CLIMATE NORMALS FOR TODAY
                         NORMAL    RECORD    YEAR
 MAXIMUM TEMPERATURE (F)   81       100      1911
 MINIMUM TEMPERATURE (F)   58        38      1962


SUNRISE AND SUNSET
JULY  4 2015..........SUNRISE   509 AM EDT   SUNSET   836 PM EDT
JULY  5 2015..........SUNRISE   510 AM EDT   SUNSET   835 PM EDT


-  INDICATES NEGATIVE NUMBERS.
R  INDICATES RECORD WAS SET OR TIED.
MM INDICATES DATA IS MISSING.
T  INDICATES TRACE AMOUNT.




$$
