678
CDUS41 KBTV 200553
CLI1V4


CLIMATE REPORT
NATIONAL WEATHER SERVICE BURLINGTON VT
1246 AM EST MON FEB 20 2017


...................................

...THE ST. JOHNSBURY VT CLIMATE SUMMARY FOR FEBRUARY 19 2017...

CLIMATE NORMAL PERIOD 1981 TO 2010
CLIMATE RECORD PERIOD 1894 TO 2017


WEATHER ITEM   OBSERVED TIME   RECORD YEAR NORMAL DEPARTURE LAST
                VALUE   (LST)  VALUE       VALUE  FROM      YEAR
                                                  NORMAL
..................................................................
TEMPERATURE (F)
 YESTERDAY
  MAXIMUM         50        MM  59    1981  32     18       36
  MINIMUM         26        MM -22    1944   9     17        3
  AVERAGE         38                        20     18       20

PRECIPITATION (IN)
  YESTERDAY        0.00          0.46 1960   0.07  -0.07     0.10
  MONTH TO DATE    2.86                      1.50   1.36     1.28
  SINCE DEC 1      8.29                      7.09   1.20     7.37
  SINCE JAN 1      4.72                      4.01   0.71     2.47

DEGREE DAYS
 HEATING
  YESTERDAY       27                        45    -18       45
  MONTH TO DATE  839                       888    -49      814
  SINCE DEC 1   3289                      3681   -392     3062
  SINCE JUL 1   4749                      5337   -588     4539

 COOLING
  YESTERDAY        0                         0      0        0
  MONTH TO DATE    0                         0      0        0
  SINCE DEC 1      0                         0      0        0
  SINCE JAN 1      0                         0      0        0
..................................................................


WIND (MPH)
  HIGHEST WIND SPEED    MM   HIGHEST WIND DIRECTION    MM
  HIGHEST GUST SPEED    MM   HIGHEST GUST DIRECTION    MM
  AVERAGE WIND SPEED    MM


SKY COVER
  AVERAGE SKY COVER 0.0


WEATHER CONDITIONS
 THE FOLLOWING WEATHER WAS RECORDED YESTERDAY.
  NO SIGNIFICANT WEATHER WAS OBSERVED.


RELATIVE HUMIDITY (PERCENT)
 HIGHEST   100           200 AM
 LOWEST     53           200 PM
 AVERAGE    77

..........................................................


THE ST. JOHNSBURY VT CLIMATE NORMALS FOR TODAY
                         NORMAL    RECORD    YEAR
 MAXIMUM TEMPERATURE (F)   32        60      1981
 MINIMUM TEMPERATURE (F)    9       -23      1903


SUNRISE AND SUNSET
FEBRUARY 20 2017......SUNRISE   640 AM EST   SUNSET   524 PM EST
FEBRUARY 21 2017......SUNRISE   638 AM EST   SUNSET   526 PM EST


-  INDICATES NEGATIVE NUMBERS.
R  INDICATES RECORD WAS SET OR TIED.
MM INDICATES DATA IS MISSING.
T  INDICATES TRACE AMOUNT.




$$
