000
CDUS41 KBTV 200604
CLI1V4


CLIMATE REPORT
NATIONAL WEATHER SERVICE BURLINGTON VT
104 AM EST THU NOV 20 2014


...................................

...THE ST. JOHNSBURY VT CLIMATE SUMMARY FOR NOVEMBER 19 2014...

CLIMATE NORMAL PERIOD 1981 TO 2010
CLIMATE RECORD PERIOD 1894 TO 2014


WEATHER ITEM   OBSERVED TIME   RECORD YEAR NORMAL DEPARTURE LAST
                VALUE   (LST)  VALUE       VALUE  FROM      YEAR
                                                  NORMAL
..................................................................
TEMPERATURE (F)
 YESTERDAY
  MAXIMUM         31    223 PM  66    1941  43    -12       39
  MINIMUM         17   1017 PM   1    1936  27    -10       27
  AVERAGE         24                        35    -11       33

PRECIPITATION (IN)
  YESTERDAY        0.03          1.51 1932   0.11  -0.08     0.01
  MONTH TO DATE    1.19                      2.18  -0.99     1.34
  SINCE SEP 1      7.49                      9.44  -1.95     7.23
  SINCE JAN 1     34.93                     35.20  -0.27    32.20

DEGREE DAYS
 HEATING
  YESTERDAY       41                        30     11       32
  MONTH TO DATE  546                       507     39      522
  SINCE SEP 1   1224                      1244    -20     1281
  SINCE JUL 1   1281                      1294    -13     1341

 COOLING
  YESTERDAY        0                         0      0        0
  MONTH TO DATE    0                         0      0        0
  SINCE SEP 1     33                        35     -2       40
  SINCE JAN 1    252                       433   -181      407
..................................................................


WIND (MPH)
  HIGHEST WIND SPEED    MM   HIGHEST WIND DIRECTION    MM
  HIGHEST GUST SPEED    MM   HIGHEST GUST DIRECTION    MM
  AVERAGE WIND SPEED    MM


SKY COVER
  AVERAGE SKY COVER 0.0


WEATHER CONDITIONS
 THE FOLLOWING WEATHER WAS RECORDED YESTERDAY.
  NO SIGNIFICANT WEATHER WAS OBSERVED.


RELATIVE HUMIDITY (PERCENT)
 HIGHEST    84           500 AM
 LOWEST     46           100 PM
 AVERAGE    65

..........................................................


THE ST. JOHNSBURY VT CLIMATE NORMALS FOR TODAY
                         NORMAL    RECORD    YEAR
 MAXIMUM TEMPERATURE (F)   42        68      1991
 MINIMUM TEMPERATURE (F)   27         4      1894


SUNRISE AND SUNSET
NOVEMBER 20 2014......SUNRISE   651 AM EST   SUNSET   416 PM EST
NOVEMBER 21 2014......SUNRISE   652 AM EST   SUNSET   416 PM EST


-  INDICATES NEGATIVE NUMBERS.
R  INDICATES RECORD WAS SET OR TIED.
MM INDICATES DATA IS MISSING.
T  INDICATES TRACE AMOUNT.




$$
