000
CDUS41 KBTV 100540
CLI1V4


CLIMATE REPORT
NATIONAL WEATHER SERVICE BURLINGTON VT
139 AM EDT THU JUL 10 2014


...................................

...THE ST. JOHNSBURY VT CLIMATE SUMMARY FOR JULY 9 2014...

CLIMATE NORMAL PERIOD 1981 TO 2010
CLIMATE RECORD PERIOD 1894 TO 2014


WEATHER ITEM   OBSERVED TIME   RECORD YEAR NORMAL DEPARTURE LAST
                VALUE   (LST)  VALUE       VALUE  FROM      YEAR
                                                  NORMAL
..................................................................
TEMPERATURE (F)
 YESTERDAY
  MAXIMUM         80    244 PM  98    1988  81     -1       82
  MINIMUM         63   1159 PM  40    1969  59      4       68
  AVERAGE         72                        70      2       75

PRECIPITATION (IN)
  YESTERDAY        0.06          1.31 1978   0.13  -0.07     0.00
  MONTH TO DATE    2.51                      1.14   1.37     3.09
  SINCE JUN 1      5.78                      5.15   0.63     7.56
  SINCE JAN 1     21.48                     18.56   2.92    19.94

DEGREE DAYS
 COOLING
  YESTERDAY        7                         6      1       10
  MONTH TO DATE   65                        48     17       71
  SINCE JUN 1    112                       138    -26      151
  SINCE JAN 1    116                       156    -40      167
..................................................................


WIND (MPH)
  HIGHEST WIND SPEED    MM   HIGHEST WIND DIRECTION    MM
  HIGHEST GUST SPEED    MM   HIGHEST GUST DIRECTION    MM
  AVERAGE WIND SPEED    MM


SKY COVER
  AVERAGE SKY COVER 0.0


WEATHER CONDITIONS
 THE FOLLOWING WEATHER WAS RECORDED YESTERDAY.
  NO SIGNIFICANT WEATHER WAS OBSERVED.


RELATIVE HUMIDITY (PERCENT)
 HIGHEST    93          1200 AM
 LOWEST     43           100 PM
 AVERAGE    68

..........................................................


THE ST. JOHNSBURY VT CLIMATE NORMALS FOR TODAY
                         NORMAL    RECORD    YEAR
 MAXIMUM TEMPERATURE (F)   81        97      1955
 MINIMUM TEMPERATURE (F)   59        41      1954


SUNRISE AND SUNSET
JULY 10 2014..........SUNRISE   514 AM EDT   SUNSET   833 PM EDT
JULY 11 2014..........SUNRISE   514 AM EDT   SUNSET   832 PM EDT


-  INDICATES NEGATIVE NUMBERS.
R  INDICATES RECORD WAS SET OR TIED.
MM INDICATES DATA IS MISSING.
T  INDICATES TRACE AMOUNT.




$$
