000
CDUS41 KBTV 250535
CLI1V4


CLIMATE REPORT
NATIONAL WEATHER SERVICE BURLINGTON VT
131 AM EDT SAT MAR 25 2017


...................................

...THE ST. JOHNSBURY VT CLIMATE SUMMARY FOR MARCH 24 2017...

CLIMATE NORMAL PERIOD 1981 TO 2010
CLIMATE RECORD PERIOD 1894 TO 2017


WEATHER ITEM   OBSERVED TIME   RECORD YEAR NORMAL DEPARTURE LAST
                VALUE   (LST)  VALUE       VALUE  FROM      YEAR
                                                  NORMAL
..................................................................
TEMPERATURE (F)
 YESTERDAY
  MAXIMUM         30        MM  70    1938  45    -15       34
  MINIMUM         17        MM -12    1906  23     -6       26
  AVERAGE         24                        34    -10       30

PRECIPITATION (IN)
  YESTERDAY        0.34          0.75 1907   0.09   0.25     0.10
  MONTH TO DATE    2.49                      1.91   0.58     1.84
  SINCE MAR 1      2.49                      1.91   0.58     1.84
  SINCE JAN 1      8.23                      6.59   1.64     6.58

DEGREE DAYS
 HEATING
  YESTERDAY       41                        31     10       35
  MONTH TO DATE 1028                       871    157      754
  SINCE MAR 1   1028                       871    157      754
  SINCE JUL 1   6041                      6595   -554     5639

 COOLING
  YESTERDAY        0                         0      0        0
  MONTH TO DATE    0                         0      0        0
  SINCE MAR 1      0                         0      0        0
  SINCE JAN 1      0                         0      0        0
..................................................................


WIND (MPH)
  HIGHEST WIND SPEED    MM   HIGHEST WIND DIRECTION    MM
  HIGHEST GUST SPEED    MM   HIGHEST GUST DIRECTION    MM
  AVERAGE WIND SPEED    MM


SKY COVER
  AVERAGE SKY COVER 0.0


WEATHER CONDITIONS
 THE FOLLOWING WEATHER WAS RECORDED YESTERDAY.
  NO SIGNIFICANT WEATHER WAS OBSERVED.


RELATIVE HUMIDITY (PERCENT)
 HIGHEST   100           600 PM
 LOWEST     56           100 AM
 AVERAGE    78

..........................................................


THE ST. JOHNSBURY VT CLIMATE NORMALS FOR TODAY
                         NORMAL    RECORD    YEAR
 MAXIMUM TEMPERATURE (F)   45        70      1987
 MINIMUM TEMPERATURE (F)   24       -15      1911


SUNRISE AND SUNSET
MARCH 25 2017.........SUNRISE   642 AM EDT   SUNSET   707 PM EDT
MARCH 26 2017.........SUNRISE   640 AM EDT   SUNSET   708 PM EDT


-  INDICATES NEGATIVE NUMBERS.
R  INDICATES RECORD WAS SET OR TIED.
MM INDICATES DATA IS MISSING.
T  INDICATES TRACE AMOUNT.




$$
