000
CDUS41 KBTV 310535
CLI1V4


CLIMATE REPORT
NATIONAL WEATHER SERVICE BURLINGTON VT
135 AM EDT TUE MAY 31 2016


...................................

...THE ST. JOHNSBURY VT CLIMATE SUMMARY FOR MAY 30 2016...

CLIMATE NORMAL PERIOD 1981 TO 2010
CLIMATE RECORD PERIOD 1894 TO 2016


WEATHER ITEM   OBSERVED TIME   RECORD YEAR NORMAL DEPARTURE LAST
                VALUE   (LST)  VALUE       VALUE  FROM      YEAR
                                                  NORMAL
..................................................................
TEMPERATURE (F)
 YESTERDAY
  MAXIMUM         84    248 PM  94    1929  73     11       87
  MINIMUM         60    532 AM  29    1915  49     11       57
  AVERAGE         72                        61     11       72

PRECIPITATION (IN)
  YESTERDAY        0.01          1.60 1984   0.12  -0.11     0.86
  MONTH TO DATE    3.04                      3.24  -0.20     2.57
  SINCE MAR 1      7.84                      8.61  -0.77     6.36
  SINCE JAN 1     12.58                     13.29  -0.71    10.92

DEGREE DAYS
 HEATING
  YESTERDAY        0                         5     -5        0
  MONTH TO DATE  288                       280      8      178
  SINCE MAR 1   1952                      1975    -23     2155
  SINCE JUL 1   6837                      7699   -862     8220

 COOLING
  YESTERDAY        7                         1      6        7
  MONTH TO DATE   39                        13     26       38
  SINCE MAR 1     39                        14     25       38
  SINCE JAN 1     39                        14     25       38
..................................................................


WIND (MPH)
  HIGHEST WIND SPEED    MM   HIGHEST WIND DIRECTION    MM
  HIGHEST GUST SPEED    MM   HIGHEST GUST DIRECTION    MM
  AVERAGE WIND SPEED    MM


SKY COVER
  AVERAGE SKY COVER 0.0


WEATHER CONDITIONS
 THE FOLLOWING WEATHER WAS RECORDED YESTERDAY.
  NO SIGNIFICANT WEATHER WAS OBSERVED.


RELATIVE HUMIDITY (PERCENT)
 HIGHEST    90           600 AM
 LOWEST     47           300 PM
 AVERAGE    69

..........................................................


THE ST. JOHNSBURY VT CLIMATE NORMALS FOR TODAY
                         NORMAL    RECORD    YEAR
 MAXIMUM TEMPERATURE (F)   73        92      1937
 MINIMUM TEMPERATURE (F)   49        25      1961


SUNRISE AND SUNSET
MAY 31 2016...........SUNRISE   507 AM EDT   SUNSET   825 PM EDT
JUNE  1 2016..........SUNRISE   507 AM EDT   SUNSET   826 PM EDT


-  INDICATES NEGATIVE NUMBERS.
R  INDICATES RECORD WAS SET OR TIED.
MM INDICATES DATA IS MISSING.
T  INDICATES TRACE AMOUNT.




$$
