000
CDUS43 KUNR 280833
CLI2WX


CLIMATE REPORT
NATIONAL WEATHER SERVICE RAPID CITY SD
132 AM MST TUE FEB 28 2017


...................................

...THE BUFFALO SD CLIMATE SUMMARY FOR FEBRUARY 27 2017...

CLIMATE NORMAL PERIOD 1981 TO 2010
CLIMATE RECORD PERIOD 9999 TO 9999


WEATHER ITEM   OBSERVED TIME   NORMAL DEPARTURE LAST
                VALUE   (LST)  VALUE  FROM      YEAR
                                      NORMAL
......................................................
TEMPERATURE (F)
 YESTERDAY
  MAXIMUM         36    307 PM  37     -1       68
  MINIMUM         18    542 AM  16      2       35
  AVERAGE         27            27      0       52

PRECIPITATION (IN)
  YESTERDAY        0.00          0.02  -0.02     0.00
  MONTH TO DATE    0.04          0.27  -0.23     0.27
  SINCE DEC 1      1.24          0.85   0.39     0.90
  SINCE JAN 1      0.07          0.56  -0.49     0.44

DEGREE DAYS
 HEATING
  YESTERDAY       38            38      0       13
  MONTH TO DATE  945          1121   -176      811
  SINCE DEC 1   4019          3862    157     3259
  SINCE JUL 1   5309          5760   -451     4721

 COOLING
  YESTERDAY        0             0      0        0
  MONTH TO DATE    0             0      0        0
  SINCE DEC 1      0             0      0        0
  SINCE JAN 1      0             0      0        0
......................................................


WIND (MPH)
  HIGHEST WIND SPEED    20   HIGHEST WIND DIRECTION    NE (60)
  HIGHEST GUST SPEED    24   HIGHEST GUST DIRECTION     E (70)
  AVERAGE WIND SPEED     9.4




RELATIVE HUMIDITY (PERCENT)
 HIGHEST    92          1200 AM
 LOWEST     52           100 PM
 AVERAGE    72

..........................................................




SUNRISE AND SUNSET
FEBRUARY 28 2017......SUNRISE   634 AM MST   SUNSET   540 PM MST
MARCH  1 2017.........SUNRISE   632 AM MST   SUNSET   541 PM MST


-  INDICATES NEGATIVE NUMBERS.
R  INDICATES RECORD WAS SET OR TIED.
MM INDICATES DATA IS MISSING.
T  INDICATES TRACE AMOUNT.




$$
