000
CDUS43 KUNR 210831
CLI2WX


CLIMATE REPORT
NATIONAL WEATHER SERVICE RAPID CITY SD
231 AM MDT MON APR 21 2014


...................................

...THE BUFFALO SD CLIMATE SUMMARY FOR APRIL 20 2014...

CLIMATE NORMAL PERIOD 1981 TO 2010
CLIMATE RECORD PERIOD 9999 TO 9999


WEATHER ITEM   OBSERVED TIME   RECORD YEAR NORMAL DEPARTURE LAST
                VALUE   (LST)  VALUE       VALUE  FROM      YEAR
                                                  NORMAL
..................................................................
TEMPERATURE (F)
 YESTERDAY
  MAXIMUM         70   1027 AM              57     13       43
  MINIMUM         39   1152 PM              33      6       26
  AVERAGE         55                        45     10       35

PRECIPITATION (IN)
  YESTERDAY        0.00         MM      MM   0.04  -0.04     0.12
  MONTH TO DATE    0.27                      0.88  -0.61     1.02
  SINCE MAR 1      1.15                      1.65  -0.50     1.35
  SINCE JAN 1      1.73                      2.22  -0.49     1.50

DEGREE DAYS
 HEATING
  YESTERDAY       10                        20    -10       30
  MONTH TO DATE  511                       469     42      620
  SINCE MAR 1   1620                      1475    145     1679
  SINCE JUL 1   7677                      7272    405     7016

 COOLING
  YESTERDAY        0                         0      0        0
  MONTH TO DATE    0                         0      0        0
  SINCE MAR 1      0                         0      0        0
  SINCE JAN 1      0                         0      0        0
..................................................................


WIND (MPH)
  HIGHEST WIND SPEED    31   HIGHEST WIND DIRECTION    NW (310)
  HIGHEST GUST SPEED    39   HIGHEST GUST DIRECTION    NW (300)
  AVERAGE WIND SPEED    13.9




RELATIVE HUMIDITY (PERCENT)
 HIGHEST    60           600 AM
 LOWEST     16           500 PM
 AVERAGE    38

..........................................................




SUNRISE AND SUNSET
APRIL 21 2014.........SUNRISE   558 AM MDT   SUNSET   748 PM MDT
APRIL 22 2014.........SUNRISE   556 AM MDT   SUNSET   750 PM MDT


-  INDICATES NEGATIVE NUMBERS.
R  INDICATES RECORD WAS SET OR TIED.
MM INDICATES DATA IS MISSING.
T  INDICATES TRACE AMOUNT.




$$
