363
CDUS43 KUNR 280832
CLI2WX


CLIMATE REPORT
NATIONAL WEATHER SERVICE RAPID CITY SD
232 AM MDT FRI APR 28 2017


...................................

...THE BUFFALO SD CLIMATE SUMMARY FOR APRIL 27 2017...

CLIMATE NORMAL PERIOD 1981 TO 2010
CLIMATE RECORD PERIOD 9999 TO 9999


WEATHER ITEM   OBSERVED TIME   NORMAL DEPARTURE LAST
                VALUE   (LST)  VALUE  FROM      YEAR
                                      NORMAL
......................................................
TEMPERATURE (F)
 YESTERDAY
  MAXIMUM         51    251 PM  60     -9       37
  MINIMUM         25    511 AM  35    -10       33
  AVERAGE         38            48    -10       35

PRECIPITATION (IN)
  YESTERDAY        0.00          0.08  -0.08     0.72
  MONTH TO DATE    3.20          1.30   1.90     2.13
  SINCE MAR 1      4.71          2.07   2.64     2.38
  SINCE JAN 1      5.01          2.64   2.37     3.04

DEGREE DAYS
 HEATING
  YESTERDAY       27            18      9       30
  MONTH TO DATE  516           600    -84      492
  SINCE MAR 1   1356          1606   -250     1233
  SINCE JUL 1   6707          7403   -696     6011

 COOLING
  YESTERDAY        0             0      0        0
  MONTH TO DATE    0             0      0        0
  SINCE MAR 1      0             0      0        0
  SINCE JAN 1      0             0      0        0
......................................................


WIND (MPH)
  HIGHEST WIND SPEED    17   HIGHEST WIND DIRECTION     E (90)
  HIGHEST GUST SPEED    22   HIGHEST GUST DIRECTION     E (80)
  AVERAGE WIND SPEED    10.6




RELATIVE HUMIDITY (PERCENT)
 HIGHEST    92           300 AM
 LOWEST     39           200 PM
 AVERAGE    66

..........................................................




SUNRISE AND SUNSET
APRIL 28 2017.........SUNRISE   546 AM MDT   SUNSET   758 PM MDT
APRIL 29 2017.........SUNRISE   545 AM MDT   SUNSET   759 PM MDT


-  INDICATES NEGATIVE NUMBERS.
R  INDICATES RECORD WAS SET OR TIED.
MM INDICATES DATA IS MISSING.
T  INDICATES TRACE AMOUNT.




$$
