000
CDUS43 KUNR 240832
CLI2WX


CLIMATE REPORT
NATIONAL WEATHER SERVICE RAPID CITY SD
132 AM MST WED DEC 24 2014


...................................

...THE BUFFALO SD CLIMATE SUMMARY FOR DECEMBER 23 2014...

CLIMATE NORMAL PERIOD 1981 TO 2010
CLIMATE RECORD PERIOD 9999 TO 9999


WEATHER ITEM   OBSERVED TIME   NORMAL DEPARTURE LAST
                VALUE   (LST)  VALUE  FROM      YEAR
                                      NORMAL
......................................................
TEMPERATURE (F)
 YESTERDAY
  MAXIMUM         33    400 PM  30      3       10
  MINIMUM         17    837 PM  10      7      -13
  AVERAGE         25            20      5       -1

PRECIPITATION (IN)
  YESTERDAY        0.00          0.01  -0.01     0.00
  MONTH TO DATE    0.07          0.19  -0.12     0.79
  SINCE DEC 1      0.07          0.19  -0.12     0.79
  SINCE JAN 1     16.98         14.42   2.56    12.94

DEGREE DAYS
 HEATING
  YESTERDAY       40            45     -5       66
  MONTH TO DATE  783          1003   -220     1217
  SINCE DEC 1    783          1003   -220     1217
  SINCE JUL 1   2704          2901   -197     3007

 COOLING
  YESTERDAY        0             0      0        0
  MONTH TO DATE    0             0      0        0
  SINCE DEC 1      0             0      0        0
  SINCE JAN 1    420           513    -93      587
......................................................


WIND (MPH)
  HIGHEST WIND SPEED    36   HIGHEST WIND DIRECTION    NW (320)
  HIGHEST GUST SPEED    41   HIGHEST GUST DIRECTION    NW (320)
  AVERAGE WIND SPEED    18.0




RELATIVE HUMIDITY (PERCENT)
 HIGHEST    92           800 PM
 LOWEST     64           400 PM
 AVERAGE    78

..........................................................




SUNRISE AND SUNSET
DECEMBER 24 2014......SUNRISE   733 AM MST   SUNSET   415 PM MST
DECEMBER 25 2014......SUNRISE   733 AM MST   SUNSET   415 PM MST


-  INDICATES NEGATIVE NUMBERS.
R  INDICATES RECORD WAS SET OR TIED.
MM INDICATES DATA IS MISSING.
T  INDICATES TRACE AMOUNT.




$$
