000
CDUS43 KUNR 290837
CLI2WX


CLIMATE REPORT
NATIONAL WEATHER SERVICE RAPID CITY SD
135 AM MST THU JAN 29 2015


...................................

...THE BUFFALO SD CLIMATE SUMMARY FOR JANUARY 28 2015...

CLIMATE NORMAL PERIOD 1981 TO 2010
CLIMATE RECORD PERIOD 9999 TO 9999


WEATHER ITEM   OBSERVED TIME   NORMAL DEPARTURE LAST
                VALUE   (LST)  VALUE  FROM      YEAR
                                      NORMAL
......................................................
TEMPERATURE (F)
 YESTERDAY
  MAXIMUM         51    950 AM  31     20       23
  MINIMUM         32   1001 PM  11     21       -5
  AVERAGE         42            21     21        9

PRECIPITATION (IN)
  YESTERDAY        0.00          0.01  -0.01     0.00
  MONTH TO DATE    0.27          0.27   0.00     0.02
  SINCE DEC 1      0.43          0.56  -0.13     1.18
  SINCE JAN 1      0.27          0.27   0.00     0.02

DEGREE DAYS
 HEATING
  YESTERDAY       23            44    -21       56
  MONTH TO DATE 1103          1249   -146     1175
  SINCE DEC 1   2288          2611   -323     2721
  SINCE JUL 1   4209          4509   -300     4511

 COOLING
  YESTERDAY        0             0      0        0
  MONTH TO DATE    0             0      0        0
  SINCE DEC 1      0             0      0        0
  SINCE JAN 1      0             0      0        0
......................................................


WIND (MPH)
  HIGHEST WIND SPEED    41   HIGHEST WIND DIRECTION    NW (320)
  HIGHEST GUST SPEED    51   HIGHEST GUST DIRECTION    NW (310)
  AVERAGE WIND SPEED    22.3




RELATIVE HUMIDITY (PERCENT)
 HIGHEST    89           300 PM
 LOWEST     42          1000 AM
 AVERAGE    66

..........................................................




SUNRISE AND SUNSET
JANUARY 29 2015.......SUNRISE   719 AM MST   SUNSET   456 PM MST
JANUARY 30 2015.......SUNRISE   718 AM MST   SUNSET   457 PM MST


-  INDICATES NEGATIVE NUMBERS.
R  INDICATES RECORD WAS SET OR TIED.
MM INDICATES DATA IS MISSING.
T  INDICATES TRACE AMOUNT.




$$
