502
CDUS43 KUNR 260841
CLI2WX


CLIMATE REPORT
NATIONAL WEATHER SERVICE RAPID CITY SD
241 AM MDT TUE SEP 26 2017


...................................

...THE BUFFALO SD CLIMATE SUMMARY FOR SEPTEMBER 25 2017...

CLIMATE NORMAL PERIOD 1981 TO 2010
CLIMATE RECORD PERIOD 9999 TO 9999


WEATHER ITEM   OBSERVED TIME   NORMAL DEPARTURE LAST
                VALUE   (LST)  VALUE  FROM      YEAR
                                      NORMAL
......................................................
TEMPERATURE (F)
 YESTERDAY
  MAXIMUM         51    341 PM  67    -16       65
  MINIMUM         38    200 AM  40     -2       44
  AVERAGE         45            54     -9       55

PRECIPITATION (IN)
  YESTERDAY        0.04          0.02   0.02     0.01
  MONTH TO DATE    2.70          1.02   1.68     1.02
  SINCE SEP 1      2.70          1.02   1.68     1.02
  SINCE JAN 1     14.22         13.16   1.06     8.70

DEGREE DAYS
 HEATING
  YESTERDAY       20            12      8       10
  MONTH TO DATE  172           174     -2      123
  SINCE SEP 1    172           174     -2      123
  SINCE JUL 1    183           226    -43      153

 COOLING
  YESTERDAY        0             0      0        0
  MONTH TO DATE   90            40     50       37
  SINCE SEP 1     90            40     50       37
  SINCE JAN 1    740           511    229      729
......................................................


WIND (MPH)
  HIGHEST WIND SPEED     8   HIGHEST WIND DIRECTION    SE (140)
  HIGHEST GUST SPEED    10   HIGHEST GUST DIRECTION    SE (140)
  AVERAGE WIND SPEED     2.8




RELATIVE HUMIDITY (PERCENT)
 HIGHEST   100           100 AM
 LOWEST     66           200 PM
 AVERAGE    83

..........................................................




SUNRISE AND SUNSET
SEPTEMBER 26 2017.....SUNRISE   646 AM MDT   SUNSET   643 PM MDT
SEPTEMBER 27 2017.....SUNRISE   648 AM MDT   SUNSET   641 PM MDT


-  INDICATES NEGATIVE NUMBERS.
R  INDICATES RECORD WAS SET OR TIED.
MM INDICATES DATA IS MISSING.
T  INDICATES TRACE AMOUNT.




$$
