000
CDUS43 KUNR 030843
CLI2WX


CLIMATE REPORT
NATIONAL WEATHER SERVICE RAPID CITY SD
243 AM MDT FRI JUL 3 2015


...................................

...THE BUFFALO SD CLIMATE SUMMARY FOR JULY 2 2015...

CLIMATE NORMAL PERIOD 1981 TO 2010
CLIMATE RECORD PERIOD 9999 TO 9999


WEATHER ITEM   OBSERVED TIME   NORMAL DEPARTURE LAST
                VALUE   (LST)  VALUE  FROM      YEAR
                                      NORMAL
......................................................
TEMPERATURE (F)
 YESTERDAY
  MAXIMUM         80    342 PM  82     -2       77
  MINIMUM         58    243 AM  55      3       49
  AVERAGE         69            68      1       63

PRECIPITATION (IN)
  YESTERDAY        0.00          0.06  -0.06     0.00
  MONTH TO DATE    0.01          0.13  -0.12     0.00
  SINCE JUN 1      2.74          2.76  -0.02     5.54
  SINCE JAN 1      7.30          8.80  -1.50     9.88

DEGREE DAYS
 HEATING
  YESTERDAY        0             1     -1        2
  MONTH TO DATE    0             2     -2        4
  SINCE JUN 1     43           116    -73      139
  SINCE JUL 1      0             2     -2        4

 COOLING
  YESTERDAY        4             5     -1        0
  MONTH TO DATE   10             9      1        0
  SINCE JUN 1    101            71     30       16
  SINCE JAN 1    101            77     24       46
......................................................


WIND (MPH)
  HIGHEST WIND SPEED    25   HIGHEST WIND DIRECTION    NW (320)
  HIGHEST GUST SPEED    30   HIGHEST GUST DIRECTION    NW (330)
  AVERAGE WIND SPEED    10.9




RELATIVE HUMIDITY (PERCENT)
 HIGHEST   100           200 AM
 LOWEST     42           300 PM
 AVERAGE    71

..........................................................




SUNRISE AND SUNSET
JULY  3 2015..........SUNRISE   510 AM MDT   SUNSET   846 PM MDT
JULY  4 2015..........SUNRISE   511 AM MDT   SUNSET   846 PM MDT


-  INDICATES NEGATIVE NUMBERS.
R  INDICATES RECORD WAS SET OR TIED.
MM INDICATES DATA IS MISSING.
T  INDICATES TRACE AMOUNT.




$$
