000
CDUS43 KUNR 280839
CLI2WX


CLIMATE REPORT
NATIONAL WEATHER SERVICE RAPID CITY SD
136 AM MST SAT FEB 28 2015


...................................

...THE BUFFALO SD CLIMATE SUMMARY FOR FEBRUARY 27 2015...

CLIMATE NORMAL PERIOD 1981 TO 2010
CLIMATE RECORD PERIOD 9999 TO 9999


WEATHER ITEM   OBSERVED TIME   NORMAL DEPARTURE LAST
                VALUE   (LST)  VALUE  FROM      YEAR
                                      NORMAL
......................................................
TEMPERATURE (F)
 YESTERDAY
  MAXIMUM         27    330 PM  37    -10       23
  MINIMUM         -7    602 AM  16    -23       -1
  AVERAGE         10            27    -17       11

PRECIPITATION (IN)
  YESTERDAY        0.00          0.02  -0.02     0.00
  MONTH TO DATE    0.13          0.27  -0.14     0.28
  SINCE DEC 1      0.63          0.85  -0.22     1.63
  SINCE JAN 1      0.47          0.56  -0.09     0.47

DEGREE DAYS
 HEATING
  YESTERDAY       55            38     17       54
  MONTH TO DATE 1087          1121    -34     1348
  SINCE DEC 1   3485          3862   -377     4215
  SINCE JUL 1   5406          5760   -354     6005

 COOLING
  YESTERDAY        0             0      0        0
  MONTH TO DATE    0             0      0        0
  SINCE DEC 1      0             0      0        0
  SINCE JAN 1      0             0      0        0
......................................................


WIND (MPH)
  HIGHEST WIND SPEED    22   HIGHEST WIND DIRECTION     S (170)
  HIGHEST GUST SPEED    29   HIGHEST GUST DIRECTION    SE (150)
  AVERAGE WIND SPEED    10.1




RELATIVE HUMIDITY (PERCENT)
 HIGHEST    83           600 AM
 LOWEST     50           200 PM
 AVERAGE    67

..........................................................




SUNRISE AND SUNSET
FEBRUARY 28 2015......SUNRISE   635 AM MST   SUNSET   539 PM MST
MARCH  1 2015.........SUNRISE   633 AM MST   SUNSET   541 PM MST


-  INDICATES NEGATIVE NUMBERS.
R  INDICATES RECORD WAS SET OR TIED.
MM INDICATES DATA IS MISSING.
T  INDICATES TRACE AMOUNT.




$$
