000
CDUS43 KUNR 230843
CLI2WX


CLIMATE REPORT
NATIONAL WEATHER SERVICE RAPID CITY SD
239 AM MDT SAT MAY 23 2015


...................................

...THE BUFFALO SD CLIMATE SUMMARY FOR MAY 22 2015...

CLIMATE NORMAL PERIOD 1981 TO 2010
CLIMATE RECORD PERIOD 9999 TO 9999


WEATHER ITEM   OBSERVED TIME   NORMAL DEPARTURE LAST
                VALUE   (LST)  VALUE  FROM      YEAR
                                      NORMAL
......................................................
TEMPERATURE (F)
 YESTERDAY
  MAXIMUM         68   1251 PM  67      1       79
  MINIMUM         37    258 AM  44     -7       49
  AVERAGE         53            55     -2       64

PRECIPITATION (IN)
  YESTERDAY        0.00          0.14  -0.14     0.00
  MONTH TO DATE    1.16          1.80  -0.64     0.86
  SINCE MAR 1      2.41          4.12  -1.71     2.96
  SINCE JAN 1      2.88          4.69  -1.81     3.54

DEGREE DAYS
 HEATING
  YESTERDAY       12            10      2        1
  MONTH TO DATE  329           286     43      337
  SINCE MAR 1   1632          1942   -310     2141
  SINCE JUL 1   7090          7739   -649     8198

 COOLING
  YESTERDAY        0             0      0        0
  MONTH TO DATE    0             0      0        0
  SINCE MAR 1      0             0      0        0
  SINCE JAN 1      0             0      0        0
......................................................


WIND (MPH)
  HIGHEST WIND SPEED    31   HIGHEST WIND DIRECTION    SE (150)
  HIGHEST GUST SPEED    36   HIGHEST GUST DIRECTION    SE (140)
  AVERAGE WIND SPEED    15.6




RELATIVE HUMIDITY (PERCENT)
 HIGHEST    76          1100 PM
 LOWEST     32           100 PM
 AVERAGE    54

..........................................................




SUNRISE AND SUNSET
MAY 23 2015...........SUNRISE   515 AM MDT   SUNSET   827 PM MDT
MAY 24 2015...........SUNRISE   514 AM MDT   SUNSET   828 PM MDT


-  INDICATES NEGATIVE NUMBERS.
R  INDICATES RECORD WAS SET OR TIED.
MM INDICATES DATA IS MISSING.
T  INDICATES TRACE AMOUNT.




$$
