000
CDUS43 KUNR 250831
CLI2WX


CLIMATE REPORT
NATIONAL WEATHER SERVICE RAPID CITY SD
230 AM MDT FRI APR 25 2014


...................................

...THE BUFFALO SD CLIMATE SUMMARY FOR APRIL 24 2014...

CLIMATE NORMAL PERIOD 1981 TO 2010
CLIMATE RECORD PERIOD 9999 TO 9999


WEATHER ITEM   OBSERVED TIME   RECORD YEAR NORMAL DEPARTURE LAST
                VALUE   (LST)  VALUE       VALUE  FROM      YEAR
                                                  NORMAL
..................................................................
TEMPERATURE (F)
 YESTERDAY
  MAXIMUM         61    353 PM              59      2       45
  MINIMUM         31    426 AM              34     -3       29
  AVERAGE         46                        46      0       37

PRECIPITATION (IN)
  YESTERDAY        0.00         MM      MM   0.05  -0.05     0.00
  MONTH TO DATE    0.27                      1.09  -0.82     1.13
  SINCE MAR 1      1.15                      1.86  -0.71     1.46
  SINCE JAN 1      1.73                      2.43  -0.70     1.61

DEGREE DAYS
 HEATING
  YESTERDAY       19                        19      0       28
  MONTH TO DATE  569                       546     23      749
  SINCE MAR 1   1678                      1552    126     1808
  SINCE JUL 1   7735                      7349    386     7145

 COOLING
  YESTERDAY        0                         0      0        0
  MONTH TO DATE    0                         0      0        0
  SINCE MAR 1      0                         0      0        0
  SINCE JAN 1      0                         0      0        0
..................................................................


WIND (MPH)
  HIGHEST WIND SPEED    37   HIGHEST WIND DIRECTION     W (280)
  HIGHEST GUST SPEED    45   HIGHEST GUST DIRECTION     W (280)
  AVERAGE WIND SPEED    17.1




RELATIVE HUMIDITY (PERCENT)
 HIGHEST    66           100 AM
 LOWEST     22           200 PM
 AVERAGE    44

..........................................................




SUNRISE AND SUNSET
APRIL 25 2014.........SUNRISE   552 AM MDT   SUNSET   754 PM MDT
APRIL 26 2014.........SUNRISE   550 AM MDT   SUNSET   755 PM MDT


-  INDICATES NEGATIVE NUMBERS.
R  INDICATES RECORD WAS SET OR TIED.
MM INDICATES DATA IS MISSING.
T  INDICATES TRACE AMOUNT.




$$
