000
CDUS43 KABR 291040
CLI8D3


CLIMATE REPORT
NATIONAL WEATHER SERVICE ABERDEEN SD
539 AM CDT TUE JUL 29 2014


...................................

...THE SISSETON SD CLIMATE SUMMARY FOR JULY 28 2014...

CLIMATE NORMAL PERIOD 1981 TO 2010
CLIMATE RECORD PERIOD 1900 TO 2014


WEATHER ITEM   OBSERVED TIME   RECORD YEAR NORMAL DEPARTURE LAST
                VALUE   (LST)  VALUE       VALUE  FROM      YEAR
                                                  NORMAL
..................................................................
TEMPERATURE (F)
 YESTERDAY
  MAXIMUM         73   1255 PM 105    1975  83    -10       74
  MINIMUM         53   1153 PM  42    2013  60     -7       42
  AVERAGE         63                        72     -9       58

PRECIPITATION (IN)
  YESTERDAY        0.00          1.60 1942   0.11  -0.11     0.00
  MONTH TO DATE    1.74                      3.27  -1.53     2.61
  SINCE JUN 1     10.41                      7.01   3.40     8.19
  SINCE JAN 1     18.78                     13.99   4.79    17.53

DEGREE DAYS
 HEATING
  YESTERDAY        2                         0      2        7
  MONTH TO DATE   19                         3     16       19
  SINCE JUN 1     54                        65    -11       88
  SINCE JUL 1     19                         3     16       19

 COOLING
  YESTERDAY        0                         7     -7        0
  MONTH TO DATE  127                       185    -58      201
  SINCE JUN 1    215                       279    -64      318
  SINCE JAN 1    276                       302    -26      343
..................................................................


WIND (MPH)
  HIGHEST WIND SPEED    15   HIGHEST WIND DIRECTION    NE (30)
  HIGHEST GUST SPEED    21   HIGHEST GUST DIRECTION     N (10)
  AVERAGE WIND SPEED     7.6


SKY COVER
  POSSIBLE SUNSHINE  MM
  AVERAGE SKY COVER 0.0


WEATHER CONDITIONS
 THE FOLLOWING WEATHER WAS RECORDED YESTERDAY.
  NO SIGNIFICANT WEATHER WAS OBSERVED.


RELATIVE HUMIDITY (PERCENT)
 HIGHEST   100          1200 AM
 LOWEST     47          1200 PM
 AVERAGE    74

..........................................................


THE SISSETON SD CLIMATE NORMALS FOR TODAY
                         NORMAL    RECORD    YEAR
 MAXIMUM TEMPERATURE (F)   83       103      1975
 MINIMUM TEMPERATURE (F)   60        40      1952


SUNRISE AND SUNSET
JULY 29 2014..........SUNRISE   608 AM CDT   SUNSET   900 PM CDT
JULY 30 2014..........SUNRISE   609 AM CDT   SUNSET   859 PM CDT


-  INDICATES NEGATIVE NUMBERS.
R  INDICATES RECORD WAS SET OR TIED.
MM INDICATES DATA IS MISSING.
T  INDICATES TRACE AMOUNT.




$$
