000
CDUS43 KABR 222226
CLI8D3


CLIMATE REPORT
NATIONAL WEATHER SERVICE ABERDEEN SD
526 PM CDT FRI AUG 22 2014


...................................

...THE SISSETON SD CLIMATE SUMMARY FOR AUGUST 22 2014...
VALID TODAY AS OF 0500 PM LOCAL TIME.

CLIMATE NORMAL PERIOD 1981 TO 2010
CLIMATE RECORD PERIOD 1900 TO 2014


WEATHER ITEM   OBSERVED TIME   RECORD YEAR NORMAL DEPARTURE LAST
                VALUE   (LST)  VALUE       VALUE  FROM      YEAR
                                                  NORMAL
..................................................................
TEMPERATURE (F)
 TODAY
  MAXIMUM         80    215 PM 101    1947  80      0       81
  MINIMUM         62    438 AM  41    1987  57              54
  AVERAGE         71                        68      3       68

PRECIPITATION (IN)
  TODAY            0.00          1.80 1998   0.09  -0.09     0.00
  MONTH TO DATE    1.71                      1.70   0.01     0.64
  SINCE JUN 1     12.12                      9.02   3.10     9.02
  SINCE JAN 1     20.49                     16.00   4.49    18.36

DEGREE DAYS
 COOLING
  TODAY            6                         4      2        3
  MONTH TO DATE  103                       123    -20       64
  SINCE JUN 1    321                       422   -101      387
  SINCE JAN 1    382                       445    -63      412
..................................................................


WIND (MPH)
  HIGHEST WIND SPEED    12   HIGHEST WIND DIRECTION     N (360)
  HIGHEST GUST SPEED    14   HIGHEST GUST DIRECTION     N (350)
  AVERAGE WIND SPEED     4.9


SKY COVER
  POSSIBLE SUNSHINE  MM
  AVERAGE SKY COVER 0.0


WEATHER CONDITIONS
 THE FOLLOWING WEATHER WAS RECORDED TODAY.
  NO SIGNIFICANT WEATHER WAS OBSERVED.


RELATIVE HUMIDITY (PERCENT)
 HIGHEST   100          1200 AM
 LOWEST     74           200 PM
 AVERAGE    87

..........................................................


THE SISSETON SD CLIMATE NORMALS FOR TOMORROW
                         NORMAL    RECORD    YEAR
 MAXIMUM TEMPERATURE (F)   80       102      1936
 MINIMUM TEMPERATURE (F)   56        40      1984


SUNRISE AND SUNSET
AUGUST 22 2014........SUNRISE   637 AM CDT   SUNSET   824 PM CDT
AUGUST 23 2014........SUNRISE   638 AM CDT   SUNSET   822 PM CDT


-  INDICATES NEGATIVE NUMBERS.
R  INDICATES RECORD WAS SET OR TIED.
MM INDICATES DATA IS MISSING.
T  INDICATES TRACE AMOUNT.




$$
