000
CDUS43 KABR 272237
CLI8D3


CLIMATE REPORT
NATIONAL WEATHER SERVICE ABERDEEN SD
536 PM CDT SAT AUG 27 2016


...................................

...THE SISSETON SD CLIMATE SUMMARY FOR AUGUST 27 2016...
VALID TODAY AS OF 0500 PM LOCAL TIME.

CLIMATE NORMAL PERIOD 1981 TO 2010
CLIMATE RECORD PERIOD 1900 TO 2016


WEATHER ITEM   OBSERVED TIME   RECORD YEAR NORMAL DEPARTURE LAST
                VALUE   (LST)  VALUE       VALUE  FROM      YEAR
                                                  NORMAL
..................................................................
TEMPERATURE (F)
 TODAY
  MAXIMUM         76    317 PM 103    1973  79     -3       78
  MINIMUM         59    520 AM  39    1986  55              56
  AVERAGE         68                        67      1       67

PRECIPITATION (IN)
  TODAY            0.00          0.65 1936   0.08  -0.08     0.00
  MONTH TO DATE    4.11                      2.10   2.01     2.19
  SINCE JUN 1     10.23                      9.42   0.81     6.74
  SINCE JAN 1     15.27                     16.40  -1.13    14.39

DEGREE DAYS
 COOLING
  TODAY            3                         4     -1        2
  MONTH TO DATE  148                       143      5      120
  SINCE JUN 1    518                       442     76      452
  SINCE JAN 1    555                       465     90      469
..................................................................


WIND (MPH)
  HIGHEST WIND SPEED    16   HIGHEST WIND DIRECTION     S (170)
  HIGHEST GUST SPEED    21   HIGHEST GUST DIRECTION     S (170)
  AVERAGE WIND SPEED     8.3


SKY COVER
  POSSIBLE SUNSHINE  MM
  AVERAGE SKY COVER 0.0


WEATHER CONDITIONS
 THE FOLLOWING WEATHER WAS RECORDED TODAY.
  NO SIGNIFICANT WEATHER WAS OBSERVED.


RELATIVE HUMIDITY (PERCENT)
 HIGHEST    97           100 AM
 LOWEST     64          1200 PM
 AVERAGE    81

..........................................................


THE SISSETON SD CLIMATE NORMALS FOR TOMORROW
                         NORMAL    RECORD    YEAR
 MAXIMUM TEMPERATURE (F)   79       101      1973
 MINIMUM TEMPERATURE (F)   55        36      1965


SUNRISE AND SUNSET
AUGUST 27 2016........SUNRISE   644 AM CDT   SUNSET   814 PM CDT
AUGUST 28 2016........SUNRISE   645 AM CDT   SUNSET   812 PM CDT


-  INDICATES NEGATIVE NUMBERS.
R  INDICATES RECORD WAS SET OR TIED.
MM INDICATES DATA IS MISSING.
T  INDICATES TRACE AMOUNT.




$$
