000
CDUS43 KABR 252241
CLI8D3


CLIMATE REPORT
NATIONAL WEATHER SERVICE ABERDEEN SD
540 PM CDT SUN SEP 25 2016


...................................

...THE SISSETON SD CLIMATE SUMMARY FOR SEPTEMBER 25 2016...
VALID TODAY AS OF 0500 PM LOCAL TIME.

CLIMATE NORMAL PERIOD 1981 TO 2010
CLIMATE RECORD PERIOD 1900 TO 2016


WEATHER ITEM   OBSERVED TIME   RECORD YEAR NORMAL DEPARTURE LAST
                VALUE   (LST)  VALUE       VALUE  FROM      YEAR
                                                  NORMAL
..................................................................
TEMPERATURE (F)
 TODAY
  MAXIMUM         66    353 PM  90    1938  68     -2       81
  MINIMUM         54    444 AM  30    1982  43              50
  AVERAGE         60                        56      4       66

PRECIPITATION (IN)
  TODAY            0.00          1.90 1996   0.09  -0.09     0.00
  MONTH TO DATE    2.20                      2.10   0.10     0.34
  SINCE SEP 1      2.20                      2.10   0.10     0.34
  SINCE JAN 1     17.64                     18.84  -1.20    14.73

DEGREE DAYS
 HEATING
  TODAY            5                        10     -5        0
  MONTH TO DATE   65                       148    -83       66
  SINCE SEP 1     65                       148    -83       66
  SINCE JUL 1     92                       191    -99      124

 COOLING
  TODAY            0                         1     -1        1
  MONTH TO DATE   44                        44      0      105
  SINCE SEP 1     44                        44      0      105
  SINCE JAN 1    625                       523    102      606
..................................................................


WIND (MPH)
  HIGHEST WIND SPEED    31   HIGHEST WIND DIRECTION    NW (330)
  HIGHEST GUST SPEED    42   HIGHEST GUST DIRECTION    NW (300)
  AVERAGE WIND SPEED    18.1


SKY COVER
  POSSIBLE SUNSHINE  MM
  AVERAGE SKY COVER 0.0


WEATHER CONDITIONS
 THE FOLLOWING WEATHER WAS RECORDED TODAY.
  NO SIGNIFICANT WEATHER WAS OBSERVED.


RELATIVE HUMIDITY (PERCENT)
 HIGHEST    93          1200 AM
 LOWEST     37           400 PM
 AVERAGE    65

..........................................................


THE SISSETON SD CLIMATE NORMALS FOR TOMORROW
                         NORMAL    RECORD    YEAR
 MAXIMUM TEMPERATURE (F)   68        92      1974
 MINIMUM TEMPERATURE (F)   43        22      1965


SUNRISE AND SUNSET
SEPTEMBER 25 2016.....SUNRISE   719 AM CDT   SUNSET   719 PM CDT
SEPTEMBER 26 2016.....SUNRISE   721 AM CDT   SUNSET   717 PM CDT


-  INDICATES NEGATIVE NUMBERS.
R  INDICATES RECORD WAS SET OR TIED.
MM INDICATES DATA IS MISSING.
T  INDICATES TRACE AMOUNT.




$$
