000
CDUS43 KABR 232238
CLI8D3


CLIMATE REPORT
NATIONAL WEATHER SERVICE ABERDEEN SD
537 PM CDT WED AUG 23 2017


...................................

...THE SISSETON SD CLIMATE SUMMARY FOR AUGUST 23 2017...
VALID TODAY AS OF 0500 PM LOCAL TIME.

CLIMATE NORMAL PERIOD 1981 TO 2010
CLIMATE RECORD PERIOD 1900 TO 2017


WEATHER ITEM   OBSERVED TIME   RECORD YEAR NORMAL DEPARTURE LAST
                VALUE   (LST)  VALUE       VALUE  FROM      YEAR
                                                  NORMAL
..................................................................
TEMPERATURE (F)
 TODAY
  MAXIMUM         78    247 PM 102    1936  80     -2       87
  MINIMUM         47    512 AM  40    1984  56              69
  AVERAGE         63                        68     -5       78

PRECIPITATION (IN)
  TODAY            0.00          1.02 1990   0.08  -0.08     0.00
  MONTH TO DATE    4.51                      1.78   2.73     4.10
  SINCE JUN 1      7.76                      9.10  -1.34    10.22
  SINCE JAN 1     11.93                     16.08  -4.15    15.26

DEGREE DAYS
 COOLING
  TODAY            0                         4     -4       13
  MONTH TO DATE   38                       127    -89      145
  SINCE JUN 1    436                       426     10      515
  SINCE JAN 1    452                       449      3      552
..................................................................


WIND (MPH)
  HIGHEST WIND SPEED    14   HIGHEST WIND DIRECTION    SE (130)
  HIGHEST GUST SPEED    19   HIGHEST GUST DIRECTION    SE (140)
  AVERAGE WIND SPEED     4.0


SKY COVER
  POSSIBLE SUNSHINE  MM
  AVERAGE SKY COVER 0.0


WEATHER CONDITIONS
 THE FOLLOWING WEATHER WAS RECORDED TODAY.
  NO SIGNIFICANT WEATHER WAS OBSERVED.


RELATIVE HUMIDITY (PERCENT)
 HIGHEST   100           600 AM
 LOWEST     46          1200 PM
 AVERAGE    73

..........................................................


THE SISSETON SD CLIMATE NORMALS FOR TOMORROW
                         NORMAL    RECORD    YEAR
 MAXIMUM TEMPERATURE (F)   80        98      1976
 MINIMUM TEMPERATURE (F)   56        37      1934


SUNRISE AND SUNSET
AUGUST 23 2017........SUNRISE   638 AM CDT   SUNSET   822 PM CDT
AUGUST 24 2017........SUNRISE   640 AM CDT   SUNSET   820 PM CDT


-  INDICATES NEGATIVE NUMBERS.
R  INDICATES RECORD WAS SET OR TIED.
MM INDICATES DATA IS MISSING.
T  INDICATES TRACE AMOUNT.




$$
