000
CDUS43 KABR 251032
CLI8D3


CLIMATE REPORT
NATIONAL WEATHER SERVICE ABERDEEN SD
531 AM CDT SAT MAR 25 2017


...................................

...THE SISSETON SD CLIMATE SUMMARY FOR MARCH 24 2017...

CLIMATE NORMAL PERIOD 1981 TO 2010
CLIMATE RECORD PERIOD 1900 TO 2017


WEATHER ITEM   OBSERVED TIME   RECORD YEAR NORMAL DEPARTURE LAST
                VALUE   (LST)  VALUE       VALUE  FROM      YEAR
                                                  NORMAL
..................................................................
TEMPERATURE (F)
 YESTERDAY
  MAXIMUM         46    403 PM  81    1939  43      3       51
  MINIMUM         28    952 PM -12    1974  24      4       16
  AVERAGE         37                        34      3       34

PRECIPITATION (IN)
  YESTERDAY        0.00          1.14 1975   0.03  -0.03     0.00
  MONTH TO DATE    0.26                      0.79  -0.53     0.33
  SINCE MAR 1      0.26                      0.79  -0.53     0.33
  SINCE JAN 1      1.46                      1.65  -0.19     1.50

SNOWFALL (IN)
  YESTERDAY        0.0
  MONTH TO DATE    3.4
  SINCE OCT 1     30.4
  SINCE JUL 1     30.4
  SNOW DEPTH       0

DEGREE DAYS
 HEATING
  YESTERDAY       28                        31     -3       31
  MONTH TO DATE  921                       877     44      650
  SINCE MAR 1    921                       877     44      650
  SINCE JUL 1   6185                      7136   -951     5951

 COOLING
  YESTERDAY        0                         0      0        0
  MONTH TO DATE    0                         0      0        0
  SINCE MAR 1      0                         0      0        0
  SINCE JAN 1      0                         0      0        0
..................................................................


WIND (MPH)
  HIGHEST WIND SPEED    20   HIGHEST WIND DIRECTION     N (10)
  HIGHEST GUST SPEED    23   HIGHEST GUST DIRECTION     N (10)
  AVERAGE WIND SPEED    11.0


SKY COVER
  POSSIBLE SUNSHINE  MM
  AVERAGE SKY COVER 0.0


WEATHER CONDITIONS
 THE FOLLOWING WEATHER WAS RECORDED YESTERDAY.
  NO SIGNIFICANT WEATHER WAS OBSERVED.


RELATIVE HUMIDITY (PERCENT)
 HIGHEST   100          1200 AM
 LOWEST     70           300 PM
 AVERAGE    85

..........................................................


THE SISSETON SD CLIMATE NORMALS FOR TODAY
                         NORMAL    RECORD    YEAR
 MAXIMUM TEMPERATURE (F)   44        79      1939
 MINIMUM TEMPERATURE (F)   24       -10      1964


SUNRISE AND SUNSET
MARCH 25 2017.........SUNRISE   721 AM CDT   SUNSET   748 PM CDT
MARCH 26 2017.........SUNRISE   719 AM CDT   SUNSET   749 PM CDT


-  INDICATES NEGATIVE NUMBERS.
R  INDICATES RECORD WAS SET OR TIED.
MM INDICATES DATA IS MISSING.
T  INDICATES TRACE AMOUNT.




$$
