000
CDUS43 KABR 281032
CLI8D3


CLIMATE REPORT
NATIONAL WEATHER SERVICE ABERDEEN SD
531 AM CDT WED JUN 28 2017


...................................

...THE SISSETON SD CLIMATE SUMMARY FOR JUNE 27 2017...

CLIMATE NORMAL PERIOD 1981 TO 2010
CLIMATE RECORD PERIOD 1900 TO 2017


WEATHER ITEM   OBSERVED TIME   RECORD YEAR NORMAL DEPARTURE LAST
                VALUE   (LST)  VALUE       VALUE  FROM      YEAR
                                                  NORMAL
..................................................................
TEMPERATURE (F)
 YESTERDAY
  MAXIMUM         82    334 PM  99    1936  80      2       74
  MINIMUM         48    454 AM  44    1985  58    -10       52
  AVERAGE         65                        69     -4       63

PRECIPITATION (IN)
  YESTERDAY        0.18          1.16 1939   0.12   0.06     0.00
  MONTH TO DATE    2.15                      3.46  -1.31     1.12
  SINCE JUN 1      2.15                      3.46  -1.31     1.12
  SINCE JAN 1      6.32                     10.44  -4.12     6.16

DEGREE DAYS
 HEATING
  YESTERDAY        0                         1     -1        2
  MONTH TO DATE   25                        60    -35       20
  SINCE JUN 1     25                        60    -35       20
  SINCE JUL 1   7175                      8281  -1106     6930

 COOLING
  YESTERDAY        0                         5     -5        0
  MONTH TO DATE  141                        80     61      164
  SINCE JUN 1    141                        80     61      164
  SINCE JAN 1    157                       103     54      201
..................................................................


WIND (MPH)
  HIGHEST WIND SPEED    26   HIGHEST WIND DIRECTION     S (160)
  HIGHEST GUST SPEED    33   HIGHEST GUST DIRECTION     S (160)
  AVERAGE WIND SPEED    15.8


SKY COVER
  POSSIBLE SUNSHINE  MM
  AVERAGE SKY COVER 0.0


WEATHER CONDITIONS
 THE FOLLOWING WEATHER WAS RECORDED YESTERDAY.
  THUNDERSTORM
  HEAVY RAIN
  RAIN
  LIGHT RAIN


RELATIVE HUMIDITY (PERCENT)
 HIGHEST    77           300 AM
 LOWEST     32           200 PM
 AVERAGE    55

..........................................................


THE SISSETON SD CLIMATE NORMALS FOR TODAY
                         NORMAL    RECORD    YEAR
 MAXIMUM TEMPERATURE (F)   81        98      1961
 MINIMUM TEMPERATURE (F)   58        44      1957


SUNRISE AND SUNSET
JUNE 28 2017..........SUNRISE   541 AM CDT   SUNSET   921 PM CDT
JUNE 29 2017..........SUNRISE   542 AM CDT   SUNSET   921 PM CDT


-  INDICATES NEGATIVE NUMBERS.
R  INDICATES RECORD WAS SET OR TIED.
MM INDICATES DATA IS MISSING.
T  INDICATES TRACE AMOUNT.




$$
