467
CDUS43 KABR 270911
CLI8D3


CLIMATE REPORT
NATIONAL WEATHER SERVICE ABERDEEN SD
410 AM CDT FRI MAY 27 2016


...................................

...THE SISSETON SD CLIMATE SUMMARY FOR MAY 26 2016...

CLIMATE NORMAL PERIOD 1981 TO 2010
CLIMATE RECORD PERIOD 1900 TO 2016


WEATHER ITEM   OBSERVED TIME   RECORD YEAR NORMAL DEPARTURE LAST
                VALUE   (LST)  VALUE       VALUE  FROM      YEAR
                                                  NORMAL
..................................................................
TEMPERATURE (F)
 YESTERDAY
  MAXIMUM         79    459 PM  94    1934  72      7       75
  MINIMUM         56    546 AM  32    1932  49      7       47
  AVERAGE         68                        60      8       61

PRECIPITATION (IN)
  YESTERDAY        0.01          0.97 1960   0.09  -0.08     0.00
  MONTH TO DATE    0.50                      2.27  -1.77     4.26
  SINCE MAR 1      3.50                      5.67  -2.17     5.84
  SINCE JAN 1      4.67                      6.53  -1.86     6.72

DEGREE DAYS
 HEATING
  YESTERDAY        0                         6     -6        4
  MONTH TO DATE  198                       237    -39      282
  SINCE MAR 1   1608                      1937   -329     1718
  SINCE JUL 1   6909                      8196  -1287     7987

 COOLING
  YESTERDAY        3                         1      2        0
  MONTH TO DATE   30                        17     13        2
  SINCE MAR 1     30                        18     12        2
  SINCE JAN 1     30                        18     12        2
..................................................................


WIND (MPH)
  HIGHEST WIND SPEED    26   HIGHEST WIND DIRECTION     W (290)
  HIGHEST GUST SPEED    35   HIGHEST GUST DIRECTION    NW (330)
  AVERAGE WIND SPEED    12.7


SKY COVER
  POSSIBLE SUNSHINE  MM
  AVERAGE SKY COVER 0.0


WEATHER CONDITIONS
 THE FOLLOWING WEATHER WAS RECORDED YESTERDAY.
  NO SIGNIFICANT WEATHER WAS OBSERVED.


RELATIVE HUMIDITY (PERCENT)
 HIGHEST    93          1200 AM
 LOWEST     33          1200 PM
 AVERAGE    63

..........................................................


THE SISSETON SD CLIMATE NORMALS FOR TODAY
                         NORMAL    RECORD    YEAR
 MAXIMUM TEMPERATURE (F)   73        98      1934
 MINIMUM TEMPERATURE (F)   49        32      1965


SUNRISE AND SUNSET
MAY 27 2016...........SUNRISE   545 AM CDT   SUNSET   906 PM CDT
MAY 28 2016...........SUNRISE   544 AM CDT   SUNSET   907 PM CDT


-  INDICATES NEGATIVE NUMBERS.
R  INDICATES RECORD WAS SET OR TIED.
MM INDICATES DATA IS MISSING.
T  INDICATES TRACE AMOUNT.




$$
