000
CDUS43 KABR 282330
CLI8D3


CLIMATE REPORT
NATIONAL WEATHER SERVICE ABERDEEN SD
528 PM CST FRI NOV 28 2014


...................................

...THE SISSETON SD CLIMATE SUMMARY FOR NOVEMBER 28 2014...
VALID TODAY AS OF 0500 PM LOCAL TIME.

CLIMATE NORMAL PERIOD 1981 TO 2010
CLIMATE RECORD PERIOD 1900 TO 2014


WEATHER ITEM   OBSERVED TIME   RECORD YEAR NORMAL DEPARTURE LAST
                VALUE   (LST)  VALUE       VALUE  FROM      YEAR
                                                  NORMAL
..................................................................
TEMPERATURE (F)
 TODAY
  MAXIMUM         19    308 PM  55    2002  33    -14       23
                                      1949
  MINIMUM          3    615 AM -12    1985  15               5
  AVERAGE         11                        24    -13       14

PRECIPITATION (IN)
  TODAY            0.00          1.90 2005   0.00   0.00     0.00
  MONTH TO DATE    0.95                      0.56   0.39     0.07
  SINCE SEP 1      2.14                      5.18  -3.04     8.76
  SINCE JAN 1     23.10                     21.92   1.18    27.43

SNOWFALL (IN)
  TODAY            0.0
  MONTH TO DATE    8.4
  SINCE OCT 1      8.4
  SINCE JUL 1      8.4
  SNOW DEPTH       2

DEGREE DAYS
 HEATING
  TODAY           54                        41     13       51
  MONTH TO DATE 1163                       941    222      972
  SINCE SEP 1   1834                      1725    109     1701
  SINCE JUL 1   1871                      1768    103     1750
..................................................................


WIND (MPH)
  HIGHEST WIND SPEED    16   HIGHEST WIND DIRECTION     S (160)
  HIGHEST GUST SPEED    19   HIGHEST GUST DIRECTION     S (170)
  AVERAGE WIND SPEED     9.8


SKY COVER
  POSSIBLE SUNSHINE  MM
  AVERAGE SKY COVER 0.0


WEATHER CONDITIONS
 THE FOLLOWING WEATHER WAS RECORDED TODAY.
  NO SIGNIFICANT WEATHER WAS OBSERVED.


RELATIVE HUMIDITY (PERCENT)
 HIGHEST    91           500 AM
 LOWEST     77           300 PM
 AVERAGE    84

..........................................................


THE SISSETON SD CLIMATE NORMALS FOR TOMORROW
                         NORMAL    RECORD    YEAR
 MAXIMUM TEMPERATURE (F)   33        58      1932
 MINIMUM TEMPERATURE (F)   14       -13      1958


SUNRISE AND SUNSET
NOVEMBER 28 2014......SUNRISE   745 AM CST   SUNSET   447 PM CST
NOVEMBER 29 2014......SUNRISE   746 AM CST   SUNSET   446 PM CST


-  INDICATES NEGATIVE NUMBERS.
R  INDICATES RECORD WAS SET OR TIED.
MM INDICATES DATA IS MISSING.
T  INDICATES TRACE AMOUNT.




$$
