000
CDUS43 KABR 011049
CLI8D3


CLIMATE REPORT
NATIONAL WEATHER SERVICE ABERDEEN SD
448 AM CST SUN FEB 1 2015


...................................

...THE SISSETON SD CLIMATE SUMMARY FOR JANUARY 31 2015...

CLIMATE NORMAL PERIOD 1981 TO 2010
CLIMATE RECORD PERIOD 1900 TO 2015


WEATHER ITEM   OBSERVED TIME   RECORD YEAR NORMAL DEPARTURE LAST
                VALUE   (LST)  VALUE       VALUE  FROM      YEAR
                                                  NORMAL
..................................................................
TEMPERATURE (F)
 YESTERDAY
  MAXIMUM         27    142 AM  46    2012  24      3       21
                                      1989
  MINIMUM          5   1159 PM -28    1982   4      1      -11
  AVERAGE         16                        14      2        5

PRECIPITATION (IN)
  YESTERDAY        0.00          0.29 2011   0.01  -0.01     0.00
  MONTH TO DATE    0.47                      0.43   0.04     0.50
  SINCE DEC 1      1.07                      0.82   0.25     1.64
  SINCE JAN 1      0.47                      0.43   0.04     0.50

SNOWFALL (IN)
  YESTERDAY        0.0
  MONTH TO DATE    4.4
  SINCE OCT 1     17.5
  SINCE JUL 1     17.5
  SNOW DEPTH       0

DEGREE DAYS
 HEATING
  YESTERDAY       49                        51     -2       60
  MONTH TO DATE 1428                      1607   -179     1689
  SINCE DEC 1   2758                      3095   -337     3436
  SINCE JUL 1   4738                      4946   -208     5268

 COOLING
  YESTERDAY        0                         0      0        0
  MONTH TO DATE    0                         0      0        0
  SINCE DEC 1      0                         0      0        0
  SINCE JAN 1      0                         0      0        0
..................................................................


WIND (MPH)
  HIGHEST WIND SPEED    26   HIGHEST WIND DIRECTION     N (20)
  HIGHEST GUST SPEED    31   HIGHEST GUST DIRECTION    NE (30)
  AVERAGE WIND SPEED    19.3


SKY COVER
  POSSIBLE SUNSHINE  MM
  AVERAGE SKY COVER 0.0


WEATHER CONDITIONS
 THE FOLLOWING WEATHER WAS RECORDED YESTERDAY.
  NO SIGNIFICANT WEATHER WAS OBSERVED.


RELATIVE HUMIDITY (PERCENT)
 HIGHEST    96           400 AM
 LOWEST     56           400 PM
 AVERAGE    76

..........................................................


THE SISSETON SD CLIMATE NORMALS FOR TODAY
                         NORMAL    RECORD    YEAR
 MAXIMUM TEMPERATURE (F)   24        49      1991
                                             1963
 MINIMUM TEMPERATURE (F)    4       -31      1996


SUNRISE AND SUNSET
FEBRUARY  1 2015......SUNRISE   750 AM CST   SUNSET   534 PM CST
FEBRUARY  2 2015......SUNRISE   748 AM CST   SUNSET   535 PM CST


-  INDICATES NEGATIVE NUMBERS.
R  INDICATES RECORD WAS SET OR TIED.
MM INDICATES DATA IS MISSING.
T  INDICATES TRACE AMOUNT.




$$
