000
CDUS46 KMFR 240836
CLIAAT


CLIMATE REPORT
NATIONAL WEATHER SERVICE MEDFORD, OR
135 AM PDT WED AUG 24 2016


...................................

...THE ALTURAS CA CLIMATE SUMMARY FOR AUGUST 23 2016...

CLIMATE NORMAL PERIOD 1981 TO 2010
CLIMATE RECORD PERIOD 1905 TO 2016


WEATHER ITEM   OBSERVED TIME   RECORD YEAR NORMAL DEPARTURE LAST
                VALUE   (LST)  VALUE       VALUE  FROM      YEAR
                                                  NORMAL
..................................................................
TEMPERATURE (F)
 YESTERDAY
  MAXIMUM         87    226 PM 100    1917  85      2       91
  MINIMUM         40    545 AM  26    1960  42     -2       45
  AVERAGE         64                        63      1       68

PRECIPITATION (IN)
  YESTERDAY        0.00          0.87 1989   0.01  -0.01     0.00
  MONTH TO DATE    T                         0.25  -0.25     0.27
  SINCE OCT 1     13.42                     13.54  -0.12    11.35
  SINCE JAN 1      7.44                      9.03  -1.59     6.84

SNOWFALL (IN)
  YESTERDAY       MM                        MM     MM       MM
  MONTH TO DATE   MM                        MM     MM       MM
  SINCE JUL 1     MM                        MM     MM       MM
  SNOW DEPTH      MM

DEGREE DAYS
 HEATING
  YESTERDAY        1                         3     -2        0
  MONTH TO DATE    8                        39    -31        5
  SINCE JUN 1    166                       260    -94       58
  SINCE JUL 1     48                        80    -32       28

 COOLING
  YESTERDAY        0                         1     -1        3
  MONTH TO DATE   91                        48     43       68
  SINCE JUN 1    251                       143    108      302
  SINCE JAN 1    251                       143    108      302
..................................................................


WIND (MPH)
  HIGHEST WIND SPEED    17   HIGHEST WIND DIRECTION     N (340)
  HIGHEST GUST SPEED    25   HIGHEST GUST DIRECTION     W (260)
  AVERAGE WIND SPEED     5.6


SKY COVER
  POSSIBLE SUNSHINE  MM
  AVERAGE SKY COVER 0.0


WEATHER CONDITIONS
 THE FOLLOWING WEATHER WAS RECORDED YESTERDAY.
  NO SIGNIFICANT WEATHER WAS OBSERVED.


RELATIVE HUMIDITY (PERCENT)
 HIGHEST    53           500 AM
 LOWEST      9           600 PM
 AVERAGE    31

..........................................................


THE ALTURAS CA CLIMATE NORMALS FOR TODAY
                         NORMAL    RECORD    YEAR
 MAXIMUM TEMPERATURE (F)   84        98      1934
 MINIMUM TEMPERATURE (F)   41        30      1973


SUNRISE AND SUNSET
AUGUST 24 2016........SUNRISE   621 AM PDT   SUNSET   747 PM PDT
AUGUST 25 2016........SUNRISE   622 AM PDT   SUNSET   746 PM PDT


-  INDICATES NEGATIVE NUMBERS.
R  INDICATES RECORD WAS SET OR TIED.
MM INDICATES DATA IS MISSING.
T  INDICATES TRACE AMOUNT.




$$
