000
CDUS46 KMFR 180855
CLIAAT


CLIMATE REPORT
NATIONAL WEATHER SERVICE MEDFORD, OR
1255 AM PST SAT NOV 18 2017


...................................

...THE ALTURAS CA CLIMATE SUMMARY FOR NOVEMBER 17 2017...

CLIMATE NORMAL PERIOD 1981 TO 2010
CLIMATE RECORD PERIOD 1905 TO 2017


WEATHER ITEM   OBSERVED TIME   RECORD YEAR NORMAL DEPARTURE LAST
                VALUE   (LST)  VALUE       VALUE  FROM      YEAR
                                                  NORMAL
..................................................................
TEMPERATURE (F)
 YESTERDAY
  MAXIMUM         41    326 PM  74    1919  48     -7       44
                                      1959
  MINIMUM         20   1159 PM  -1    1961  23     -3       14
  AVERAGE         31                        35     -4       29

PRECIPITATION (IN)
  YESTERDAY        0.03          0.75 1994   0.06  -0.03     0.00
  MONTH TO DATE    1.34                      1.03   0.31     0.16
  SINCE OCT 1      2.26                      2.04   0.22     1.63
  SINCE JAN 1     14.45                     11.70   2.75     9.10

SNOWFALL (IN)
  YESTERDAY       MM                        MM     MM       MM
  MONTH TO DATE   MM                        MM     MM       MM
  SINCE JUL 1     MM                        MM     MM       MM
  SNOW DEPTH      MM

DEGREE DAYS
 HEATING
  YESTERDAY       34                        30      4       36
  MONTH TO DATE  429                       454    -25      332
  SINCE SEP 1   1251                      1286    -35     1053
  SINCE JUL 1   1252                      1397   -145     1110

 COOLING
  YESTERDAY        0                         0      0        0
  MONTH TO DATE    0                         0      0        0
  SINCE SEP 1     75                         5     70        0
  SINCE JAN 1    516                       156    360      254
..................................................................


WIND (MPH)
  HIGHEST WIND SPEED    17   HIGHEST WIND DIRECTION    NW (300)
  HIGHEST GUST SPEED    22   HIGHEST GUST DIRECTION    NW (310)
  AVERAGE WIND SPEED     4.4


SKY COVER
  POSSIBLE SUNSHINE  MM
  AVERAGE SKY COVER 0.5


WEATHER CONDITIONS
 THE FOLLOWING WEATHER WAS RECORDED YESTERDAY.
  LIGHT SNOW
  FOG


RELATIVE HUMIDITY (PERCENT)
 HIGHEST   100          1200 AM
 LOWEST     48           300 PM
 AVERAGE    74

..........................................................


THE ALTURAS CA CLIMATE NORMALS FOR TODAY
                         NORMAL    RECORD    YEAR
 MAXIMUM TEMPERATURE (F)   48        72      1959
 MINIMUM TEMPERATURE (F)   22         5      1985


SUNRISE AND SUNSET
NOVEMBER 18 2017......SUNRISE   655 AM PST   SUNSET   440 PM PST
NOVEMBER 19 2017......SUNRISE   656 AM PST   SUNSET   439 PM PST


-  INDICATES NEGATIVE NUMBERS.
R  INDICATES RECORD WAS SET OR TIED.
MM INDICATES DATA IS MISSING.
T  INDICATES TRACE AMOUNT.




$$
