000
CDUS46 KMFR 230846
CLIAAT


CLIMATE REPORT
NATIONAL WEATHER SERVICE MEDFORD, OR
146 AM PDT SAT MAY 23 2015


...................................

...THE ALTURAS CA CLIMATE SUMMARY FOR MAY 22 2015...

CLIMATE NORMAL PERIOD 1981 TO 2010
CLIMATE RECORD PERIOD 1905 TO 2015


WEATHER ITEM   OBSERVED TIME   RECORD YEAR NORMAL DEPARTURE LAST
                VALUE   (LST)  VALUE       VALUE  FROM      YEAR
                                                  NORMAL
..................................................................
TEMPERATURE (F)
 YESTERDAY
  MAXIMUM         59   1224 PM  91    1967  70    -11       80
  MINIMUM         47    506 AM  22    1986  37     10       38
  AVERAGE         53                        53      0       59

PRECIPITATION (IN)
  YESTERDAY        0.24          0.60 1965   0.05   0.19     0.00
  MONTH TO DATE    2.31                      0.99   1.32     0.61
  SINCE OCT 1      9.03                     11.68  -2.65     5.62
  SINCE JAN 1      4.52                      7.17  -2.65     4.99

SNOWFALL (IN)
  YESTERDAY       MM                        MM     MM       MM
  MONTH TO DATE   MM                        MM     MM       MM
  SINCE JUL 1     MM                        MM     MM        0.0
  SNOW DEPTH      MM

DEGREE DAYS
 HEATING
  YESTERDAY       12                        12      0        6
  MONTH TO DATE  305                       317    -12      274
  SINCE MAR 1   1531                      1794   -263     1558
  SINCE JUL 1   5158                      6661  -1503     6323

 COOLING
  YESTERDAY        0                         0      0        0
  MONTH TO DATE    0                         0      0        0
  SINCE MAR 1      0                         0      0        0
  SINCE JAN 1      0                         0      0        0
..................................................................


WIND (MPH)
  HIGHEST WIND SPEED    16   HIGHEST WIND DIRECTION     N (350)
  HIGHEST GUST SPEED    21   HIGHEST GUST DIRECTION    NW (310)
  AVERAGE WIND SPEED     5.0


SKY COVER
  POSSIBLE SUNSHINE  MM
  AVERAGE SKY COVER 1.0


WEATHER CONDITIONS
 THE FOLLOWING WEATHER WAS RECORDED YESTERDAY.
  RAIN
  LIGHT RAIN
  FOG


RELATIVE HUMIDITY (PERCENT)
 HIGHEST    96           800 PM
 LOWEST     77           400 PM
 AVERAGE    87

..........................................................


THE ALTURAS CA CLIMATE NORMALS FOR TODAY
                         NORMAL    RECORD    YEAR
 MAXIMUM TEMPERATURE (F)   70        92      2001
 MINIMUM TEMPERATURE (F)   37        23      1944


SUNRISE AND SUNSET
MAY 23 2015...........SUNRISE   536 AM PDT   SUNSET   822 PM PDT
MAY 24 2015...........SUNRISE   536 AM PDT   SUNSET   823 PM PDT


-  INDICATES NEGATIVE NUMBERS.
R  INDICATES RECORD WAS SET OR TIED.
MM INDICATES DATA IS MISSING.
T  INDICATES TRACE AMOUNT.




$$
