000
CDUS46 KMFR 300041
CLIAAT


CLIMATE REPORT
NATIONAL WEATHER SERVICE MEDFORD, OR
541 PM PDT SUN MAR 29 2015


...................................

...THE ALTURAS CA CLIMATE SUMMARY FOR MARCH 29 2015...
VALID TODAY AS OF 0500 PM LOCAL TIME.

CLIMATE NORMAL PERIOD 1981 TO 2010
CLIMATE RECORD PERIOD 1905 TO 2015


WEATHER ITEM   OBSERVED TIME   RECORD YEAR NORMAL DEPARTURE LAST
                VALUE   (LST)  VALUE       VALUE  FROM      YEAR
                                                  NORMAL
..................................................................
TEMPERATURE (F)
 TODAY
  MAXIMUM         72    358 PM  80    1966  54     18       44
  MINIMUM         23    432 AM  10    1977  26     -3       33
  AVERAGE         48                        40      8       39

PRECIPITATION (IN)
  TODAY            0.00          0.64 2014   0.05  -0.05     0.64
  MONTH TO DATE    0.53                      1.41  -0.88     2.08
  SINCE OCT 1      6.17                      9.02  -2.85     4.31
  SINCE JAN 1      1.66                      4.51  -2.85     3.68

SNOWFALL (IN)
  TODAY           MM                        MM     MM       MM
  MONTH TO DATE   MM                        MM     MM       MM
  SINCE JUL 1     MM                        MM     MM        0.0
  SNOW DEPTH      MM

DEGREE DAYS
 HEATING
  TODAY           17                        25     -8       26
  MONTH TO DATE  572                       774   -202      688
  SINCE MAR 1    572                       774   -202      688
  SINCE JUL 1   4199                      5641  -1442     5453

 COOLING
  TODAY            0                         0      0        0
  MONTH TO DATE    0                         0      0        0
  SINCE MAR 1      0                         0      0        0
  SINCE JAN 1      0                         0      0        0
..................................................................


WIND (MPH)
  HIGHEST WIND SPEED     9   HIGHEST WIND DIRECTION    NW (300)
  HIGHEST GUST SPEED    12   HIGHEST GUST DIRECTION    NW (330)
  AVERAGE WIND SPEED     1.8


SKY COVER
  POSSIBLE SUNSHINE  MM
  AVERAGE SKY COVER 0.0


WEATHER CONDITIONS
 THE FOLLOWING WEATHER WAS RECORDED TODAY.
  NO SIGNIFICANT WEATHER WAS OBSERVED.


RELATIVE HUMIDITY (PERCENT)
 HIGHEST    88           600 AM
 LOWEST     11           300 PM
 AVERAGE    50

..........................................................


THE ALTURAS CA CLIMATE NORMALS FOR TOMORROW
                         NORMAL    RECORD    YEAR
 MAXIMUM TEMPERATURE (F)   54        82      1966
 MINIMUM TEMPERATURE (F)   26        12      1998


SUNRISE AND SUNSET
MARCH 29 2015.........SUNRISE   651 AM PDT   SUNSET   724 PM PDT
MARCH 30 2015.........SUNRISE   649 AM PDT   SUNSET   725 PM PDT


-  INDICATES NEGATIVE NUMBERS.
R  INDICATES RECORD WAS SET OR TIED.
MM INDICATES DATA IS MISSING.
T  INDICATES TRACE AMOUNT.




$$
