000
CDUS46 KMFR 290841
CLIAAT


CLIMATE REPORT
NATIONAL WEATHER SERVICE MEDFORD, OR
140 AM PDT THU SEP 29 2016


...................................

...THE ALTURAS CA CLIMATE SUMMARY FOR SEPTEMBER 28 2016...

CLIMATE NORMAL PERIOD 1981 TO 2010
CLIMATE RECORD PERIOD 1905 TO 2016


WEATHER ITEM   OBSERVED TIME   RECORD YEAR NORMAL DEPARTURE LAST
                VALUE   (LST)  VALUE       VALUE  FROM      YEAR
                                                  NORMAL
..................................................................
TEMPERATURE (F)
 YESTERDAY
  MAXIMUM         87    329 PM  94    1994  73     14       84
  MINIMUM         36    609 AM  19    1934  32      4       34
  AVERAGE         62                        52     10       59

PRECIPITATION (IN)
  YESTERDAY        0.00          0.47 1981   0.02  -0.02     0.00
  MONTH TO DATE    0.03                      0.48  -0.45     0.36
  SINCE OCT 1     13.45                     14.13  -0.68    11.71
  SINCE JAN 1      7.47                      9.62  -2.15     7.20

SNOWFALL (IN)
  YESTERDAY       MM                        MM     MM       MM
  MONTH TO DATE   MM                        MM     MM       MM
  SINCE JUL 1     MM                        MM     MM       MM
  SNOW DEPTH      MM

DEGREE DAYS
 HEATING
  YESTERDAY        3                        12     -9        6
  MONTH TO DATE  213                       238    -25      175
  SINCE SEP 1    213                       238    -25      175
  SINCE JUL 1    270                       349    -79      216

 COOLING
  YESTERDAY        0                         0      0        0
  MONTH TO DATE    0                         3     -3       19
  SINCE SEP 1      0                         3     -3       19
  SINCE JAN 1    254                       154    100      333
..................................................................


WIND (MPH)
  HIGHEST WIND SPEED    17   HIGHEST WIND DIRECTION     W (260)
  HIGHEST GUST SPEED    21   HIGHEST GUST DIRECTION     W (260)
  AVERAGE WIND SPEED     1.9


SKY COVER
  POSSIBLE SUNSHINE  MM
  AVERAGE SKY COVER 0.0


WEATHER CONDITIONS
 THE FOLLOWING WEATHER WAS RECORDED YESTERDAY.
  NO SIGNIFICANT WEATHER WAS OBSERVED.


RELATIVE HUMIDITY (PERCENT)
 HIGHEST    70           500 AM
 LOWEST     14           500 PM
 AVERAGE    42

..........................................................


THE ALTURAS CA CLIMATE NORMALS FOR TODAY
                         NORMAL    RECORD    YEAR
 MAXIMUM TEMPERATURE (F)   73        94      1967
 MINIMUM TEMPERATURE (F)   31        19      1961


SUNRISE AND SUNSET
SEPTEMBER 29 2016.....SUNRISE   658 AM PDT   SUNSET   646 PM PDT
SEPTEMBER 30 2016.....SUNRISE   659 AM PDT   SUNSET   645 PM PDT


-  INDICATES NEGATIVE NUMBERS.
R  INDICATES RECORD WAS SET OR TIED.
MM INDICATES DATA IS MISSING.
T  INDICATES TRACE AMOUNT.




$$
