000
CDUS46 KMFR 180038
CLIAAT


CLIMATE REPORT
NATIONAL WEATHER SERVICE MEDFORD, OR
438 PM PST WED DEC 17 2014


...................................

...THE ALTURAS CA CLIMATE SUMMARY FOR DECEMBER 17 2014...
VALID TODAY AS OF 0400 PM LOCAL TIME.

CLIMATE NORMAL PERIOD 1981 TO 2010
CLIMATE RECORD PERIOD 1905 TO 2014


WEATHER ITEM   OBSERVED TIME   RECORD YEAR NORMAL DEPARTURE LAST
                VALUE   (LST)  VALUE       VALUE  FROM      YEAR
                                                  NORMAL
..................................................................
TEMPERATURE (F)
 TODAY
  MAXIMUM         46   1129 AM  60    1979  40      6       50
  MINIMUM         33    144 AM -16    1908  19     14       13
  AVERAGE         40                        29     11       32

PRECIPITATION (IN)
  TODAY            0.01          0.65 1932   0.05  -0.04     0.00
  MONTH TO DATE    1.53                      0.91   0.62     0.17
  SINCE SEP 1      4.27                      4.23   0.04     1.14
  SINCE JAN 1     10.55                     13.37  -2.82     6.29

SNOWFALL (IN)
  TODAY           MM                        MM     MM       MM
  MONTH TO DATE   MM                        MM     MM       MM
  SINCE JUL 1     MM                        MM     MM        0.0
  SNOW DEPTH      MM

DEGREE DAYS
 HEATING
  TODAY           25                        36    -11       33
  MONTH TO DATE  428                       595   -167      781
  SINCE DEC 1    428                       595   -167      781
  SINCE JUL 1   1719                      2405   -686     2526

 COOLING
  TODAY            0                         0      0        0
  MONTH TO DATE    0                         0      0        0
  SINCE DEC 1      0                         0      0        0
  SINCE JAN 1    380                       156    224      280
..................................................................


WIND (MPH)
  HIGHEST WIND SPEED    15   HIGHEST WIND DIRECTION     S (180)
  HIGHEST GUST SPEED    17   HIGHEST GUST DIRECTION     S (180)
  AVERAGE WIND SPEED     5.3


SKY COVER
  POSSIBLE SUNSHINE  MM
  AVERAGE SKY COVER 0.9


WEATHER CONDITIONS
 THE FOLLOWING WEATHER WAS RECORDED TODAY.
  FOG
  HAZE


RELATIVE HUMIDITY (PERCENT)
 HIGHEST    89           200 AM
 LOWEST     58          1200 PM
 AVERAGE    74

..........................................................


THE ALTURAS CA CLIMATE NORMALS FOR TOMORROW
                         NORMAL    RECORD    YEAR
 MAXIMUM TEMPERATURE (F)   40        67      1958
 MINIMUM TEMPERATURE (F)   19       -23      1908


SUNRISE AND SUNSET
DECEMBER 17 2014......SUNRISE   723 AM PST   SUNSET   434 PM PST
DECEMBER 18 2014......SUNRISE   724 AM PST   SUNSET   434 PM PST


-  INDICATES NEGATIVE NUMBERS.
R  INDICATES RECORD WAS SET OR TIED.
MM INDICATES DATA IS MISSING.
T  INDICATES TRACE AMOUNT.




$$
