000
CDUS46 KMFR 250835
CLIAAT


CLIMATE REPORT
NATIONAL WEATHER SERVICE MEDFORD, OR
135 AM PDT MON JUL 25 2016


...................................

...THE ALTURAS CA CLIMATE SUMMARY FOR JULY 24 2016...

CLIMATE NORMAL PERIOD 1981 TO 2010
CLIMATE RECORD PERIOD 1905 TO 2016


WEATHER ITEM   OBSERVED TIME   RECORD YEAR NORMAL DEPARTURE LAST
                VALUE   (LST)  VALUE       VALUE  FROM      YEAR
                                                  NORMAL
..................................................................
TEMPERATURE (F)
 YESTERDAY
  MAXIMUM         97    317 PM 102    1905  90      7       84
  MINIMUM         42    429 AM  36    1989  45     -3       38
  AVERAGE         70                        68      2       61

PRECIPITATION (IN)
  YESTERDAY        0.00          0.04 1991   0.02  -0.02     0.00
  MONTH TO DATE    0.05                      0.23  -0.18     1.14
  SINCE OCT 1     13.42                     13.18   0.24    11.05
  SINCE JAN 1      7.44                      8.67  -1.23     6.54

SNOWFALL (IN)
  YESTERDAY       MM                        MM     MM       MM
  MONTH TO DATE   MM                        MM     MM       MM
  SINCE JUL 1     MM                        MM     MM       MM
  SNOW DEPTH      MM

DEGREE DAYS
 HEATING
  YESTERDAY        0                         1     -1        4
  MONTH TO DATE   40                        34      6       10
  SINCE JUN 1    158                       214    -56       40
  SINCE JUL 1     40                        34      6       10

 COOLING
  YESTERDAY        5                         3      2        0
  MONTH TO DATE   42                        58    -16      113
  SINCE JUN 1     90                        69     21      216
  SINCE JAN 1     90                        69     21      216
..................................................................


WIND (MPH)
  HIGHEST WIND SPEED    21   HIGHEST WIND DIRECTION     W (250)
  HIGHEST GUST SPEED    26   HIGHEST GUST DIRECTION     W (260)
  AVERAGE WIND SPEED     4.4


SKY COVER
  POSSIBLE SUNSHINE  MM
  AVERAGE SKY COVER 0.0


WEATHER CONDITIONS
 THE FOLLOWING WEATHER WAS RECORDED YESTERDAY.
  NO SIGNIFICANT WEATHER WAS OBSERVED.


RELATIVE HUMIDITY (PERCENT)
 HIGHEST    65           300 AM
 LOWEST      6           300 PM
 AVERAGE    36

..........................................................


THE ALTURAS CA CLIMATE NORMALS FOR TODAY
                         NORMAL    RECORD    YEAR
 MAXIMUM TEMPERATURE (F)   90       100      2013
 MINIMUM TEMPERATURE (F)   45        35      1987


SUNRISE AND SUNSET
JULY 25 2016..........SUNRISE   551 AM PDT   SUNSET   826 PM PDT
JULY 26 2016..........SUNRISE   552 AM PDT   SUNSET   825 PM PDT


-  INDICATES NEGATIVE NUMBERS.
R  INDICATES RECORD WAS SET OR TIED.
MM INDICATES DATA IS MISSING.
T  INDICATES TRACE AMOUNT.




$$
