000
CDUS46 KMFR 110035
CLIAAT


CLIMATE REPORT
NATIONAL WEATHER SERVICE MEDFORD, OR
435 PM PST SAT DEC 10 2016


...................................

...THE ALTURAS CA CLIMATE SUMMARY FOR DECEMBER 10 2016...
VALID TODAY AS OF 0400 PM LOCAL TIME.

CLIMATE NORMAL PERIOD 1981 TO 2010
CLIMATE RECORD PERIOD 1905 TO 2016


WEATHER ITEM   OBSERVED TIME   RECORD YEAR NORMAL DEPARTURE LAST
                VALUE   (LST)  VALUE       VALUE  FROM      YEAR
                                                  NORMAL
..................................................................
TEMPERATURE (F)
 TODAY
  MAXIMUM         43    313 PM  65    1962  40      3       48
  MINIMUM         39    808 AM -28    1972  19     20       33
  AVERAGE         41                        30     11       41

PRECIPITATION (IN)
  TODAY            0.28          1.57 1937   0.05   0.23     0.55
  MONTH TO DATE    0.65                      0.52   0.13     1.08
  SINCE OCT 1      2.65                      3.32  -0.67     3.55
  SINCE JAN 1     10.12                     12.98  -2.86    10.75

SNOWFALL (IN)
  TODAY           MM                        MM     MM       MM
  MONTH TO DATE   MM                        MM     MM       MM
  SINCE JUL 1     MM                        MM     MM       MM
  SNOW DEPTH      MM

DEGREE DAYS
 HEATING
  TODAY           24                        35    -11       24
  MONTH TO DATE  344                       345     -1      265
  SINCE DEC 1    344                       345     -1      265
  SINCE JUL 1   1852                      2155   -303     1792

 COOLING
  TODAY            0                         0      0        0
  MONTH TO DATE    0                         0      0        0
  SINCE DEC 1      0                         0      0        0
  SINCE JAN 1    254                       156     98      333
..................................................................


WIND (MPH)
  HIGHEST WIND SPEED    18   HIGHEST WIND DIRECTION    SW (240)
  HIGHEST GUST SPEED    24   HIGHEST GUST DIRECTION    SW (220)
  AVERAGE WIND SPEED     4.4


SKY COVER
  POSSIBLE SUNSHINE  MM
  AVERAGE SKY COVER 0.9


WEATHER CONDITIONS
 THE FOLLOWING WEATHER WAS RECORDED TODAY.
  RAIN
  LIGHT RAIN
  FOG


RELATIVE HUMIDITY (PERCENT)
 HIGHEST   100          1200 AM
 LOWEST     76           100 PM
 AVERAGE    88

..........................................................


THE ALTURAS CA CLIMATE NORMALS FOR TOMORROW
                         NORMAL    RECORD    YEAR
 MAXIMUM TEMPERATURE (F)   40        66      1958
 MINIMUM TEMPERATURE (F)   19       -25      1932


SUNRISE AND SUNSET
DECEMBER 10 2016......SUNRISE   718 AM PST   SUNSET   432 PM PST
DECEMBER 11 2016......SUNRISE   719 AM PST   SUNSET   433 PM PST


-  INDICATES NEGATIVE NUMBERS.
R  INDICATES RECORD WAS SET OR TIED.
MM INDICATES DATA IS MISSING.
T  INDICATES TRACE AMOUNT.




$$
