000
CDUS46 KMFR 020836
CLIAAT


CLIMATE REPORT
NATIONAL WEATHER SERVICE MEDFORD, OR
1235 AM PST MON MAR 2 2015


...................................

...THE ALTURAS CA CLIMATE SUMMARY FOR MARCH 1 2015...

CLIMATE NORMAL PERIOD 1981 TO 2010
CLIMATE RECORD PERIOD 1905 TO 2015


WEATHER ITEM   OBSERVED TIME   RECORD YEAR NORMAL DEPARTURE LAST
                VALUE   (LST)  VALUE       VALUE  FROM      YEAR
                                                  NORMAL
..................................................................
TEMPERATURE (F)
 YESTERDAY
  MAXIMUM         48    346 PM  70    1934  49     -1       50
  MINIMUM         21    712 AM -25    1917  24     -3       35
  AVERAGE         35                        37     -2       43

PRECIPITATION (IN)
  YESTERDAY        0.00          1.00 1976   0.05  -0.05     0.07
  MONTH TO DATE    0.00                      0.05  -0.05     0.07
  SINCE OCT 1      5.64                      7.66  -2.02     2.30
  SINCE JAN 1      1.13                      3.15  -2.02     1.67

SNOWFALL (IN)
  YESTERDAY       MM                        MM     MM       MM
  MONTH TO DATE   MM                        MM     MM       MM
  SINCE JUL 1     MM                        MM     MM        0.0
  SNOW DEPTH      MM

DEGREE DAYS
 HEATING
  YESTERDAY       30                        28      2       22
  MONTH TO DATE   30                        28      2       22
  SINCE MAR 1     30                        28      2       22
  SINCE JUL 1   3657                      4895  -1238     4787

 COOLING
  YESTERDAY        0                         0      0        0
  MONTH TO DATE    0                         0      0        0
  SINCE MAR 1      0                         0      0        0
  SINCE JAN 1      0                         0      0        0
..................................................................


WIND (MPH)
  HIGHEST WIND SPEED    15   HIGHEST WIND DIRECTION     N (10)
  HIGHEST GUST SPEED    20   HIGHEST GUST DIRECTION     N (20)
  AVERAGE WIND SPEED     4.2


SKY COVER
  POSSIBLE SUNSHINE  MM
  AVERAGE SKY COVER 0.1


WEATHER CONDITIONS
 THE FOLLOWING WEATHER WAS RECORDED YESTERDAY.
  FOG
  HAZE


RELATIVE HUMIDITY (PERCENT)
 HIGHEST    81           900 PM
 LOWEST     37           400 PM
 AVERAGE    59

..........................................................


THE ALTURAS CA CLIMATE NORMALS FOR TODAY
                         NORMAL    RECORD    YEAR
 MAXIMUM TEMPERATURE (F)   50        67      1968
 MINIMUM TEMPERATURE (F)   24       -29      1917


SUNRISE AND SUNSET
MARCH  2 2015.........SUNRISE   635 AM PST   SUNSET   554 PM PST
MARCH  3 2015.........SUNRISE   634 AM PST   SUNSET   555 PM PST


-  INDICATES NEGATIVE NUMBERS.
R  INDICATES RECORD WAS SET OR TIED.
MM INDICATES DATA IS MISSING.
T  INDICATES TRACE AMOUNT.




$$
