000
CDUS46 KMFR 150036
CLIAAT


CLIMATE REPORT
NATIONAL WEATHER SERVICE MEDFORD, OR
536 PM PDT SUN SEP 14 2014


...................................

...THE ALTURAS CA CLIMATE SUMMARY FOR SEPTEMBER 14 2014...
VALID TODAY AS OF 0500 PM LOCAL TIME.

CLIMATE NORMAL PERIOD 1981 TO 2010
CLIMATE RECORD PERIOD 1905 TO 2014


WEATHER ITEM   OBSERVED TIME   RECORD YEAR NORMAL DEPARTURE LAST
                VALUE   (LST)  VALUE       VALUE  FROM      YEAR
                                                  NORMAL
..................................................................
TEMPERATURE (F)
 TODAY
  MAXIMUM         87    335 PM  94    1916  78      9       90
  MINIMUM         41    617 AM  20    1970  35      6       42
  AVERAGE         64                        57      7       66

PRECIPITATION (IN)
  TODAY            0.00          0.44 1966   0.02  -0.02     0.00
  MONTH TO DATE    0.00                      0.21  -0.21     0.08
  SINCE SEP 1      0.00                      0.21  -0.21     0.08
  SINCE JAN 1      6.28                      9.35  -3.07     5.23

SNOWFALL (IN)
  TODAY           MM                        MM     MM       MM
  MONTH TO DATE   MM                        MM     MM       MM
  SINCE JUL 1     MM                        MM     MM       MM
  SNOW DEPTH      MM

DEGREE DAYS
 HEATING
  TODAY            1                         8     -7        0
  MONTH TO DATE   44                        91    -47       22
  SINCE SEP 1     44                        91    -47       22
  SINCE JUL 1     69                       202   -133       92

 COOLING
  TODAY            0                         0      0        1
  MONTH TO DATE    0                         3     -3       24
  SINCE SEP 1      0                         3     -3       24
  SINCE JAN 1    368                       154    214      279
..................................................................


WIND (MPH)
  HIGHEST WIND SPEED    15   HIGHEST WIND DIRECTION    SW (240)
  HIGHEST GUST SPEED    20   HIGHEST GUST DIRECTION    SW (240)
  AVERAGE WIND SPEED     2.0


SKY COVER
  POSSIBLE SUNSHINE  MM
  AVERAGE SKY COVER 0.1


WEATHER CONDITIONS
 THE FOLLOWING WEATHER WAS RECORDED TODAY.
  NO SIGNIFICANT WEATHER WAS OBSERVED.


RELATIVE HUMIDITY (PERCENT)
 HIGHEST    62           500 AM
 LOWEST     14           100 PM
 AVERAGE    38

..........................................................


THE ALTURAS CA CLIMATE NORMALS FOR TOMORROW
                         NORMAL    RECORD    YEAR
 MAXIMUM TEMPERATURE (F)   78        95      1937
 MINIMUM TEMPERATURE (F)   35        21      1936


SUNRISE AND SUNSET
SEPTEMBER 14 2014.....SUNRISE   642 AM PDT   SUNSET   713 PM PDT
SEPTEMBER 15 2014.....SUNRISE   643 AM PDT   SUNSET   711 PM PDT


-  INDICATES NEGATIVE NUMBERS.
R  INDICATES RECORD WAS SET OR TIED.
MM INDICATES DATA IS MISSING.
T  INDICATES TRACE AMOUNT.




$$
