000
CDUS41 KPHI 230634
CLIABE


CLIMATE REPORT
NATIONAL WEATHER SERVICE MOUNT HOLLY NJ
233 AM EDT TUE MAY 23 2017


...................................

...THE ALLENTOWN PA CLIMATE SUMMARY FOR MAY 22 2017...

CLIMATE NORMAL PERIOD 1981 TO 2010
CLIMATE RECORD PERIOD 1922 TO 2017


WEATHER ITEM   OBSERVED TIME   RECORD YEAR NORMAL DEPARTURE LAST
                VALUE   (LST)  VALUE       VALUE  FROM      YEAR
                                                  NORMAL
..................................................................
TEMPERATURE (F)
 YESTERDAY
  MAXIMUM         61   1158 PM  96    1941  73    -12       70
  MINIMUM         55    741 AM  33    2002  50      5       52
  AVERAGE         58                        62     -4       61

PRECIPITATION (IN)
  YESTERDAY        0.12          2.60 1942   0.14  -0.02      T
  MONTH TO DATE    3.05                      2.85   0.20     3.08
  SINCE MAR 1     10.93                      9.80   1.13     5.83
  SINCE JAN 1     16.02                     15.53   0.49    14.86

SNOWFALL (IN)
  YESTERDAY        0.0           0.0    MM   0.0    0.0      0.0
  MONTH TO DATE    0.0                       0.0    0.0      0.0
  SINCE MAR 1     18.3                       5.9   12.4      0.3
  SINCE JUL 1     28.3                      32.9   -4.6     36.2
  SNOW DEPTH       0

DEGREE DAYS
 HEATING
  YESTERDAY        7                         5      2        4
  MONTH TO DATE  171                       163      8      194
  SINCE MAR 1   1264                      1424   -160     1199
  SINCE JUL 1   4766                      5733   -967     4656

 COOLING
  YESTERDAY        0                         2     -2        0
  MONTH TO DATE   35                        18     17        0
  SINCE MAR 1     54                        23     31        9
  SINCE JAN 1     54                        23     31        9
..................................................................


WIND (MPH)
  HIGHEST WIND SPEED    10   HIGHEST WIND DIRECTION    SE (140)
  HIGHEST GUST SPEED    14   HIGHEST GUST DIRECTION    SE (150)
  AVERAGE WIND SPEED     4.1


SKY COVER
  POSSIBLE SUNSHINE  MM
  AVERAGE SKY COVER 1.0


WEATHER CONDITIONS
 THE FOLLOWING WEATHER WAS RECORDED YESTERDAY.
  RAIN
  LIGHT RAIN
  FOG


RELATIVE HUMIDITY (PERCENT)
 HIGHEST    90           800 PM
 LOWEST     57          1200 AM
 AVERAGE    74

..........................................................


THE ALLENTOWN PA CLIMATE NORMALS FOR TODAY
                         NORMAL    RECORD    YEAR
 MAXIMUM TEMPERATURE (F)   74        95      1925
 MINIMUM TEMPERATURE (F)   51        37      2002


SUNRISE AND SUNSET
MAY 23 2017...........SUNRISE   538 AM EDT   SUNSET   819 PM EDT
MAY 24 2017...........SUNRISE   537 AM EDT   SUNSET   820 PM EDT


-  INDICATES NEGATIVE NUMBERS.
R  INDICATES RECORD WAS SET OR TIED.
MM INDICATES DATA IS MISSING.
T  INDICATES TRACE AMOUNT.




$$
