762
CDUS41 KPHI 302126
CLIABE


CLIMATE REPORT
NATIONAL WEATHER SERVICE MOUNT HOLLY NJ
526 PM EDT THU MAR 30 2017


...................................

...THE ALLENTOWN PA CLIMATE SUMMARY FOR MARCH 30 2017...
VALID TODAY AS OF 0500 PM LOCAL TIME.

CLIMATE NORMAL PERIOD 1981 TO 2010
CLIMATE RECORD PERIOD 1922 TO 2017


WEATHER ITEM   OBSERVED TIME   RECORD YEAR NORMAL DEPARTURE LAST
                VALUE   (LST)  VALUE       VALUE  FROM      YEAR
                                                  NORMAL
..................................................................
TEMPERATURE (F)
 TODAY
  MAXIMUM         49    245 PM  87    1998  55     -6       61
  MINIMUM         32    543 AM  10    1970  33     -1       25
  AVERAGE         41                        44     -3       43

PRECIPITATION (IN)
  TODAY            0.00          1.34 1974   0.12  -0.12     0.00
  MONTH TO DATE    3.53                      3.27   0.26     0.96
  SINCE MAR 1      3.53                      3.27   0.26     0.96
  SINCE JAN 1      8.62                      9.00  -0.38     9.99

SNOWFALL (IN)
  TODAY            0.0           1.0  1942   0.0    0.0      0.0
  MONTH TO DATE   18.3                       4.8   13.5      0.3
  SINCE MAR 1     18.3                       4.8   13.5      0.3
  SINCE JUL 1     28.3                      31.8   -3.5     36.2
  SNOW DEPTH       0

DEGREE DAYS
 HEATING
  TODAY           24                        21      3       22
  MONTH TO DATE  810                       783     27      562
  SINCE MAR 1    810                       783     27      562
  SINCE JUL 1   4312                      5092   -780     4019

 COOLING
  TODAY            0                         0      0        0
  MONTH TO DATE    0                         0      0        2
  SINCE MAR 1      0                         0      0        2
  SINCE JAN 1      0                         0      0        2
..................................................................


WIND (MPH)
  HIGHEST WIND SPEED     8   HIGHEST WIND DIRECTION    SW (230)
  HIGHEST GUST SPEED    11   HIGHEST GUST DIRECTION     N (10)
  AVERAGE WIND SPEED     2.5


SKY COVER
  POSSIBLE SUNSHINE  MM
  AVERAGE SKY COVER 0.4


WEATHER CONDITIONS
 THE FOLLOWING WEATHER WAS RECORDED TODAY.
  NO SIGNIFICANT WEATHER WAS OBSERVED.


RELATIVE HUMIDITY (PERCENT)
 HIGHEST    69           400 AM
 LOWEST     37          1100 AM
 AVERAGE    53

..........................................................


THE ALLENTOWN PA CLIMATE NORMALS FOR TOMORROW
                         NORMAL    RECORD    YEAR
 MAXIMUM TEMPERATURE (F)   55        86      1998
 MINIMUM TEMPERATURE (F)   34        11      1923


SUNRISE AND SUNSET
MARCH 30 2017.........SUNRISE   648 AM EDT   SUNSET   725 PM EDT
MARCH 31 2017.........SUNRISE   647 AM EDT   SUNSET   726 PM EDT


-  INDICATES NEGATIVE NUMBERS.
R  INDICATES RECORD WAS SET OR TIED.
MM INDICATES DATA IS MISSING.
T  INDICATES TRACE AMOUNT.




$$
