000
CDUS41 KPHI 250631
CLIABE


CLIMATE REPORT
NATIONAL WEATHER SERVICE MOUNT HOLLY NJ
230 AM EDT SUN SEP 25 2016


...................................

...THE ALLENTOWN PA CLIMATE SUMMARY FOR SEPTEMBER 24 2016...

CLIMATE NORMAL PERIOD 1981 TO 2010
CLIMATE RECORD PERIOD 1922 TO 2016


WEATHER ITEM   OBSERVED TIME   RECORD YEAR NORMAL DEPARTURE LAST
                VALUE   (LST)  VALUE       VALUE  FROM      YEAR
                                                  NORMAL
..................................................................
TEMPERATURE (F)
 YESTERDAY
  MAXIMUM         75    256 PM  92    1970  72      3       82
  MINIMUM         51   1051 PM  31    1963  50      1       46
  AVERAGE         63                        61      2       64

PRECIPITATION (IN)
  YESTERDAY        0.02          2.04 1975   0.18  -0.16     0.00
  MONTH TO DATE    1.03                      3.57  -2.54     2.41
  SINCE SEP 1      1.03                      3.57  -2.54     2.41
  SINCE JAN 1     27.44                     33.34  -5.90    29.60

SNOWFALL (IN)
  YESTERDAY        0.0           0.0  2002   0.0    0.0      0.0
                                      2001
  MONTH TO DATE    0.0                       0.0    0.0      0.0
  SINCE SEP 1      0.0                       0.0    0.0      0.0
  SINCE JUL 1      0.0                       0.0    0.0      0.0
  SNOW DEPTH       0

DEGREE DAYS
 HEATING
  YESTERDAY        2                         5     -3        1
  MONTH TO DATE    4                        64    -60       16
  SINCE SEP 1      4                        64    -60       16
  SINCE JUL 1      4                        75    -71       16

 COOLING
  YESTERDAY        0                         1     -1        0
  MONTH TO DATE  176                        66    110      147
  SINCE SEP 1    176                        66    110      147
  SINCE JAN 1   1208                       745    463     1034
..................................................................


WIND (MPH)
  HIGHEST WIND SPEED    20   HIGHEST WIND DIRECTION     E (80)
  HIGHEST GUST SPEED    23   HIGHEST GUST DIRECTION     E (80)
  AVERAGE WIND SPEED     8.1


SKY COVER
  POSSIBLE SUNSHINE  MM
  AVERAGE SKY COVER 0.4


WEATHER CONDITIONS
 THE FOLLOWING WEATHER WAS RECORDED YESTERDAY.
  LIGHT RAIN
  FOG


RELATIVE HUMIDITY (PERCENT)
 HIGHEST    78           400 AM
 LOWEST     35           200 PM
 AVERAGE    57

..........................................................


THE ALLENTOWN PA CLIMATE NORMALS FOR TODAY
                         NORMAL    RECORD    YEAR
 MAXIMUM TEMPERATURE (F)   71        92      1970
 MINIMUM TEMPERATURE (F)   49        33      1963


SUNRISE AND SUNSET
SEPTEMBER 25 2016.....SUNRISE   653 AM EDT   SUNSET   653 PM EDT
SEPTEMBER 26 2016.....SUNRISE   654 AM EDT   SUNSET   651 PM EDT


-  INDICATES NEGATIVE NUMBERS.
R  INDICATES RECORD WAS SET OR TIED.
MM INDICATES DATA IS MISSING.
T  INDICATES TRACE AMOUNT.




$$
