000
CDUS44 KSJT 260801
CLIABI


CLIMATE REPORT
NATIONAL WEATHER SERVICE SAN ANGELO TX
201 AM CST MON JAN 26 2015


...................................

...THE ABILENE CLIMATE SUMMARY FOR JANUARY 25 2015...

CLIMATE NORMAL PERIOD 1981 TO 2010
CLIMATE RECORD PERIOD 1886 TO 2015


WEATHER ITEM   OBSERVED TIME   RECORD YEAR NORMAL DEPARTURE LAST
                VALUE   (LST)  VALUE       VALUE  FROM      YEAR
                                                  NORMAL
..................................................................
TEMPERATURE (F)
 YESTERDAY
  MAXIMUM         64    405 PM  84    1950  58      6       66
  MINIMUM         38    724 AM   8    1897  33      5       31
  AVERAGE         51                        46      5       49

PRECIPITATION (IN)
  YESTERDAY        0.00          1.43 2012   0.04  -0.04     0.00
  MONTH TO DATE    1.47                      0.79   0.68      T
  SINCE DEC 1      2.00                      2.02  -0.02     1.11
  SINCE JAN 1      1.47                      0.79   0.68      T

SNOWFALL (IN)
  YESTERDAY        0.0           3.6  1973   0.1   -0.1      0.0
  MONTH TO DATE    T                         1.3   -1.3      0.0
  SINCE NOV 1      0.1                       3.1   -3.0      1.3
  SINCE JUL 1      0.1                       3.1   -3.0      1.3

DEGREE DAYS
 HEATING
  YESTERDAY       14                        20     -6       16
  MONTH TO DATE  613                       510    103      495
  SINCE DEC 1   1066                      1122    -56     1193
  SINCE JUL 1   1483                      1555    -72     1665

 COOLING
  YESTERDAY        0                         0      0        0
  MONTH TO DATE    0                         0      0        0
  SINCE DEC 1      0                         1     -1        1
  SINCE JAN 1      0                         0      0        0
..................................................................


WIND (MPH)
  HIGHEST WIND SPEED    24   HIGHEST WIND DIRECTION     N (350)
  HIGHEST GUST SPEED    28   HIGHEST GUST DIRECTION     N (350)
  AVERAGE WIND SPEED    11.0


SKY COVER
  POSSIBLE SUNSHINE  MM
  AVERAGE SKY COVER 0.0


WEATHER CONDITIONS
 THE FOLLOWING WEATHER WAS RECORDED YESTERDAY.
  NO SIGNIFICANT WEATHER WAS OBSERVED.


RELATIVE HUMIDITY (PERCENT)
 HIGHEST    79           200 AM
 LOWEST     25           300 PM
 AVERAGE    52

..........................................................


THE ABILENE CLIMATE NORMALS FOR TODAY
                         NORMAL    RECORD    YEAR
 MAXIMUM TEMPERATURE (F)   58        86      1953
 MINIMUM TEMPERATURE (F)   34        10      1897


SUNRISE AND SUNSET
JANUARY 26 2015.......SUNRISE   737 AM CST   SUNSET   606 PM CST
JANUARY 27 2015.......SUNRISE   736 AM CST   SUNSET   607 PM CST


-  INDICATES NEGATIVE NUMBERS.
R  INDICATES RECORD WAS SET OR TIED.
MM INDICATES DATA IS MISSING.
T  INDICATES TRACE AMOUNT.




$$
