000
CDUS44 KSJT 180945
CLIABI


CLIMATE REPORT
NATIONAL WEATHER SERVICE SAN ANGELO TX
343 AM CST THU JAN 18 2018


...................................

...THE ABILENE CLIMATE SUMMARY FOR JANUARY 17 2018...

CLIMATE NORMAL PERIOD 1981 TO 2010
CLIMATE RECORD PERIOD 1886 TO 2018


WEATHER ITEM   OBSERVED TIME   RECORD YEAR NORMAL DEPARTURE LAST
                VALUE   (LST)  VALUE       VALUE  FROM      YEAR
                                                  NORMAL
..................................................................
TEMPERATURE (F)
 YESTERDAY
  MAXIMUM         40    438 PM  80    1974  57    -17       45
                                      1906
  MINIMUM          5    722 AM  -1    1930  33    -28       35
  AVERAGE         23                        45    -22       40

PRECIPITATION (IN)
  YESTERDAY        0.00          0.94 1928   0.03  -0.03     0.43
  MONTH TO DATE    T                         0.50  -0.50     1.93
  SINCE DEC 1      1.05                      1.73  -0.68     3.32
  SINCE JAN 1      T                         0.50  -0.50     1.93

SNOWFALL (IN)
  YESTERDAY        0.0           2.0  1987   0.0    0.0      0.0
  MONTH TO DATE    T                         0.9   -0.9       T
  SINCE NOV 1      T                         2.7   -2.7       T
  SINCE JUL 1      T                         2.7   -2.7       T

DEGREE DAYS
 HEATING
  YESTERDAY       42                        20     22       25
  MONTH TO DATE  452                       350    102      345
  SINCE DEC 1   1081                       962    119      911
  SINCE JUL 1   1476                      1395     81     1102

 COOLING
  YESTERDAY        0                         0      0        0
  MONTH TO DATE    0                         0      0        3
  SINCE DEC 1      1                         1      0        3
  SINCE JAN 1      0                         0      0        3
..................................................................


WIND (MPH)
  HIGHEST WIND SPEED    12   HIGHEST WIND DIRECTION     S (160)
  HIGHEST GUST SPEED    15   HIGHEST GUST DIRECTION    SE (150)
  AVERAGE WIND SPEED     6.6


SKY COVER
  POSSIBLE SUNSHINE  MM
  AVERAGE SKY COVER 0.0


WEATHER CONDITIONS
 THE FOLLOWING WEATHER WAS RECORDED YESTERDAY.
  NO SIGNIFICANT WEATHER WAS OBSERVED.


RELATIVE HUMIDITY (PERCENT)
 HIGHEST    76           700 AM
 LOWEST     20           400 PM
 AVERAGE    48

..........................................................


THE ABILENE CLIMATE NORMALS FOR TODAY
                         NORMAL    RECORD    YEAR
 MAXIMUM TEMPERATURE (F)   57        81      1964
 MINIMUM TEMPERATURE (F)   33        -2      1930


SUNRISE AND SUNSET
JANUARY 18 2018.......SUNRISE   740 AM CST   SUNSET   559 PM CST
JANUARY 19 2018.......SUNRISE   739 AM CST   SUNSET   600 PM CST


-  INDICATES NEGATIVE NUMBERS.
R  INDICATES RECORD WAS SET OR TIED.
MM INDICATES DATA IS MISSING.
T  INDICATES TRACE AMOUNT.




$$
