000
CDUS44 KSJT 290802
CLIABI


CLIMATE REPORT
NATIONAL WEATHER SERVICE SAN ANGELO TX
302 AM CDT MON MAY 29 2017


...................................

...THE ABILENE CLIMATE SUMMARY FOR MAY 28 2017...

CLIMATE NORMAL PERIOD 1981 TO 2010
CLIMATE RECORD PERIOD 1886 TO 2017


WEATHER ITEM   OBSERVED TIME   RECORD YEAR NORMAL DEPARTURE LAST
                VALUE   (LST)  VALUE       VALUE  FROM      YEAR
                                                  NORMAL
..................................................................
TEMPERATURE (F)
 YESTERDAY
  MAXIMUM         84    100 AM 109    2011  87     -3       90
  MINIMUM         68    700 AM  49    1976  65      3       64
  AVERAGE         76                        76      0       77

PRECIPITATION (IN)
  YESTERDAY        T             1.72 1987   0.13  -0.13      T
  MONTH TO DATE    2.73                      2.80  -0.07     6.31
  SINCE MAR 1      4.49                      6.18  -1.69    14.86
  SINCE JAN 1      7.87                      8.56  -0.69    15.58

DEGREE DAYS
 HEATING
  YESTERDAY        0                         0      0        0
  MONTH TO DATE   16                        13      3       37
  SINCE MAR 1    245                       422   -177      304
  SINCE JUL 1   1826                      2555   -729     2058

 COOLING
  YESTERDAY       11                        11      0       12
  MONTH TO DATE  179                       231    -52      185
  SINCE MAR 1    367                       359      8      266
  SINCE JAN 1    398                       364     34      280
..................................................................


WIND (MPH)
  HIGHEST WIND SPEED    23   HIGHEST WIND DIRECTION     N (10)
  HIGHEST GUST SPEED    32   HIGHEST GUST DIRECTION     N (360)
  AVERAGE WIND SPEED    14.7


SKY COVER
  POSSIBLE SUNSHINE  MM
  AVERAGE SKY COVER 0.3


WEATHER CONDITIONS
 THE FOLLOWING WEATHER WAS RECORDED YESTERDAY.
  THUNDERSTORM


RELATIVE HUMIDITY (PERCENT)
 HIGHEST    81           900 PM
 LOWEST     56           200 PM
 AVERAGE    69

..........................................................


THE ABILENE CLIMATE NORMALS FOR TODAY
                         NORMAL    RECORD    YEAR
 MAXIMUM TEMPERATURE (F)   87       103      1985
                                             1927
 MINIMUM TEMPERATURE (F)   65        44      1947


SUNRISE AND SUNSET
MAY 29 2017...........SUNRISE   633 AM CDT   SUNSET   839 PM CDT
MAY 30 2017...........SUNRISE   633 AM CDT   SUNSET   840 PM CDT


-  INDICATES NEGATIVE NUMBERS.
R  INDICATES RECORD WAS SET OR TIED.
MM INDICATES DATA IS MISSING.
T  INDICATES TRACE AMOUNT.




$$
