000
CDUS44 KSJT 180800
CLIABI


CLIMATE REPORT
NATIONAL WEATHER SERVICE SAN ANGELO TX
159 AM CST SAT NOV 18 2017


...................................

...THE ABILENE CLIMATE SUMMARY FOR NOVEMBER 17 2017...

CLIMATE NORMAL PERIOD 1981 TO 2010
CLIMATE RECORD PERIOD 1886 TO 2017


WEATHER ITEM   OBSERVED TIME   RECORD YEAR NORMAL DEPARTURE LAST
                VALUE   (LST)  VALUE       VALUE  FROM      YEAR
                                                  NORMAL
..................................................................
TEMPERATURE (F)
 YESTERDAY
  MAXIMUM         81    450 PM  86    1938  66     15       80
                                      1885
  MINIMUM         60    457 AM  17    1959  42     18       55
  AVERAGE         71                        54     17       68

PRECIPITATION (IN)
  YESTERDAY        0.00          0.53 1947   0.04  -0.04     0.00
  MONTH TO DATE    0.90                      0.91  -0.01     2.47
  SINCE SEP 1      5.44                      6.13  -0.69     8.46
  SINCE JAN 1     19.89                     23.09  -3.20    35.57

SNOWFALL (IN)
  YESTERDAY        0.0           0.3  1980   0.1   -0.1      0.0
  MONTH TO DATE    0.0                       0.3   -0.3      0.0
  SINCE NOV 1      0.0                       0.3   -0.3      0.0
  SINCE JUL 1      T                         0.3   -0.3      0.0

DEGREE DAYS
 HEATING
  YESTERDAY        0                        11    -11        0
  MONTH TO DATE  112                       145    -33       50
  SINCE SEP 1    255                       249      6       69
  SINCE JUL 1    255                       249      6       69

 COOLING
  YESTERDAY        6                         0      6        3
  MONTH TO DATE   37                        15     22       31
  SINCE SEP 1    508                       459     49      602
  SINCE JAN 1   2424                      2404     20     2601
..................................................................


WIND (MPH)
  HIGHEST WIND SPEED    29   HIGHEST WIND DIRECTION    SW (210)
  HIGHEST GUST SPEED    38   HIGHEST GUST DIRECTION    SW (210)
  AVERAGE WIND SPEED    14.9


SKY COVER
  POSSIBLE SUNSHINE  MM
  AVERAGE SKY COVER 0.0


WEATHER CONDITIONS
 THE FOLLOWING WEATHER WAS RECORDED YESTERDAY.
  FOG


RELATIVE HUMIDITY (PERCENT)
 HIGHEST   100           600 AM
 LOWEST     45           500 PM
 AVERAGE    73

..........................................................


THE ABILENE CLIMATE NORMALS FOR TODAY
                         NORMAL    RECORD    YEAR
 MAXIMUM TEMPERATURE (F)   65        87      1981
 MINIMUM TEMPERATURE (F)   42        16      1951


SUNRISE AND SUNSET
NOVEMBER 18 2017......SUNRISE   711 AM CST   SUNSET   537 PM CST
NOVEMBER 19 2017......SUNRISE   712 AM CST   SUNSET   536 PM CST


-  INDICATES NEGATIVE NUMBERS.
R  INDICATES RECORD WAS SET OR TIED.
MM INDICATES DATA IS MISSING.
T  INDICATES TRACE AMOUNT.




$$
