897
CDUS44 KSJT 242232
CLIABI


CLIMATE REPORT
NATIONAL WEATHER SERVICE SAN ANGELO TX
529 PM CDT SUN SEP 24 2017


...................................

...THE ABILENE CLIMATE SUMMARY FOR SEPTEMBER 24 2017...
VALID TODAY AS OF 0500 PM LOCAL TIME.

CLIMATE NORMAL PERIOD 1981 TO 2010
CLIMATE RECORD PERIOD 1886 TO 2017


WEATHER ITEM   OBSERVED TIME   RECORD YEAR NORMAL DEPARTURE LAST
                VALUE   (LST)  VALUE       VALUE  FROM      YEAR
                                                  NORMAL
..................................................................
TEMPERATURE (F)
 TODAY
  MAXIMUM         82    345 PM  99    2011  84     -2       90
                                      1979
  MINIMUM         69    647 AM  38    1989  61      8       66
  AVERAGE         76                        73      3       78

PRECIPITATION (IN)
  TODAY            0.02          2.51 1955   0.08  -0.06     1.35
  MONTH TO DATE    0.02                      1.81  -1.79     4.29
  SINCE SEP 1      0.02                      1.81  -1.79     4.29
  SINCE JAN 1     14.47                     18.77  -4.30    31.40

DEGREE DAYS
 HEATING
  TODAY            0                         1     -1        0
  MONTH TO DATE    0                         5     -5        0
  SINCE SEP 1      0                         5     -5        0
  SINCE JUL 1      0                         5     -5        0

 COOLING
  TODAY           11                         8      3       13
  MONTH TO DATE  316                       282     34      341
  SINCE SEP 1    316                       282     34      341
  SINCE JAN 1   2232                      2227      5     2340
..................................................................


WIND (MPH)
  HIGHEST WIND SPEED    22   HIGHEST WIND DIRECTION     S (170)
  HIGHEST GUST SPEED    29   HIGHEST GUST DIRECTION     S (160)
  AVERAGE WIND SPEED    13.2


SKY COVER
  POSSIBLE SUNSHINE  MM
  AVERAGE SKY COVER 0.5


WEATHER CONDITIONS
 THE FOLLOWING WEATHER WAS RECORDED TODAY.
  LIGHT RAIN
  FOG


RELATIVE HUMIDITY (PERCENT)
 HIGHEST    90           500 AM
 LOWEST     62           300 PM
 AVERAGE    76

..........................................................


THE ABILENE CLIMATE NORMALS FOR TOMORROW
                         NORMAL    RECORD    YEAR
 MAXIMUM TEMPERATURE (F)   84       104      2005
                                             1977
 MINIMUM TEMPERATURE (F)   61        40      1975


SUNRISE AND SUNSET
SEPTEMBER 24 2017.....SUNRISE   728 AM CDT   SUNSET   732 PM CDT
SEPTEMBER 25 2017.....SUNRISE   729 AM CDT   SUNSET   731 PM CDT


-  INDICATES NEGATIVE NUMBERS.
R  INDICATES RECORD WAS SET OR TIED.
MM INDICATES DATA IS MISSING.
T  INDICATES TRACE AMOUNT.




$$
