000
CDUS44 KSJT 212225
CLIABI


CLIMATE REPORT
NATIONAL WEATHER SERVICE SAN ANGELO TX
525 PM CDT FRI JUL 21 2017


...................................

...THE ABILENE CLIMATE SUMMARY FOR JULY 21 2017...
VALID TODAY AS OF 0500 PM LOCAL TIME.

CLIMATE NORMAL PERIOD 1981 TO 2010
CLIMATE RECORD PERIOD 1886 TO 2017


WEATHER ITEM   OBSERVED TIME   RECORD YEAR NORMAL DEPARTURE LAST
                VALUE   (LST)  VALUE       VALUE  FROM      YEAR
                                                  NORMAL
..................................................................
TEMPERATURE (F)
 TODAY
  MAXIMUM         99    302 PM 104    1943  95      4       99
                                      1939
  MINIMUM         74    606 AM  62    1970  72      2       77
  AVERAGE         87                        84      3       88

PRECIPITATION (IN)
  TODAY            0.00          0.99 1944   0.06  -0.06     0.00
  MONTH TO DATE    1.04                      1.30  -0.26     0.40
  SINCE JUN 1      2.71                      4.86  -2.15     3.53
  SINCE JAN 1     10.58                     13.80  -3.22    21.33

DEGREE DAYS
 HEATING
  TODAY            0                         0      0        0
  MONTH TO DATE    0                         0      0        0
  SINCE JUN 1      0                         1     -1        0
  SINCE JUL 1      0                         0      0        0

 COOLING
  TODAY           22                        19      3       23
  MONTH TO DATE  371                       372     -1      464
  SINCE JUN 1    817                       807     10      917
  SINCE JAN 1   1236                      1204     32     1226
..................................................................


WIND (MPH)
  HIGHEST WIND SPEED    20   HIGHEST WIND DIRECTION     S (160)
  HIGHEST GUST SPEED    24   HIGHEST GUST DIRECTION    SE (140)
  AVERAGE WIND SPEED    10.1


SKY COVER
  POSSIBLE SUNSHINE  MM
  AVERAGE SKY COVER 0.1


WEATHER CONDITIONS
 THE FOLLOWING WEATHER WAS RECORDED TODAY.
  NO SIGNIFICANT WEATHER WAS OBSERVED.


RELATIVE HUMIDITY (PERCENT)
 HIGHEST    73           600 AM
 LOWEST     30           400 PM
 AVERAGE    52

..........................................................


THE ABILENE CLIMATE NORMALS FOR TOMORROW
                         NORMAL    RECORD    YEAR
 MAXIMUM TEMPERATURE (F)   95       106      1943
 MINIMUM TEMPERATURE (F)   72        64      1970


SUNRISE AND SUNSET
JULY 21 2017..........SUNRISE   646 AM CDT   SUNSET   844 PM CDT
JULY 22 2017..........SUNRISE   647 AM CDT   SUNSET   843 PM CDT


-  INDICATES NEGATIVE NUMBERS.
R  INDICATES RECORD WAS SET OR TIED.
MM INDICATES DATA IS MISSING.
T  INDICATES TRACE AMOUNT.




$$
