000
CDUS44 KSJT 280759
CLIABI


CLIMATE REPORT
NATIONAL WEATHER SERVICE SAN ANGELO TX
158 AM CST SUN DEC 28 2014


...................................

...THE ABILENE CLIMATE SUMMARY FOR DECEMBER 27 2014...

CLIMATE NORMAL PERIOD 1981 TO 2010
CLIMATE RECORD PERIOD 1886 TO 2014


WEATHER ITEM   OBSERVED TIME   RECORD YEAR NORMAL DEPARTURE LAST
                VALUE   (LST)  VALUE       VALUE  FROM      YEAR
                                                  NORMAL
..................................................................
TEMPERATURE (F)
 YESTERDAY
  MAXIMUM         47   1206 AM  77    2005  56     -9       58
                                      1996
                                      1946
  MINIMUM         30   1135 PM  10    1886  33     -3       24
  AVERAGE         39                        44     -5       41

PRECIPITATION (IN)
  YESTERDAY        0.14          0.60 1944   0.04   0.10     0.00
  MONTH TO DATE    0.42                      1.08  -0.66     1.11
  SINCE DEC 1      0.42                      1.08  -0.66     1.11
  SINCE JAN 1     14.91                     24.67  -9.76    23.19

SNOWFALL (IN)
  YESTERDAY        T   R         T    1990   0.0    0.0      0.0
  MONTH TO DATE    T                         0.9   -0.9      0.8
  SINCE NOV 1      0.1                       1.6   -1.5      1.3
  SINCE JUL 1      0.1                       1.6   -1.5      1.3

DEGREE DAYS
 HEATING
  YESTERDAY       26                        21      5       24
  MONTH TO DATE  331                       528   -197      597
  SINCE DEC 1    331                       528   -197      597
  SINCE JUL 1    748                       961   -213     1069

 COOLING
  YESTERDAY        0                         0      0        0
  MONTH TO DATE    0                         0      0        1
  SINCE DEC 1      0                         0      0        1
  SINCE JAN 1   2819                      2408    411     2723
..................................................................


WIND (MPH)
  HIGHEST WIND SPEED    26   HIGHEST WIND DIRECTION     N (350)
  HIGHEST GUST SPEED    29   HIGHEST GUST DIRECTION     N (340)
  AVERAGE WIND SPEED    13.0


SKY COVER
  POSSIBLE SUNSHINE  MM
  AVERAGE SKY COVER 0.9


WEATHER CONDITIONS
 THE FOLLOWING WEATHER WAS RECORDED YESTERDAY.
  RAIN
  LIGHT RAIN
  LT FREEZING RAIN
  LIGHT SNOW
  SLEET
  FOG


RELATIVE HUMIDITY (PERCENT)
 HIGHEST   100          1100 AM
 LOWEST     56          1200 AM
 AVERAGE    78

..........................................................


THE ABILENE CLIMATE NORMALS FOR TODAY
                         NORMAL    RECORD    YEAR
 MAXIMUM TEMPERATURE (F)   56        81      1921
 MINIMUM TEMPERATURE (F)   33         6      1894


SUNRISE AND SUNSET
DECEMBER 28 2014......SUNRISE   739 AM CST   SUNSET   542 PM CST
DECEMBER 29 2014......SUNRISE   739 AM CST   SUNSET   542 PM CST


-  INDICATES NEGATIVE NUMBERS.
R  INDICATES RECORD WAS SET OR TIED.
MM INDICATES DATA IS MISSING.
T  INDICATES TRACE AMOUNT.




$$
