000
CDUS44 KSJT 290658
CLIABI


CLIMATE REPORT
NATIONAL WEATHER SERVICE SAN ANGELO TX
158 AM CDT SAT AUG 29 2015


...................................

...THE ABILENE CLIMATE SUMMARY FOR AUGUST 28 2015...

CLIMATE NORMAL PERIOD 1981 TO 2010
CLIMATE RECORD PERIOD 1886 TO 2015


WEATHER ITEM   OBSERVED TIME   RECORD YEAR NORMAL DEPARTURE LAST
                VALUE   (LST)  VALUE       VALUE  FROM      YEAR
                                                  NORMAL
..................................................................
TEMPERATURE (F)
 YESTERDAY
  MAXIMUM         99    446 PM 107    2011  92      7       98
  MINIMUM         71    510 AM  50    1992  70      1       71
  AVERAGE         85                        81      4       85

PRECIPITATION (IN)
  YESTERDAY        0.00          2.89 1974   0.09  -0.09     0.16
  MONTH TO DATE    0.62                      2.32  -1.70     0.23
  SINCE JUN 1     12.54                      7.75   4.79     6.44
  SINCE JAN 1     25.17                     16.69   8.48    10.43

DEGREE DAYS
 HEATING
  YESTERDAY        0                         0      0        0
  MONTH TO DATE    0                         0      0        0
  SINCE JUN 1      0                         1     -1        0
  SINCE JUL 1      0                         0      0        0

 COOLING
  YESTERDAY       20                        16      4       20
  MONTH TO DATE  575                       506     69      565
  SINCE JUN 1   1647                      1502    145     1613
  SINCE JAN 1   2036                      1899    137     2127
..................................................................


WIND (MPH)
  HIGHEST WIND SPEED    21   HIGHEST WIND DIRECTION    SE (150)
  HIGHEST GUST SPEED    25   HIGHEST GUST DIRECTION     S (190)
  AVERAGE WIND SPEED    12.3


SKY COVER
  POSSIBLE SUNSHINE  MM
  AVERAGE SKY COVER 0.0


WEATHER CONDITIONS
 THE FOLLOWING WEATHER WAS RECORDED YESTERDAY.
  NO SIGNIFICANT WEATHER WAS OBSERVED.


RELATIVE HUMIDITY (PERCENT)
 HIGHEST    68           500 AM
 LOWEST     16           400 PM
 AVERAGE    42

..........................................................


THE ABILENE CLIMATE NORMALS FOR TODAY
                         NORMAL    RECORD    YEAR
 MAXIMUM TEMPERATURE (F)   92       104      2011
 MINIMUM TEMPERATURE (F)   70        58      1917


SUNRISE AND SUNSET
AUGUST 29 2015........SUNRISE   712 AM CDT   SUNSET   807 PM CDT
AUGUST 30 2015........SUNRISE   712 AM CDT   SUNSET   806 PM CDT


-  INDICATES NEGATIVE NUMBERS.
R  INDICATES RECORD WAS SET OR TIED.
MM INDICATES DATA IS MISSING.
T  INDICATES TRACE AMOUNT.




$$
