000
CDUS44 KSJT 040709
CLIABI


CLIMATE REPORT
NATIONAL WEATHER SERVICE SAN ANGELO TX
107 AM CST SUN DEC 4 2016


...................................

...THE ABILENE CLIMATE SUMMARY FOR DECEMBER 3 2016...

CLIMATE NORMAL PERIOD 1981 TO 2010
CLIMATE RECORD PERIOD 1886 TO 2016


WEATHER ITEM   OBSERVED TIME   RECORD YEAR NORMAL DEPARTURE LAST
                VALUE   (LST)  VALUE       VALUE  FROM      YEAR
                                                  NORMAL
..................................................................
TEMPERATURE (F)
 YESTERDAY
  MAXIMUM         47    336 PM  87    2005  59    -12       63
  MINIMUM         43    621 AM  16    1897  36      7       33
  AVERAGE         45                        48     -3       48

PRECIPITATION (IN)
  YESTERDAY        0.41          1.43 1947   0.04   0.37     0.00
  MONTH TO DATE    1.19                      0.11   1.08     0.00
  SINCE DEC 1      1.19                      0.11   1.08     0.00
  SINCE JAN 1     36.80                     23.70  13.10    38.21

SNOWFALL (IN)
  YESTERDAY        0.0           0.0  2002   0.1   -0.1      0.0
  MONTH TO DATE    0.0                       0.1   -0.1      0.0
  SINCE NOV 1      0.0                       0.8   -0.8       T
  SINCE JUL 1      0.0                       0.8   -0.8       T

DEGREE DAYS
 HEATING
  YESTERDAY       20                        17      3       17
  MONTH TO DATE   44                        51     -7       56
  SINCE DEC 1     44                        51     -7       56
  SINCE JUL 1    235                       484   -249      399

 COOLING
  YESTERDAY        0                         0      0        0
  MONTH TO DATE    0                         0      0        0
  SINCE DEC 1      0                         0      0        0
  SINCE JAN 1   2601                      2408    193     2739
..................................................................


WIND (MPH)
  HIGHEST WIND SPEED    21   HIGHEST WIND DIRECTION     E (80)
  HIGHEST GUST SPEED    27   HIGHEST GUST DIRECTION     E (80)
  AVERAGE WIND SPEED     8.1


SKY COVER
  POSSIBLE SUNSHINE  MM
  AVERAGE SKY COVER 1.0


WEATHER CONDITIONS
 THE FOLLOWING WEATHER WAS RECORDED YESTERDAY.
  RAIN
  LIGHT RAIN
  FOG


RELATIVE HUMIDITY (PERCENT)
 HIGHEST   100          1200 AM
 LOWEST     92           800 AM
 AVERAGE    96

..........................................................


THE ABILENE CLIMATE NORMALS FOR TODAY
                         NORMAL    RECORD    YEAR
 MAXIMUM TEMPERATURE (F)   59        89      1954
 MINIMUM TEMPERATURE (F)   36        15      1897


SUNRISE AND SUNSET
DECEMBER  4 2016......SUNRISE   725 AM CST   SUNSET   533 PM CST
DECEMBER  5 2016......SUNRISE   726 AM CST   SUNSET   533 PM CST


-  INDICATES NEGATIVE NUMBERS.
R  INDICATES RECORD WAS SET OR TIED.
MM INDICATES DATA IS MISSING.
T  INDICATES TRACE AMOUNT.




$$
