000
CDUS44 KSJT 272231
CLIABI


CLIMATE REPORT
NATIONAL WEATHER SERVICE SAN ANGELO TX
530 PM CDT FRI MAY 27 2016


...................................

...THE ABILENE CLIMATE SUMMARY FOR MAY 27 2016...
VALID TODAY AS OF 0500 PM LOCAL TIME.

CLIMATE NORMAL PERIOD 1981 TO 2010
CLIMATE RECORD PERIOD 1886 TO 2016


WEATHER ITEM   OBSERVED TIME   RECORD YEAR NORMAL DEPARTURE LAST
                VALUE   (LST)  VALUE       VALUE  FROM      YEAR
                                                  NORMAL
..................................................................
TEMPERATURE (F)
 TODAY
  MAXIMUM         87    359 PM 107    2011  87      0       90
  MINIMUM         60    634 AM  47    1901  65     -5       65
  AVERAGE         74                        76     -2       78

PRECIPITATION (IN)
  TODAY            0.59          1.75 1980   0.12   0.47     0.00
  MONTH TO DATE    6.31                      2.67   3.64     3.97
  SINCE MAR 1     14.86                      6.05   8.81     7.75
  SINCE JAN 1     15.58                      8.43   7.15    11.26

DEGREE DAYS
 HEATING
  TODAY            0                         0      0        0
  MONTH TO DATE   37                        13     24       12
  SINCE MAR 1    304                       422   -118      401
  SINCE JUL 1   2058                      2555   -497     2478

 COOLING
  TODAY            9                        11     -2       13
  MONTH TO DATE  173                       220    -47      190
  SINCE MAR 1    254                       348    -94      357
  SINCE JAN 1    268                       353    -85      361
..................................................................


WIND (MPH)
  HIGHEST WIND SPEED    30   HIGHEST WIND DIRECTION    SW (240)
  HIGHEST GUST SPEED    41   HIGHEST GUST DIRECTION    SW (240)
  AVERAGE WIND SPEED    13.2


SKY COVER
  POSSIBLE SUNSHINE  MM
  AVERAGE SKY COVER 0.3


WEATHER CONDITIONS
 THE FOLLOWING WEATHER WAS RECORDED TODAY.
  THUNDERSTORM
  HEAVY RAIN
  LIGHT RAIN
  FOG


RELATIVE HUMIDITY (PERCENT)
 HIGHEST   100           500 AM
 LOWEST     21           400 PM
 AVERAGE    61

..........................................................


THE ABILENE CLIMATE NORMALS FOR TOMORROW
                         NORMAL    RECORD    YEAR
 MAXIMUM TEMPERATURE (F)   87       109      2011
 MINIMUM TEMPERATURE (F)   65        49      1976


SUNRISE AND SUNSET
MAY 27 2016...........SUNRISE   634 AM CDT   SUNSET   838 PM CDT
MAY 28 2016...........SUNRISE   634 AM CDT   SUNSET   839 PM CDT


-  INDICATES NEGATIVE NUMBERS.
R  INDICATES RECORD WAS SET OR TIED.
MM INDICATES DATA IS MISSING.
T  INDICATES TRACE AMOUNT.




$$
