000
CDUS44 KSJT 100720
CLIABI


CLIMATE REPORT
NATIONAL WEATHER SERVICE SAN ANGELO TX
220 AM CDT THU JUL 10 2014


...................................

...THE ABILENE CLIMATE SUMMARY FOR JULY 9 2014...

CLIMATE NORMAL PERIOD 1981 TO 2010
CLIMATE RECORD PERIOD 1886 TO 2014


WEATHER ITEM   OBSERVED TIME   RECORD YEAR NORMAL DEPARTURE LAST
                VALUE   (LST)  VALUE       VALUE  FROM      YEAR
                                                  NORMAL
..................................................................
TEMPERATURE (F)
 YESTERDAY
  MAXIMUM         98    408 PM 106    2009  94      4       97
  MINIMUM         75    611 AM  59    1952  72      3       75
  AVERAGE         87                        83      4       86

PRECIPITATION (IN)
  YESTERDAY        0.00          1.02 1961   0.06  -0.06     0.00
  MONTH TO DATE    0.27                      0.60  -0.33      T
  SINCE JUN 1      4.02                      4.16  -0.14     5.13
  SINCE JAN 1      8.01                     13.10  -5.09    11.35

DEGREE DAYS
 HEATING
  YESTERDAY        0                         0      0        0
  MONTH TO DATE    0                         0      0        0
  SINCE JUN 1      0                         1     -1        0
  SINCE JUL 1      0                         0      0        0

 COOLING
  YESTERDAY       22                        18      4       21
  MONTH TO DATE  171                       155     16      153
  SINCE JUN 1    638                       590     48      677
  SINCE JAN 1   1152                       987    165     1158
..................................................................


WIND (MPH)
  HIGHEST WIND SPEED    21   HIGHEST WIND DIRECTION    SE (150)
  HIGHEST GUST SPEED    28   HIGHEST GUST DIRECTION     S (170)
  AVERAGE WIND SPEED    11.5


SKY COVER
  POSSIBLE SUNSHINE  MM
  AVERAGE SKY COVER 0.1


WEATHER CONDITIONS
 THE FOLLOWING WEATHER WAS RECORDED YESTERDAY.
  NO SIGNIFICANT WEATHER WAS OBSERVED.


RELATIVE HUMIDITY (PERCENT)
 HIGHEST    64           600 AM
 LOWEST     25           400 PM
 AVERAGE    45

..........................................................


THE ABILENE CLIMATE NORMALS FOR TODAY
                         NORMAL    RECORD    YEAR
 MAXIMUM TEMPERATURE (F)   94       106      1918
 MINIMUM TEMPERATURE (F)   72        55      1905


SUNRISE AND SUNSET
JULY 10 2014..........SUNRISE   640 AM CDT   SUNSET   848 PM CDT
JULY 11 2014..........SUNRISE   640 AM CDT   SUNSET   848 PM CDT


-  INDICATES NEGATIVE NUMBERS.
R  INDICATES RECORD WAS SET OR TIED.
MM INDICATES DATA IS MISSING.
T  INDICATES TRACE AMOUNT.




$$
