000
CDUS44 KSJT 210806
CLIABI


CLIMATE REPORT
NATIONAL WEATHER SERVICE SAN ANGELO TX
206 AM CST TUE FEB 21 2017


...................................

...THE ABILENE CLIMATE SUMMARY FOR FEBRUARY 20 2017...

CLIMATE NORMAL PERIOD 1981 TO 2010
CLIMATE RECORD PERIOD 1886 TO 2017


WEATHER ITEM   OBSERVED TIME   RECORD YEAR NORMAL DEPARTURE LAST
                VALUE   (LST)  VALUE       VALUE  FROM      YEAR
                                                  NORMAL
..................................................................
TEMPERATURE (F)
 YESTERDAY
  MAXIMUM         72    335 PM  86    1976  62     10       79
  MINIMUM         50   1140 PM  16    1955  38     12       60
  AVERAGE         61                        50     11       70

PRECIPITATION (IN)
  YESTERDAY        0.01          0.76 1891   0.05  -0.04     0.00
  MONTH TO DATE    1.45                      0.95   0.50     0.00
  SINCE DEC 1      4.77                      3.20   1.57     2.24
  SINCE JAN 1      3.38                      1.97   1.41     0.04

SNOWFALL (IN)
  YESTERDAY        0.0           4.0  1964   0.0    0.0      0.0
  MONTH TO DATE    0.0                       0.6   -0.6      0.0
  SINCE NOV 1      T                         3.9   -3.9      5.1
  SINCE JUL 1      T                         3.9   -3.9      5.1

DEGREE DAYS
 HEATING
  YESTERDAY        4                        16    -12        0
  MONTH TO DATE  225                       349   -124      242
  SINCE DEC 1   1339                      1585   -246     1306
  SINCE JUL 1   1530                      2018   -488     1649

 COOLING
  YESTERDAY        0                         0      0        5
  MONTH TO DATE   14                         0     14       14
  SINCE DEC 1     17                         2     15       14
  SINCE JAN 1     17                         1     16       14
..................................................................


WIND (MPH)
  HIGHEST WIND SPEED    22   HIGHEST WIND DIRECTION     W (250)
  HIGHEST GUST SPEED    26   HIGHEST GUST DIRECTION    SW (220)
  AVERAGE WIND SPEED     9.3


SKY COVER
  POSSIBLE SUNSHINE  MM
  AVERAGE SKY COVER 0.1


WEATHER CONDITIONS
 THE FOLLOWING WEATHER WAS RECORDED YESTERDAY.
  LIGHT RAIN


RELATIVE HUMIDITY (PERCENT)
 HIGHEST   100           200 AM
 LOWEST     26           400 PM
 AVERAGE    63

..........................................................


THE ABILENE CLIMATE NORMALS FOR TODAY
                         NORMAL    RECORD    YEAR
 MAXIMUM TEMPERATURE (F)   62        92      1996
 MINIMUM TEMPERATURE (F)   38        15      1939


SUNRISE AND SUNSET
FEBRUARY 21 2017......SUNRISE   715 AM CST   SUNSET   630 PM CST
FEBRUARY 22 2017......SUNRISE   714 AM CST   SUNSET   631 PM CST


-  INDICATES NEGATIVE NUMBERS.
R  INDICATES RECORD WAS SET OR TIED.
MM INDICATES DATA IS MISSING.
T  INDICATES TRACE AMOUNT.




$$
