000
CDUS44 KSJT 270654
CLIABI


CLIMATE REPORT
NATIONAL WEATHER SERVICE SAN ANGELO TX
153 AM CDT WED AUG 27 2014


...................................

...THE ABILENE CLIMATE SUMMARY FOR AUGUST 26 2014...

CLIMATE NORMAL PERIOD 1981 TO 2010
CLIMATE RECORD PERIOD 1886 TO 2014


WEATHER ITEM   OBSERVED TIME   RECORD YEAR NORMAL DEPARTURE LAST
                VALUE   (LST)  VALUE       VALUE  FROM      YEAR
                                                  NORMAL
..................................................................
TEMPERATURE (F)
 YESTERDAY
  MAXIMUM        100    445 PM 104    1952  93      7       93
  MINIMUM         73    607 AM  54    1926  70      3       71
  AVERAGE         87                        82      5       82

PRECIPITATION (IN)
  YESTERDAY        0.00          2.28 1914   0.09  -0.09     0.00
  MONTH TO DATE    0.07                      2.14  -2.07     0.45
  SINCE JUN 1      6.28                      7.57  -1.29    10.02
  SINCE JAN 1     10.27                     16.51  -6.24    16.24

DEGREE DAYS
 HEATING
  YESTERDAY        0                         0      0        0
  MONTH TO DATE    0                         0      0        0
  SINCE JUN 1      0                         1     -1        0
  SINCE JUL 1      0                         0      0        0

 COOLING
  YESTERDAY       22                        17      5       17
  MONTH TO DATE  524                       474     50      516
  SINCE JUN 1   1572                      1470    102     1581
  SINCE JAN 1   2086                      1867    219     2062
..................................................................


WIND (MPH)
  HIGHEST WIND SPEED    25   HIGHEST WIND DIRECTION    SE (130)
  HIGHEST GUST SPEED    29   HIGHEST GUST DIRECTION    SE (120)
  AVERAGE WIND SPEED     9.2


SKY COVER
  POSSIBLE SUNSHINE  MM
  AVERAGE SKY COVER 0.2


WEATHER CONDITIONS
 THE FOLLOWING WEATHER WAS RECORDED YESTERDAY.
  NO SIGNIFICANT WEATHER WAS OBSERVED.


RELATIVE HUMIDITY (PERCENT)
 HIGHEST    61           600 AM
 LOWEST     24           400 PM
 AVERAGE    43

..........................................................


THE ABILENE CLIMATE NORMALS FOR TODAY
                         NORMAL    RECORD    YEAR
 MAXIMUM TEMPERATURE (F)   93       104      2011
 MINIMUM TEMPERATURE (F)   70        59      1906


SUNRISE AND SUNSET
AUGUST 27 2014........SUNRISE   711 AM CDT   SUNSET   809 PM CDT
AUGUST 28 2014........SUNRISE   711 AM CDT   SUNSET   808 PM CDT


-  INDICATES NEGATIVE NUMBERS.
R  INDICATES RECORD WAS SET OR TIED.
MM INDICATES DATA IS MISSING.
T  INDICATES TRACE AMOUNT.




$$
