000
CDUS45 KABQ 280830
CLIABQ


CLIMATE REPORT
NATIONAL WEATHER SERVICE ALBUQUERQUE NM
129 AM MST SAT FEB 28 2015


...................................

...THE ALBUQUERQUE  NM CLIMATE SUMMARY FOR FEBRUARY 27 2015...

CLIMATE NORMAL PERIOD 1981 TO 2010
CLIMATE RECORD PERIOD 1891 TO 2015


WEATHER ITEM   OBSERVED TIME   RECORD YEAR NORMAL DEPARTURE LAST
                VALUE   (LST)  VALUE       VALUE  FROM      YEAR
                                                  NORMAL
..................................................................
TEMPERATURE (F)
 YESTERDAY
  MAXIMUM         28    204 PM  76    1904  56    -28       68
  MINIMUM         21   1159 PM  15    1939  33    -12       39
                                      1935
                                      1912
  AVERAGE         25                        44    -19       54

PRECIPITATION (IN)
  YESTERDAY        0.26          0.28 1918   0.02   0.24
  MONTH TO DATE    0.32                      0.46  -0.14
  SINCE DEC 1      2.16                      1.34   0.82
  SINCE JAN 1      1.02                      0.84   0.18

SNOWFALL (IN)
  YESTERDAY        4.3
  MONTH TO DATE    5.5
  SINCE DEC 1     10.9
  SINCE JUL 1     10.9
  SNOW DEPTH       5

DEGREE DAYS
 HEATING
  YESTERDAY       40                        21     19       11
  MONTH TO DATE  564                       641    -77      531
  SINCE DEC 1   2202                      2416   -214     2237
  SINCE JUL 1   2885                      3283   -398     3127

 COOLING
  YESTERDAY        0                         0      0        0
  MONTH TO DATE    0                         0      0        0
  SINCE DEC 1      0                         0      0        0
  SINCE JAN 1      0                         0      0        0
..................................................................


WIND (MPH)
  HIGHEST WIND SPEED    30   HIGHEST WIND DIRECTION     E (80)
  HIGHEST GUST SPEED    32   HIGHEST GUST DIRECTION     E (80)
  AVERAGE WIND SPEED    12.0


SKY COVER
  POSSIBLE SUNSHINE  MM
  AVERAGE SKY COVER 1.0


WEATHER CONDITIONS
 THE FOLLOWING WEATHER WAS RECORDED YESTERDAY.
  HEAVY SNOW
  SNOW
  LIGHT SNOW
  FOG
  FOG W/VISIBILITY <= 1/4 MILE
  HAZE


RELATIVE HUMIDITY (PERCENT)
 HIGHEST    96          1200 AM
 LOWEST     68          1100 AM
 AVERAGE    82

..........................................................


THE ALBUQUERQUE  NM CLIMATE NORMALS FOR TODAY
                         NORMAL    RECORD    YEAR
 MAXIMUM TEMPERATURE (F)   56        76      1904
 MINIMUM TEMPERATURE (F)   33         9      1962


SUNRISE AND SUNSET
FEBRUARY 28 2015......SUNRISE   637 AM MST   SUNSET   601 PM MST
MARCH  1 2015.........SUNRISE   636 AM MST   SUNSET   602 PM MST


-  INDICATES NEGATIVE NUMBERS.
R  INDICATES RECORD WAS SET OR TIED.
MM INDICATES DATA IS MISSING.
T  INDICATES TRACE AMOUNT.




$$
