000
CDUS45 KABQ 280841
CLIABQ


CLIMATE REPORT
NATIONAL WEATHER SERVICE ALBUQUERQUE NM
240 AM MDT THU MAY 28 2015


...................................

...THE ALBUQUERQUE  NM CLIMATE SUMMARY FOR MAY 27 2015...

CLIMATE NORMAL PERIOD 1981 TO 2010
CLIMATE RECORD PERIOD 1891 TO 2015


WEATHER ITEM   OBSERVED TIME   RECORD YEAR NORMAL DEPARTURE LAST
                VALUE   (LST)  VALUE       VALUE  FROM      YEAR
                                                  NORMAL
..................................................................
TEMPERATURE (F)
 YESTERDAY
  MAXIMUM         79    326 PM  98    1951  83     -4       89
  MINIMUM         57    548 AM  30    1917  56      1       53
  AVERAGE         68                        69     -1       71

PRECIPITATION (IN)
  YESTERDAY        0.00          0.53 1937   0.01  -0.01
  MONTH TO DATE    1.86                      0.43   1.43
  SINCE MAR 1      2.33                      1.61   0.72
  SINCE JAN 1      3.64                      2.47   1.17

SNOWFALL (IN)
  YESTERDAY        0.0
  MONTH TO DATE    T
  SINCE MAR 1      T
  SINCE JUL 1     15.2
  SNOW DEPTH       0

DEGREE DAYS
 HEATING
  YESTERDAY        0                         1     -1        0
  MONTH TO DATE  125                        68     57      113
  SINCE MAR 1    730                       869   -139      837
  SINCE JUL 1   3651                      4172   -521     3980

 COOLING
  YESTERDAY        3                         5     -2        6
  MONTH TO DATE    7                        70    -63       58
  SINCE MAR 1      7                        77    -70       64
  SINCE JAN 1      7                        77    -70       64
..................................................................


WIND (MPH)
  HIGHEST WIND SPEED    14   HIGHEST WIND DIRECTION    SW (230)
  HIGHEST GUST SPEED    19   HIGHEST GUST DIRECTION     S (190)
  AVERAGE WIND SPEED     7.0


SKY COVER
  POSSIBLE SUNSHINE  MM
  AVERAGE SKY COVER 0.7


WEATHER CONDITIONS
 THE FOLLOWING WEATHER WAS RECORDED YESTERDAY.
  NO SIGNIFICANT WEATHER WAS OBSERVED.


RELATIVE HUMIDITY (PERCENT)
 HIGHEST    62           400 AM
 LOWEST     15           300 PM
 AVERAGE    39

..........................................................


THE ALBUQUERQUE  NM CLIMATE NORMALS FOR TODAY
                         NORMAL    RECORD    YEAR
 MAXIMUM TEMPERATURE (F)   83        97      1951
 MINIMUM TEMPERATURE (F)   56        38      1916


SUNRISE AND SUNSET
MAY 28 2015...........SUNRISE   555 AM MDT   SUNSET   813 PM MDT
MAY 29 2015...........SUNRISE   555 AM MDT   SUNSET   813 PM MDT


-  INDICATES NEGATIVE NUMBERS.
R  INDICATES RECORD WAS SET OR TIED.
MM INDICATES DATA IS MISSING.
T  INDICATES TRACE AMOUNT.

$$
