000
CDUS45 KABQ 210944
CLIABQ


CLIMATE REPORT
NATIONAL WEATHER SERVICE ALBUQUERQUE NM
242 AM MST TUE NOV 21 2017


...................................

...THE ALBUQUERQUE  NM CLIMATE SUMMARY FOR NOVEMBER 20 2017...

CLIMATE NORMAL PERIOD 1981 TO 2010
CLIMATE RECORD PERIOD 1891 TO 2017


WEATHER ITEM   OBSERVED TIME   RECORD YEAR NORMAL DEPARTURE LAST
                VALUE   (LST)  VALUE       VALUE  FROM      YEAR
                                                  NORMAL
..................................................................
TEMPERATURE (F)
 YESTERDAY
  MAXIMUM         58    344 PM  73    2007  54      4       60
  MINIMUM         27    623 AM  14    1985  32     -5       33
  AVERAGE         43                        43      0       47

PRECIPITATION (IN)
  YESTERDAY        0.00          0.80 1905   0.02  -0.02
  MONTH TO DATE    0.00                      0.39  -0.39
  SINCE SEP 1      2.24                      2.49  -0.25
  SINCE JAN 1      7.67                      8.77  -1.10

SNOWFALL (IN)
  YESTERDAY        0.0
  MONTH TO DATE    0.0
  SINCE SEP 1      0.0
  SINCE JUL 1      0.0
  SNOW DEPTH       0

DEGREE DAYS
 HEATING
  YESTERDAY       22                        22      0       18
  MONTH TO DATE  222                       360   -138      251
  SINCE SEP 1    434                       626   -192      337
  SINCE JUL 1    434                       626   -192      337

 COOLING
  YESTERDAY        0                         0      0        0
  MONTH TO DATE    0                         0      0        0
  SINCE SEP 1    247                       165     82      213
  SINCE JAN 1   1557                      1322    235     1525
..................................................................


WIND (MPH)
  HIGHEST WIND SPEED    10   HIGHEST WIND DIRECTION    NW (310)
  HIGHEST GUST SPEED    14   HIGHEST GUST DIRECTION     N (360)
  AVERAGE WIND SPEED     3.1


SKY COVER
  POSSIBLE SUNSHINE  MM
  AVERAGE SKY COVER 0.6


WEATHER CONDITIONS
 THE FOLLOWING WEATHER WAS RECORDED YESTERDAY.
  NO SIGNIFICANT WEATHER WAS OBSERVED.


RELATIVE HUMIDITY (PERCENT)
 HIGHEST    42           700 AM
 LOWEST      9           200 PM
 AVERAGE    26

..........................................................


THE ALBUQUERQUE  NM CLIMATE NORMALS FOR TODAY
                         NORMAL    RECORD    YEAR
 MAXIMUM TEMPERATURE (F)   53        73      1915
 MINIMUM TEMPERATURE (F)   32        14      1956


SUNRISE AND SUNSET
NOVEMBER 21 2017......SUNRISE   647 AM MST   SUNSET   457 PM MST
NOVEMBER 22 2017......SUNRISE   648 AM MST   SUNSET   457 PM MST


-  INDICATES NEGATIVE NUMBERS.
R  INDICATES RECORD WAS SET OR TIED.
MM INDICATES DATA IS MISSING.
T  INDICATES TRACE AMOUNT.




$$
