000
CDUS45 KABQ 020833
CLIABQ


CLIMATE REPORT
NATIONAL WEATHER SERVICE ALBUQUERQUE NM
230 AM MDT SUN AUG 2 2015


...................................

...THE ALBUQUERQUE  NM CLIMATE SUMMARY FOR AUGUST 1 2015...

CLIMATE NORMAL PERIOD 1981 TO 2010
CLIMATE RECORD PERIOD 1891 TO 2015


WEATHER ITEM   OBSERVED TIME   RECORD YEAR NORMAL DEPARTURE LAST
                VALUE   (LST)  VALUE       VALUE  FROM      YEAR
                                                  NORMAL
..................................................................
TEMPERATURE (F)
 YESTERDAY
  MAXIMUM         88    323 PM 101    1938  88      0       81
                                      1934
  MINIMUM         66   1159 PM  47    1911  66      0       61
  AVERAGE         77                        77      0       71

PRECIPITATION (IN)
  YESTERDAY        0.08          0.91 2014   0.06   0.02
  MONTH TO DATE    0.08                      0.06   0.02
  SINCE JUN 1      3.92                      2.22   1.70
  SINCE JAN 1      7.56                      4.76   2.80

SNOWFALL (IN)
  YESTERDAY        0.0
  MONTH TO DATE    0.0
  SINCE JUN 1      0.0
  SINCE JUL 1      0.0
  SNOW DEPTH       0

DEGREE DAYS
 HEATING
  YESTERDAY        0                         0      0        0
  MONTH TO DATE    0                         0      0        0
  SINCE JUN 1      0                         4     -4        0
  SINCE JUL 1      0                         0      0        0

 COOLING
  YESTERDAY       12                        12      0        6
  MONTH TO DATE   12                        12      0        6
  SINCE JUN 1    774                       725     49      831
  SINCE JAN 1    807                       823    -16      943
..................................................................


WIND (MPH)
  HIGHEST WIND SPEED    26   HIGHEST WIND DIRECTION     W (280)
  HIGHEST GUST SPEED    34   HIGHEST GUST DIRECTION    SW (240)
  AVERAGE WIND SPEED     6.5


SKY COVER
  POSSIBLE SUNSHINE  MM
  AVERAGE SKY COVER 0.7


WEATHER CONDITIONS
 THE FOLLOWING WEATHER WAS RECORDED YESTERDAY.
  THUNDERSTORM
  HEAVY RAIN
  LIGHT RAIN
  FOG


RELATIVE HUMIDITY (PERCENT)
 HIGHEST    81           900 PM
 LOWEST     24           500 PM
 AVERAGE    53

..........................................................


THE ALBUQUERQUE  NM CLIMATE NORMALS FOR TODAY
                         NORMAL    RECORD    YEAR
 MAXIMUM TEMPERATURE (F)   88       101      1979
 MINIMUM TEMPERATURE (F)   66        47      1911


SUNRISE AND SUNSET
AUGUST  2 2015........SUNRISE   616 AM MDT   SUNSET   809 PM MDT
AUGUST  3 2015........SUNRISE   617 AM MDT   SUNSET   808 PM MDT


-  INDICATES NEGATIVE NUMBERS.
R  INDICATES RECORD WAS SET OR TIED.
MM INDICATES DATA IS MISSING.
T  INDICATES TRACE AMOUNT.

$$
