000
CDUS45 KABQ 230016
CLIABQ


CLIMATE REPORT
NATIONAL WEATHER SERVICE ALBUQUERQUE NM
615 PM MDT MON SEP 22 2014


...................................

...THE ALBUQUERQUE  NM CLIMATE SUMMARY FOR SEPTEMBER 22 2014...
VALID TODAY AS OF 0500 PM LOCAL TIME.

CLIMATE NORMAL PERIOD 1981 TO 2010
CLIMATE RECORD PERIOD 1897 TO 2014


WEATHER ITEM   OBSERVED TIME   RECORD YEAR NORMAL DEPARTURE LAST
                VALUE   (LST)  VALUE       VALUE  FROM      YEAR
                                                  NORMAL
..................................................................
TEMPERATURE (F)
 TODAY
  MAXIMUM         81    233 PM  90    1966  79      2       81
                                      1944
  MINIMUM         66    619 AM  26    1912  56     10       58
  AVERAGE         74                        67      7       70

PRECIPITATION (IN)
  TODAY            T             1.77 2010   0.03  -0.03
  MONTH TO DATE    0.55                      0.78  -0.23
  SINCE SEP 1      0.55                      0.78  -0.23
  SINCE JAN 1      6.61                      7.06  -0.45

SNOWFALL (IN)
  TODAY            0.0
  MONTH TO DATE    0.0
  SINCE SEP 1      0.0
  SINCE JUL 1      0.0
  SNOW DEPTH       0

DEGREE DAYS
 HEATING
  TODAY            0                         1     -1        0
  MONTH TO DATE    5                         8     -3        0
  SINCE SEP 1      5                         8     -3        0
  SINCE JUL 1      5                         8     -3        0

 COOLING
  TODAY            9                         3      6        5
  MONTH TO DATE  175                       138     37      181
  SINCE SEP 1    175                       138     37      181
  SINCE JAN 1   1405                      1295    110     1556
..................................................................


WIND (MPH)
  HIGHEST WIND SPEED    17   HIGHEST WIND DIRECTION     E (90)
  HIGHEST GUST SPEED    20   HIGHEST GUST DIRECTION     E (80)
  AVERAGE WIND SPEED     8.1


SKY COVER
  POSSIBLE SUNSHINE  MM
  AVERAGE SKY COVER 0.7



RELATIVE HUMIDITY (PERCENT)
 HIGHEST    73           800 AM
 LOWEST     42           200 PM
 AVERAGE    58

..........................................................


THE ALBUQUERQUE  NM CLIMATE NORMALS FOR TOMORROW
                         NORMAL    RECORD    YEAR
 MAXIMUM TEMPERATURE (F)   78        90      1910
 MINIMUM TEMPERATURE (F)   55        30      1912


SUNRISE AND SUNSET
SEPTEMBER 22 2014.....SUNRISE   654 AM MDT   SUNSET   703 PM MDT
SEPTEMBER 23 2014.....SUNRISE   655 AM MDT   SUNSET   702 PM MDT


-  INDICATES NEGATIVE NUMBERS.
R  INDICATES RECORD WAS SET OR TIED.
MM INDICATES DATA IS MISSING.
T  INDICATES TRACE AMOUNT.




$$
