000
CDUS45 KABQ 270024
CLIABQ


CLIMATE REPORT
NATIONAL WEATHER SERVICE ALBUQUERQUE NM
623 PM MDT MON SEP 26 2016


...................................

...THE ALBUQUERQUE  NM CLIMATE SUMMARY FOR SEPTEMBER 26 2016...
VALID TODAY AS OF 0500 PM LOCAL TIME.

CLIMATE NORMAL PERIOD 1981 TO 2010
CLIMATE RECORD PERIOD 1891 TO 2016


WEATHER ITEM   OBSERVED TIME   RECORD YEAR NORMAL DEPARTURE LAST
                VALUE   (LST)  VALUE       VALUE  FROM      YEAR
                                                  NORMAL
..................................................................
TEMPERATURE (F)
 TODAY
  MAXIMUM         74    327 PM  90    1956  77     -3       84
                                      1953
  MINIMUM         52    508 AM  31    1912  54     -2       55
  AVERAGE         63                        65     -2       70

PRECIPITATION (IN)
  TODAY            0.00          1.19 1936   0.04  -0.04
  MONTH TO DATE    1.01                      0.93   0.08
  SINCE SEP 1      1.01                      0.93   0.08
  SINCE JAN 1      4.37                      7.21  -2.84

SNOWFALL (IN)
  TODAY            0.0
  MONTH TO DATE    0.0
  SINCE SEP 1      0.0
  SINCE JUL 1      0.0
  SNOW DEPTH       0

DEGREE DAYS
 HEATING
  TODAY            2                         2      0        0
  MONTH TO DATE   13                        16     -3        0
  SINCE SEP 1     13                        16     -3        0
  SINCE JUL 1     13                        16     -3        0

 COOLING
  TODAY            0                         2     -2        5
  MONTH TO DATE  182                       149     33      228
  SINCE SEP 1    182                       149     33      228
  SINCE JAN 1   1494                      1306    188     1454
..................................................................


WIND (MPH)
  HIGHEST WIND SPEED    25   HIGHEST WIND DIRECTION    SE (140)
  HIGHEST GUST SPEED    27   HIGHEST GUST DIRECTION    SE (140)
  AVERAGE WIND SPEED    10.4


SKY COVER
  POSSIBLE SUNSHINE  MM
  AVERAGE SKY COVER 0.4



RELATIVE HUMIDITY (PERCENT)
 HIGHEST    46           500 AM
 LOWEST     19           400 PM
 AVERAGE    33

..........................................................


THE ALBUQUERQUE  NM CLIMATE NORMALS FOR TOMORROW
                         NORMAL    RECORD    YEAR
 MAXIMUM TEMPERATURE (F)   76        91      2015
 MINIMUM TEMPERATURE (F)   54        31      1912


SUNRISE AND SUNSET
SEPTEMBER 26 2016.....SUNRISE   658 AM MDT   SUNSET   657 PM MDT
SEPTEMBER 27 2016.....SUNRISE   659 AM MDT   SUNSET   655 PM MDT


-  INDICATES NEGATIVE NUMBERS.
R  INDICATES RECORD WAS SET OR TIED.
MM INDICATES DATA IS MISSING.
T  INDICATES TRACE AMOUNT.




$$
