000
CDUS45 KABQ 120828
CLIABQ


CLIMATE REPORT
NATIONAL WEATHER SERVICE ALBUQUERQUE NM
127 AM MST FRI FEB 12 2016


...................................

...THE ALBUQUERQUE  NM CLIMATE SUMMARY FOR FEBRUARY 11 2016...

CLIMATE NORMAL PERIOD 1981 TO 2010
CLIMATE RECORD PERIOD 1891 TO 2016


WEATHER ITEM   OBSERVED TIME   RECORD YEAR NORMAL DEPARTURE LAST
                VALUE   (LST)  VALUE       VALUE  FROM      YEAR
                                                  NORMAL
..................................................................
TEMPERATURE (F)
 YESTERDAY
  MAXIMUM         67    424 PM  72    1957  52     15       51
  MINIMUM         32    731 AM   2    1929  30      2       39
  AVERAGE         50                        40     10       45

PRECIPITATION (IN)
  YESTERDAY        0.00          0.25 2005   0.02  -0.02
  MONTH TO DATE    0.03                      0.18  -0.15
  SINCE DEC 1      1.38                      1.06   0.32
  SINCE JAN 1      0.40                      0.56  -0.16

SNOWFALL (IN)
  YESTERDAY        0.0
  MONTH TO DATE    0.2
  SINCE DEC 1      9.6
  SINCE JUL 1      9.6
  SNOW DEPTH       0

DEGREE DAYS
 HEATING
  YESTERDAY       15                        24     -9       20
  MONTH TO DATE  292                       281     11      182
  SINCE DEC 1   2021                      2056    -35     1820
  SINCE JUL 1   2738                      2923   -185     2503

 COOLING
  YESTERDAY        0                         0      0        0
  MONTH TO DATE    0                         0      0        0
  SINCE DEC 1      0                         0      0        0
  SINCE JAN 1      0                         0      0        0
..................................................................


WIND (MPH)
  HIGHEST WIND SPEED    16   HIGHEST WIND DIRECTION     N (340)
  HIGHEST GUST SPEED    19   HIGHEST GUST DIRECTION    NW (330)
  AVERAGE WIND SPEED     6.9


SKY COVER
  POSSIBLE SUNSHINE  MM
  AVERAGE SKY COVER 0.1


WEATHER CONDITIONS
 THE FOLLOWING WEATHER WAS RECORDED YESTERDAY.
  NO SIGNIFICANT WEATHER WAS OBSERVED.


RELATIVE HUMIDITY (PERCENT)
 HIGHEST    61           800 AM
 LOWEST     11           400 PM
 AVERAGE    36

..........................................................


THE ALBUQUERQUE  NM CLIMATE NORMALS FOR TODAY
                         NORMAL    RECORD    YEAR
 MAXIMUM TEMPERATURE (F)   52        70      1918
 MINIMUM TEMPERATURE (F)   30        -1      1948


SUNRISE AND SUNSET
FEBRUARY 12 2016......SUNRISE   656 AM MST   SUNSET   546 PM MST
FEBRUARY 13 2016......SUNRISE   655 AM MST   SUNSET   547 PM MST


-  INDICATES NEGATIVE NUMBERS.
R  INDICATES RECORD WAS SET OR TIED.
MM INDICATES DATA IS MISSING.
T  INDICATES TRACE AMOUNT.




$$
