000
CDUS45 KABQ 010829
CLIABQ


CLIMATE REPORT
NATIONAL WEATHER SERVICE ALBUQUERQUE NM
226 AM MDT SUN MAY 1 2016


...................................

...THE ALBUQUERQUE  NM CLIMATE SUMMARY FOR APRIL 30 2016...

CLIMATE NORMAL PERIOD 1981 TO 2010
CLIMATE RECORD PERIOD 1891 TO 2016


WEATHER ITEM   OBSERVED TIME   RECORD YEAR NORMAL DEPARTURE LAST
                VALUE   (LST)  VALUE       VALUE  FROM      YEAR
                                                  NORMAL
..................................................................
TEMPERATURE (F)
 YESTERDAY
  MAXIMUM         64    418 PM  88    1981  74    -10       82
  MINIMUM         41    545 AM  27    1975  48     -7       48
  AVERAGE         53                        61     -8       65

PRECIPITATION (IN)
  YESTERDAY        0.01          0.37 1964   0.02  -0.01
  MONTH TO DATE    0.66                      0.61   0.05
  SINCE MAR 1      0.66                      1.18  -0.52
  SINCE JAN 1      1.08                      2.04  -0.96

SNOWFALL (IN)
  YESTERDAY        0.0
  MONTH TO DATE    T
  SINCE MAR 1      T
  SINCE JUL 1      9.8
  SNOW DEPTH       0

DEGREE DAYS
 HEATING
  YESTERDAY       12                         5      7        0
  MONTH TO DATE  272                       277     -5      241
  SINCE MAR 1    684                       801   -117      605
  SINCE JUL 1   3694                      4104   -410     3526

 COOLING
  YESTERDAY        0                         1     -1        0
  MONTH TO DATE    5                         7     -2        0
  SINCE MAR 1      5                         7     -2        0
  SINCE JAN 1      5                         7     -2        0
..................................................................


WIND (MPH)
  HIGHEST WIND SPEED    44   HIGHEST WIND DIRECTION     E (80)
  HIGHEST GUST SPEED    51   HIGHEST GUST DIRECTION     E (80)
  AVERAGE WIND SPEED    11.8


SKY COVER
  POSSIBLE SUNSHINE  MM
  AVERAGE SKY COVER 0.8


WEATHER CONDITIONS
 THE FOLLOWING WEATHER WAS RECORDED YESTERDAY.
  LIGHT RAIN


RELATIVE HUMIDITY (PERCENT)
 HIGHEST    77           800 PM
 LOWEST     27           500 PM
 AVERAGE    52

..........................................................


THE ALBUQUERQUE  NM CLIMATE NORMALS FOR TODAY
                         NORMAL    RECORD    YEAR
 MAXIMUM TEMPERATURE (F)   74        88      1992
 MINIMUM TEMPERATURE (F)   48        28      1967


SUNRISE AND SUNSET
MAY  1 2016...........SUNRISE   615 AM MDT   SUNSET   752 PM MDT
MAY  2 2016...........SUNRISE   614 AM MDT   SUNSET   753 PM MDT


-  INDICATES NEGATIVE NUMBERS.
R  INDICATES RECORD WAS SET OR TIED.
MM INDICATES DATA IS MISSING.
T  INDICATES TRACE AMOUNT.

$$
