000
CDUS45 KABQ 230836
CLIABQ


CLIMATE REPORT
NATIONAL WEATHER SERVICE ALBUQUERQUE NM
235 AM MDT SAT JUL 23 2016


...................................

...THE ALBUQUERQUE  NM CLIMATE SUMMARY FOR JULY 22 2016...

CLIMATE NORMAL PERIOD 1981 TO 2010
CLIMATE RECORD PERIOD 1891 TO 2016


WEATHER ITEM   OBSERVED TIME   RECORD YEAR NORMAL DEPARTURE LAST
                VALUE   (LST)  VALUE       VALUE  FROM      YEAR
                                                  NORMAL
..................................................................
TEMPERATURE (F)
 YESTERDAY
  MAXIMUM         99    355 PM 101    1981  90      9       92
                                      1963
  MINIMUM         67    513 AM  52    1918  67      0       67
  AVERAGE         83                        78      5       80

PRECIPITATION (IN)
  YESTERDAY        0.00          1.46 1930   0.06  -0.06
  MONTH TO DATE    0.19                      1.00  -0.81
  SINCE JUN 1      0.36                      1.66  -1.30
  SINCE JAN 1      1.55                      4.20  -2.65

SNOWFALL (IN)
  YESTERDAY        0.0
  MONTH TO DATE    0.0
  SINCE JUN 1      0.0
  SINCE JUL 1      0.0
  SNOW DEPTH       0

DEGREE DAYS
 HEATING
  YESTERDAY        0                         0      0        0
  MONTH TO DATE    0                         0      0        0
  SINCE JUN 1      0                         4     -4        0
  SINCE JUL 1      0                         0      0        0

 COOLING
  YESTERDAY       18                        13      5       15
  MONTH TO DATE  363                       297     66      249
  SINCE JUN 1    802                       599    203      636
  SINCE JAN 1    873                       697    176      669
..................................................................


WIND (MPH)
  HIGHEST WIND SPEED    22   HIGHEST WIND DIRECTION     N (10)
  HIGHEST GUST SPEED    29   HIGHEST GUST DIRECTION     N (20)
  AVERAGE WIND SPEED     6.1


SKY COVER
  POSSIBLE SUNSHINE  MM
  AVERAGE SKY COVER 0.3


WEATHER CONDITIONS
 THE FOLLOWING WEATHER WAS RECORDED YESTERDAY.
  NO SIGNIFICANT WEATHER WAS OBSERVED.


RELATIVE HUMIDITY (PERCENT)
 HIGHEST    52           500 AM
 LOWEST     10           400 PM
 AVERAGE    31

..........................................................


THE ALBUQUERQUE  NM CLIMATE NORMALS FOR TODAY
                         NORMAL    RECORD    YEAR
 MAXIMUM TEMPERATURE (F)   89       100      1981
                                             1963
 MINIMUM TEMPERATURE (F)   67        57      1973
                                             1930
                                             1914


SUNRISE AND SUNSET
JULY 23 2016..........SUNRISE   610 AM MDT   SUNSET   816 PM MDT
JULY 24 2016..........SUNRISE   610 AM MDT   SUNSET   815 PM MDT


-  INDICATES NEGATIVE NUMBERS.
R  INDICATES RECORD WAS SET OR TIED.
MM INDICATES DATA IS MISSING.
T  INDICATES TRACE AMOUNT.




$$
