000
CDUS45 KABQ 100827
CLIABQ


CLIMATE REPORT
NATIONAL WEATHER SERVICE ALBUQUERQUE NM
126 AM MST SAT DEC 10 2016


...................................

...THE ALBUQUERQUE  NM CLIMATE SUMMARY FOR DECEMBER 9 2016...

CLIMATE NORMAL PERIOD 1981 TO 2010
CLIMATE RECORD PERIOD 1891 TO 2016


WEATHER ITEM   OBSERVED TIME   RECORD YEAR NORMAL DEPARTURE LAST
                VALUE   (LST)  VALUE       VALUE  FROM      YEAR
                                                  NORMAL
..................................................................
TEMPERATURE (F)
 YESTERDAY
  MAXIMUM         45    431 PM  64    1939  47     -2       61
  MINIMUM         25    755 AM   2    1916  27     -2       38
  AVERAGE         35                        37     -2       50

PRECIPITATION (IN)
  YESTERDAY        0.00          0.26 1943   0.01  -0.01
  MONTH TO DATE    T                         0.15  -0.15
  SINCE DEC 1      T                         0.15  -0.15
  SINCE JAN 1      6.17                      9.10  -2.93

SNOWFALL (IN)
  YESTERDAY        0.0
  MONTH TO DATE    0.1
  SINCE DEC 1      0.1
  SINCE JUL 1      0.2
  SNOW DEPTH       0

DEGREE DAYS
 HEATING
  YESTERDAY       30                        28      2       15
  MONTH TO DATE  246                       244      2      211
  SINCE DEC 1    246                       244      2      211
  SINCE JUL 1    823                      1111   -288      928

 COOLING
  YESTERDAY        0                         0      0        0
  MONTH TO DATE    0                         0      0        0
  SINCE DEC 1      0                         0      0        0
  SINCE JAN 1   1525                      1322    203     1534
..................................................................


WIND (MPH)
  HIGHEST WIND SPEED    12   HIGHEST WIND DIRECTION    SW (220)
  HIGHEST GUST SPEED    16   HIGHEST GUST DIRECTION    SW (210)
  AVERAGE WIND SPEED     4.4


SKY COVER
  POSSIBLE SUNSHINE  MM
  AVERAGE SKY COVER 0.3


WEATHER CONDITIONS
 THE FOLLOWING WEATHER WAS RECORDED YESTERDAY.
  NO SIGNIFICANT WEATHER WAS OBSERVED.


RELATIVE HUMIDITY (PERCENT)
 HIGHEST    81           100 AM
 LOWEST     49           300 PM
 AVERAGE    65

..........................................................


THE ALBUQUERQUE  NM CLIMATE NORMALS FOR TODAY
                         NORMAL    RECORD    YEAR
 MAXIMUM TEMPERATURE (F)   47        66      1938
 MINIMUM TEMPERATURE (F)   27         2      1924


SUNRISE AND SUNSET
DECEMBER 10 2016......SUNRISE   704 AM MST   SUNSET   455 PM MST
DECEMBER 11 2016......SUNRISE   705 AM MST   SUNSET   455 PM MST


-  INDICATES NEGATIVE NUMBERS.
R  INDICATES RECORD WAS SET OR TIED.
MM INDICATES DATA IS MISSING.
T  INDICATES TRACE AMOUNT.




$$
