190
CDUS43 KABR 221042
CLIABR


CLIMATE REPORT
NATIONAL WEATHER SERVICE ABERDEEN SD
541 AM CDT FRI SEP 22 2017


...................................

...THE ABERDEEN SD CLIMATE SUMMARY FOR SEPTEMBER 21 2017...

CLIMATE NORMAL PERIOD 1981 TO 2010
CLIMATE RECORD PERIOD 1893 TO 2017


WEATHER ITEM   OBSERVED TIME   RECORD YEAR NORMAL DEPARTURE LAST
                VALUE   (LST)  VALUE       VALUE  FROM      YEAR
                                                  NORMAL
..................................................................
TEMPERATURE (F)
 YESTERDAY
  MAXIMUM         86    401 PM  99    1937  70     16       72
                                      1936
  MINIMUM         46    543 AM  22    1893  43      3       55
  AVERAGE         66                        56     10       64

PRECIPITATION (IN)
  YESTERDAY        0.00          1.85 1959   0.07  -0.07     0.00
  MONTH TO DATE    0.17                      1.55  -1.38     1.12
  SINCE SEP 1      0.17                      1.55  -1.38     1.12
  SINCE JAN 1     12.23                     17.84  -5.61    15.18

DEGREE DAYS
 HEATING
  YESTERDAY        0                         9     -9        1
  MONTH TO DATE   70                       123    -53       60
  SINCE SEP 1     70                       123    -53       60
  SINCE JUL 1     89                       174    -85       91

 COOLING
  YESTERDAY        1                         1      0        0
  MONTH TO DATE   55                        37     18       50
  SINCE SEP 1     55                        37     18       50
  SINCE JAN 1    540                       520     20      711
..................................................................


WIND (MPH)
  HIGHEST WIND SPEED    26   HIGHEST WIND DIRECTION    SE (150)
  HIGHEST GUST SPEED    34   HIGHEST GUST DIRECTION     S (160)
  AVERAGE WIND SPEED    11.6


SKY COVER
  POSSIBLE SUNSHINE  MM
  AVERAGE SKY COVER 0.1


WEATHER CONDITIONS
 THE FOLLOWING WEATHER WAS RECORDED YESTERDAY.
  THUNDERSTORM


RELATIVE HUMIDITY (PERCENT)
 HIGHEST    93           900 PM
 LOWEST     38          1000 AM
 AVERAGE    66

..........................................................


THE ABERDEEN SD CLIMATE NORMALS FOR TODAY
                         NORMAL    RECORD    YEAR
 MAXIMUM TEMPERATURE (F)   69       103      1936
 MINIMUM TEMPERATURE (F)   43        20      1995


SUNRISE AND SUNSET
SEPTEMBER 22 2017.....SUNRISE   721 AM CDT   SUNSET   731 PM CDT
SEPTEMBER 23 2017.....SUNRISE   722 AM CDT   SUNSET   729 PM CDT


-  INDICATES NEGATIVE NUMBERS.
R  INDICATES RECORD WAS SET OR TIED.
MM INDICATES DATA IS MISSING.
T  INDICATES TRACE AMOUNT.




$$
