000
CDUS43 KABR 241547
CLIABR


CLIMATE REPORT
NATIONAL WEATHER SERVICE ABERDEEN SD
944 AM CST TUE JAN 24 2017


...................................

...THE ABERDEEN SD CLIMATE SUMMARY FOR JANUARY 23 2017...

CLIMATE NORMAL PERIOD 1981 TO 2010
CLIMATE RECORD PERIOD 1893 TO 2017


WEATHER ITEM   OBSERVED TIME   RECORD YEAR NORMAL DEPARTURE LAST
                VALUE   (LST)  VALUE       VALUE  FROM      YEAR
                                                  NORMAL
..................................................................
TEMPERATURE (F)
 YESTERDAY
  MAXIMUM         31    230 PM  60    1981  23      8       33
  MINIMUM         29   1159 PM -34    1897   1     28       14
  AVERAGE         30                        12     18       24

PRECIPITATION (IN)
  YESTERDAY        0.01          0.30 1950   0.01   0.00     0.00
  MONTH TO DATE    0.47                      0.36   0.11     0.11
  SINCE DEC 1      2.25                      0.88   1.37     0.75
  SINCE JAN 1      0.47                      0.36   0.11     0.11

SNOWFALL (IN)
  YESTERDAY        0.1           2.5  1950   0.2   -0.1      0.0
  MONTH TO DATE    8.6                       5.0    3.6      2.0
  SINCE OCT 1     24.6                      19.6    5.0     17.1
  SINCE JUL 1     24.6                      19.6    5.0     17.1
  SNOW DEPTH       2

DEGREE DAYS
 HEATING
  YESTERDAY       35                        53    -18       41
  MONTH TO DATE 1287                      1219     68     1186
  SINCE DEC 1   2884                      2747    137     2493
  SINCE JUL 1   4234                      4710   -476     3905

 COOLING
  YESTERDAY        0                         0      0        0
  MONTH TO DATE    0                         0      0        0
  SINCE DEC 1      0                         0      0        0
  SINCE JAN 1      0                         0      0        0
..................................................................


WIND (MPH)
  HIGHEST WIND SPEED     9   HIGHEST WIND DIRECTION    NW (300)
  HIGHEST GUST SPEED    12   HIGHEST GUST DIRECTION     W (290)
  AVERAGE WIND SPEED     4.2


SKY COVER
  POSSIBLE SUNSHINE  MM
  AVERAGE SKY COVER 1.0


WEATHER CONDITIONS
 THE FOLLOWING WEATHER WAS RECORDED YESTERDAY.
  LIGHT SNOW
  FOG
  HAZE


RELATIVE HUMIDITY (PERCENT)
 HIGHEST    85          1000 PM
 LOWEST     72           700 AM
 AVERAGE    79

..........................................................


THE ABERDEEN SD CLIMATE NORMALS FOR TODAY
                         NORMAL    RECORD    YEAR
 MAXIMUM TEMPERATURE (F)   23        60      1981
 MINIMUM TEMPERATURE (F)    1       -35      1915


SUNRISE AND SUNSET
JANUARY 24 2017.......SUNRISE   803 AM CST   SUNSET   530 PM CST
JANUARY 25 2017.......SUNRISE   802 AM CST   SUNSET   531 PM CST


-  INDICATES NEGATIVE NUMBERS.
R  INDICATES RECORD WAS SET OR TIED.
MM INDICATES DATA IS MISSING.
T  INDICATES TRACE AMOUNT.




$$
