251
CDUS43 KABR 031033
CLIABR


CLIMATE REPORT
NATIONAL WEATHER SERVICE ABERDEEN SD
432 AM CST SAT DEC 3 2016


...................................

...THE ABERDEEN SD CLIMATE SUMMARY FOR DECEMBER 2 2016...

CLIMATE NORMAL PERIOD 1981 TO 2010
CLIMATE RECORD PERIOD 1893 TO 2016


WEATHER ITEM   OBSERVED TIME   RECORD YEAR NORMAL DEPARTURE LAST
                VALUE   (LST)  VALUE       VALUE  FROM      YEAR
                                                  NORMAL
..................................................................
TEMPERATURE (F)
 YESTERDAY
  MAXIMUM         29    428 PM  56    2012  30     -1       34
  MINIMUM         21    951 PM -20    1896  11     10        3
                                      1895
  AVERAGE         25                        20      5       19

PRECIPITATION (IN)
  YESTERDAY        T             0.98 1909   0.02  -0.02     0.00
  MONTH TO DATE    T                         0.04  -0.04     0.24
  SINCE DEC 1      T                         0.04  -0.04     0.24
  SINCE JAN 1     18.81                     21.24  -2.43    20.78

SNOWFALL (IN)
  YESTERDAY        T
  MONTH TO DATE    T
  SINCE OCT 1      5.2
  SINCE JUL 1      5.2
  SNOW DEPTH       0

DEGREE DAYS
 HEATING
  YESTERDAY       40                        45     -5       46
  MONTH TO DATE   73                        89    -16       79
  SINCE DEC 1     73                        89    -16       79
  SINCE JUL 1   1423                      2052   -629     1491

 COOLING
  YESTERDAY        0                         0      0        0
  MONTH TO DATE    0                         0      0        0
  SINCE DEC 1      0                         0      0        0
  SINCE JAN 1    722                       525    197      677
..................................................................


WIND (MPH)
  HIGHEST WIND SPEED    12   HIGHEST WIND DIRECTION    NW (310)
  HIGHEST GUST SPEED    14   HIGHEST GUST DIRECTION    NW (310)
  AVERAGE WIND SPEED     5.7


SKY COVER
  POSSIBLE SUNSHINE  MM
  AVERAGE SKY COVER 1.0


WEATHER CONDITIONS
 THE FOLLOWING WEATHER WAS RECORDED YESTERDAY.
  LIGHT SNOW


RELATIVE HUMIDITY (PERCENT)
 HIGHEST    85          1200 AM
 LOWEST     63           500 PM
 AVERAGE    74

..........................................................


THE ABERDEEN SD CLIMATE NORMALS FOR TODAY
                         NORMAL    RECORD    YEAR
 MAXIMUM TEMPERATURE (F)   30        63      1941
 MINIMUM TEMPERATURE (F)   10       -18      1905
                                             1897


SUNRISE AND SUNSET
DECEMBER  3 2016......SUNRISE   756 AM CST   SUNSET   451 PM CST
DECEMBER  4 2016......SUNRISE   757 AM CST   SUNSET   451 PM CST


-  INDICATES NEGATIVE NUMBERS.
R  INDICATES RECORD WAS SET OR TIED.
MM INDICATES DATA IS MISSING.
T  INDICATES TRACE AMOUNT.




$$
