000
CDUS43 KABR 172345
CLIABR


CLIMATE REPORT
NATIONAL WEATHER SERVICE ABERDEEN SD
545 PM CST FRI NOV 17 2017


...................................

...THE ABERDEEN SD CLIMATE SUMMARY FOR NOVEMBER 17 2017...
VALID TODAY AS OF 0500 PM LOCAL TIME.

CLIMATE NORMAL PERIOD 1981 TO 2010
CLIMATE RECORD PERIOD 1893 TO 2017


WEATHER ITEM   OBSERVED TIME   RECORD YEAR NORMAL DEPARTURE LAST
                VALUE   (LST)  VALUE       VALUE  FROM      YEAR
                                                  NORMAL
..................................................................
TEMPERATURE (F)
 TODAY
  MAXIMUM         45    107 PM  72    1953  39      6       43
  MINIMUM         30    543 AM  -8    1959  18     12       32
  AVERAGE         38                        28     10       38

PRECIPITATION (IN)
  TODAY            T             1.11 1952   0.03  -0.03     0.16
  MONTH TO DATE    0.11                      0.46  -0.35     0.16
  SINCE SEP 1      2.81                      4.64  -1.83     3.20
  SINCE JAN 1     14.87                     20.93  -6.06    17.26

SNOWFALL (IN)
  TODAY            0.0
  MONTH TO DATE    0.8
  SINCE OCT 1      0.8
  SINCE JUL 1      0.8
  SNOW DEPTH       0

DEGREE DAYS
 HEATING
  TODAY           27                        37    -10       27
  MONTH TO DATE  626                       546     80      294
  SINCE SEP 1   1338                      1386    -48      883
  SINCE JUL 1   1357                      1437    -80      914
..................................................................


WIND (MPH)
  HIGHEST WIND SPEED    21   HIGHEST WIND DIRECTION     N (340)
  HIGHEST GUST SPEED    26   HIGHEST GUST DIRECTION     N (340)
  AVERAGE WIND SPEED    10.5


SKY COVER
  POSSIBLE SUNSHINE  MM
  AVERAGE SKY COVER 0.5


WEATHER CONDITIONS
 THE FOLLOWING WEATHER WAS RECORDED TODAY.
  LIGHT RAIN
  HAZE


RELATIVE HUMIDITY (PERCENT)
 HIGHEST    89           900 AM
 LOWEST     54           500 PM
 AVERAGE    72

..........................................................


THE ABERDEEN SD CLIMATE NORMALS FOR TOMORROW
                         NORMAL    RECORD    YEAR
 MAXIMUM TEMPERATURE (F)   38        71      1908
 MINIMUM TEMPERATURE (F)   18       -13      1896


SUNRISE AND SUNSET
NOVEMBER 17 2017......SUNRISE   736 AM CST   SUNSET   501 PM CST
NOVEMBER 18 2017......SUNRISE   737 AM CST   SUNSET   500 PM CST


-  INDICATES NEGATIVE NUMBERS.
R  INDICATES RECORD WAS SET OR TIED.
MM INDICATES DATA IS MISSING.
T  INDICATES TRACE AMOUNT.

&&

PEAK WIND OF 26 MPH FROM THE NORTHWEST AT 1113 AM

$$
