000
CDUS43 KABR 260910
CLIABR


CLIMATE REPORT
NATIONAL WEATHER SERVICE ABERDEEN SD
409 AM CDT SAT JUL 26 2014


...................................

...THE ABERDEEN SD CLIMATE SUMMARY FOR JULY 25 2014...

CLIMATE NORMAL PERIOD 1981 TO 2010
CLIMATE RECORD PERIOD 1893 TO 2014


WEATHER ITEM   OBSERVED TIME   RECORD YEAR NORMAL DEPARTURE LAST
                VALUE   (LST)  VALUE       VALUE  FROM      YEAR
                                                  NORMAL
..................................................................
TEMPERATURE (F)
 YESTERDAY
  MAXIMUM         81    454 PM 111    1931  84     -3       83
  MINIMUM         55   1141 PM  44    1911  59     -4       55
  AVERAGE         68                        72     -4       69

PRECIPITATION (IN)
  YESTERDAY        T             1.72 1972   0.08  -0.08     0.00
  MONTH TO DATE    0.70                      2.51  -1.81     2.37
  SINCE JUN 1      4.01                      6.21  -2.20     4.57
  SINCE JAN 1      9.44                     13.35  -3.91    13.09

DEGREE DAYS
 HEATING
  YESTERDAY        0                         0      0        0
  MONTH TO DATE   25                         8     17        1
  SINCE JUN 1    108                        84     24       82
  SINCE JUL 1     25                         8     17        1

 COOLING
  YESTERDAY        3                         7     -4        4
  MONTH TO DATE  106                       166    -60      192
  SINCE JUN 1    152                       258   -106      288
  SINCE JAN 1    194                       281    -87      309
..................................................................


WIND (MPH)
  HIGHEST WIND SPEED    28   HIGHEST WIND DIRECTION     S (190)
  HIGHEST GUST SPEED    37   HIGHEST GUST DIRECTION     S (190)
  AVERAGE WIND SPEED     8.1


SKY COVER
  POSSIBLE SUNSHINE  MM
  AVERAGE SKY COVER 0.3


WEATHER CONDITIONS
 THE FOLLOWING WEATHER WAS RECORDED YESTERDAY.
  THUNDERSTORM
  LIGHT RAIN


RELATIVE HUMIDITY (PERCENT)
 HIGHEST   100           500 AM
 LOWEST     51           500 PM
 AVERAGE    76

..........................................................


THE ABERDEEN SD CLIMATE NORMALS FOR TODAY
                         NORMAL    RECORD    YEAR
 MAXIMUM TEMPERATURE (F)   84       112      1931
 MINIMUM TEMPERATURE (F)   59        42      1962


SUNRISE AND SUNSET
JULY 26 2014..........SUNRISE   611 AM CDT   SUNSET   909 PM CDT
JULY 27 2014..........SUNRISE   612 AM CDT   SUNSET   908 PM CDT


-  INDICATES NEGATIVE NUMBERS.
R  INDICATES RECORD WAS SET OR TIED.
MM INDICATES DATA IS MISSING.
T  INDICATES TRACE AMOUNT.




$$
