000
CDUS43 KABR 300905
CLIABR


CLIMATE REPORT
NATIONAL WEATHER SERVICE ABERDEEN SD
404 AM CDT THU JUL 30 2015


...................................

...THE ABERDEEN SD CLIMATE SUMMARY FOR JULY 29 2015...

CLIMATE NORMAL PERIOD 1981 TO 2010
CLIMATE RECORD PERIOD 1893 TO 2015


WEATHER ITEM   OBSERVED TIME   RECORD YEAR NORMAL DEPARTURE LAST
                VALUE   (LST)  VALUE       VALUE  FROM      YEAR
                                                  NORMAL
..................................................................
TEMPERATURE (F)
 YESTERDAY
  MAXIMUM         85    521 PM 109    1933  84      1       77
  MINIMUM         55    417 AM  42    2014  59     -4       42
                                      1899
  AVERAGE         70                        72     -2       60

PRECIPITATION (IN)
  YESTERDAY        0.00          1.00 1950   0.09  -0.09     0.00
  MONTH TO DATE    4.06                      2.86   1.20     0.70
  SINCE JUN 1      6.16                      6.56  -0.40     4.01
  SINCE JAN 1     14.38                     13.70   0.68     9.44

DEGREE DAYS
 HEATING
  YESTERDAY        0                         0      0        5
  MONTH TO DATE    5                         8     -3       37
  SINCE JUN 1     19                        84    -65      120
  SINCE JUL 1      5                         8     -3       37

 COOLING
  YESTERDAY        5                         7     -2        0
  MONTH TO DATE  236                       194     42      112
  SINCE JUN 1    375                       286     89      158
  SINCE JAN 1    389                       309     80      200
..................................................................


WIND (MPH)
  HIGHEST WIND SPEED    29   HIGHEST WIND DIRECTION     W (270)
  HIGHEST GUST SPEED    37   HIGHEST GUST DIRECTION     W (290)
  AVERAGE WIND SPEED    14.3


SKY COVER
  POSSIBLE SUNSHINE  MM
  AVERAGE SKY COVER 0.0


WEATHER CONDITIONS
 THE FOLLOWING WEATHER WAS RECORDED YESTERDAY.
  NO SIGNIFICANT WEATHER WAS OBSERVED.


RELATIVE HUMIDITY (PERCENT)
 HIGHEST    86          1100 PM
 LOWEST     26           600 PM
 AVERAGE    56

..........................................................


THE ABERDEEN SD CLIMATE NORMALS FOR TODAY
                         NORMAL    RECORD    YEAR
 MAXIMUM TEMPERATURE (F)   84       106      2006
 MINIMUM TEMPERATURE (F)   59        39      1971


SUNRISE AND SUNSET
JULY 30 2015..........SUNRISE   615 AM CDT   SUNSET   904 PM CDT
JULY 31 2015..........SUNRISE   616 AM CDT   SUNSET   903 PM CDT


-  INDICATES NEGATIVE NUMBERS.
R  INDICATES RECORD WAS SET OR TIED.
MM INDICATES DATA IS MISSING.
T  INDICATES TRACE AMOUNT.




$$
