000
CDUS43 KABR 292228
CLIABR


CLIMATE REPORT
NATIONAL WEATHER SERVICE ABERDEEN SD
528 PM CDT MON SEP 29 2014


...................................

...THE ABERDEEN SD CLIMATE SUMMARY FOR SEPTEMBER 29 2014...
VALID TODAY AS OF 0500 PM LOCAL TIME.

CLIMATE NORMAL PERIOD 1981 TO 2010
CLIMATE RECORD PERIOD 1893 TO 2014


WEATHER ITEM   OBSERVED TIME   RECORD YEAR NORMAL DEPARTURE LAST
                VALUE   (LST)  VALUE       VALUE  FROM      YEAR
                                                  NORMAL
..................................................................
TEMPERATURE (F)
 TODAY
  MAXIMUM         64    355 PM  95    1897  66     -2       80
  MINIMUM         51    821 AM  11    1939  40     11       37
  AVERAGE         58                        53      5       59

PRECIPITATION (IN)
  TODAY            0.00          0.86 1995   0.07  -0.07     0.00
  MONTH TO DATE    0.78                      2.12  -1.34     2.44
  SINCE SEP 1      0.78                      2.12  -1.34     2.44
  SINCE JAN 1     16.41                     18.41  -2.00    16.20

DEGREE DAYS
 HEATING
  TODAY            7                        12     -5        6
  MONTH TO DATE  188                       211    -23      110
  SINCE SEP 1    188                       211    -23      110
  SINCE JUL 1    250                       262    -12      161

 COOLING
  TODAY            0                         0      0        0
  MONTH TO DATE   38                        39     -1       91
  SINCE SEP 1     38                        39     -1       91
  SINCE JAN 1    342                       522   -180      580
..................................................................


WIND (MPH)
  HIGHEST WIND SPEED    18   HIGHEST WIND DIRECTION     E (70)
  HIGHEST GUST SPEED    23   HIGHEST GUST DIRECTION     E (90)
  AVERAGE WIND SPEED    13.6


SKY COVER
  POSSIBLE SUNSHINE  MM
  AVERAGE SKY COVER 1.0


WEATHER CONDITIONS
 THE FOLLOWING WEATHER WAS RECORDED TODAY.
  NO SIGNIFICANT WEATHER WAS OBSERVED.


RELATIVE HUMIDITY (PERCENT)
 HIGHEST    89           500 AM
 LOWEST     63           400 PM
 AVERAGE    76

..........................................................


THE ABERDEEN SD CLIMATE NORMALS FOR TOMORROW
                         NORMAL    RECORD    YEAR
 MAXIMUM TEMPERATURE (F)   66        92      1989
 MINIMUM TEMPERATURE (F)   39        15      1939


SUNRISE AND SUNSET
SEPTEMBER 29 2014.....SUNRISE   729 AM CDT   SUNSET   718 PM CDT
SEPTEMBER 30 2014.....SUNRISE   731 AM CDT   SUNSET   716 PM CDT


-  INDICATES NEGATIVE NUMBERS.
R  INDICATES RECORD WAS SET OR TIED.
MM INDICATES DATA IS MISSING.
T  INDICATES TRACE AMOUNT.

&&

PEAK WIND WAS 23 MPH FROM THE EAST AT 229 PM

$$
