000
CDUS43 KABR 272236
CLIABR


CLIMATE REPORT
NATIONAL WEATHER SERVICE ABERDEEN SD
535 PM CDT SAT MAY 27 2017


...................................

...THE ABERDEEN SD CLIMATE SUMMARY FOR MAY 27 2017...
VALID TODAY AS OF 0500 PM LOCAL TIME.

CLIMATE NORMAL PERIOD 1981 TO 2010
CLIMATE RECORD PERIOD 1893 TO 2017


WEATHER ITEM   OBSERVED TIME   RECORD YEAR NORMAL DEPARTURE LAST
                VALUE   (LST)  VALUE       VALUE  FROM      YEAR
                                                  NORMAL
..................................................................
TEMPERATURE (F)
 TODAY
  MAXIMUM         79    353 PM  98    1934  72      7       74
  MINIMUM         48    145 AM  28    1907  48      0       54
  AVERAGE         64                        60      4       64

PRECIPITATION (IN)
  TODAY            0.00          1.38 1955   0.09  -0.09     0.06
  MONTH TO DATE    0.62                      2.71  -2.09     1.62
  SINCE MAR 1      2.67                      5.72  -3.05     5.74
  SINCE JAN 1      3.35                      6.74  -3.39     6.43

DEGREE DAYS
 COOLING
  TODAY            0                         1     -1        0
  MONTH TO DATE   12                        17     -5       26
  SINCE MAR 1     12                        19     -7       27
  SINCE JAN 1     12                        19     -7       27
..................................................................


WIND (MPH)
  HIGHEST WIND SPEED    23   HIGHEST WIND DIRECTION    SW (230)
  HIGHEST GUST SPEED    29   HIGHEST GUST DIRECTION    SW (240)
  AVERAGE WIND SPEED    10.3


SKY COVER
  POSSIBLE SUNSHINE  MM
  AVERAGE SKY COVER 0.3


WEATHER CONDITIONS
 THE FOLLOWING WEATHER WAS RECORDED TODAY.
  NO SIGNIFICANT WEATHER WAS OBSERVED.


RELATIVE HUMIDITY (PERCENT)
 HIGHEST    77           200 AM
 LOWEST     19           400 PM
 AVERAGE    48

..........................................................


THE ABERDEEN SD CLIMATE NORMALS FOR TOMORROW
                         NORMAL    RECORD    YEAR
 MAXIMUM TEMPERATURE (F)   72       102      1934
 MINIMUM TEMPERATURE (F)   48        30      1965


SUNRISE AND SUNSET
MAY 27 2017...........SUNRISE   552 AM CDT   SUNSET   911 PM CDT
MAY 28 2017...........SUNRISE   551 AM CDT   SUNSET   912 PM CDT


-  INDICATES NEGATIVE NUMBERS.
R  INDICATES RECORD WAS SET OR TIED.
MM INDICATES DATA IS MISSING.
T  INDICATES TRACE AMOUNT.

&&

PEAK WIND OF 29 MPH FROM THE WEST AT 424 PM

$$
