874
CDUS43 KABR 111033
CLIABR


CLIMATE REPORT
NATIONAL WEATHER SERVICE ABERDEEN SD
431 AM CST THU FEB 11 2016


...................................

...THE ABERDEEN SD CLIMATE SUMMARY FOR FEBRUARY 10 2016...

CLIMATE NORMAL PERIOD 1981 TO 2010
CLIMATE RECORD PERIOD 1893 TO 2016


WEATHER ITEM   OBSERVED TIME   RECORD YEAR NORMAL DEPARTURE LAST
                VALUE   (LST)  VALUE       VALUE  FROM      YEAR
                                                  NORMAL
..................................................................
TEMPERATURE (F)
 YESTERDAY
  MAXIMUM         20    127 AM  55    1918  26     -6       37
  MINIMUM         13   1159 PM -27    1988   5      8       17
                                      1981
  AVERAGE         17                        16      1       27

PRECIPITATION (IN)
  YESTERDAY        0.10          0.65 2013   0.02   0.08     0.07
  MONTH TO DATE    0.14                      0.16  -0.02     0.20
  SINCE DEC 1      0.92                      1.15  -0.23     1.13
  SINCE JAN 1      0.28                      0.63  -0.35     0.88

SNOWFALL (IN)
  YESTERDAY        0.8
  MONTH TO DATE    1.2
  SINCE OCT 1     18.6
  SINCE JUL 1     18.6
  SNOW DEPTH       1

DEGREE DAYS
 HEATING
  YESTERDAY       48                        49     -1       38
  MONTH TO DATE  386                       505   -119      483
  SINCE DEC 1   3157                      3676   -519     3237
  SINCE JUL 1   4569                      5639  -1070     5283

 COOLING
  YESTERDAY        0                         0      0        0
  MONTH TO DATE    0                         0      0        0
  SINCE DEC 1      0                         0      0        0
  SINCE JAN 1      0                         0      0        0
..................................................................


WIND (MPH)
  HIGHEST WIND SPEED    14   HIGHEST WIND DIRECTION     E (70)
  HIGHEST GUST SPEED    17   HIGHEST GUST DIRECTION     E (80)
  AVERAGE WIND SPEED     9.1


SKY COVER
  POSSIBLE SUNSHINE  MM
  AVERAGE SKY COVER 1.0


WEATHER CONDITIONS
 THE FOLLOWING WEATHER WAS RECORDED YESTERDAY.
  LIGHT SNOW
  FOG
  HAZE


RELATIVE HUMIDITY (PERCENT)
 HIGHEST    84           400 AM
 LOWEST     67           100 AM
 AVERAGE    76

..........................................................


THE ABERDEEN SD CLIMATE NORMALS FOR TODAY
                         NORMAL    RECORD    YEAR
 MAXIMUM TEMPERATURE (F)   27        58      2005
                                             1987
 MINIMUM TEMPERATURE (F)    6       -35      1988


SUNRISE AND SUNSET
FEBRUARY 11 2016......SUNRISE   742 AM CST   SUNSET   555 PM CST
FEBRUARY 12 2016......SUNRISE   741 AM CST   SUNSET   556 PM CST


-  INDICATES NEGATIVE NUMBERS.
R  INDICATES RECORD WAS SET OR TIED.
MM INDICATES DATA IS MISSING.
T  INDICATES TRACE AMOUNT.




$$
