000
CDUS43 KABR 300907
CLIABR


CLIMATE REPORT
NATIONAL WEATHER SERVICE ABERDEEN SD
406 AM CDT SAT APR 30 2016


...................................

...THE ABERDEEN SD CLIMATE SUMMARY FOR APRIL 29 2016...

CLIMATE NORMAL PERIOD 1981 TO 2010
CLIMATE RECORD PERIOD 1893 TO 2016


WEATHER ITEM   OBSERVED TIME   RECORD YEAR NORMAL DEPARTURE LAST
                VALUE   (LST)  VALUE       VALUE  FROM      YEAR
                                                  NORMAL
..................................................................
TEMPERATURE (F)
 YESTERDAY
  MAXIMUM         61    149 PM  92    1934  64     -3       75
  MINIMUM         31    554 AM  16    1966  38     -7       30
  AVERAGE         46                        51     -5       53

PRECIPITATION (IN)
  YESTERDAY        0.00          1.26 2009   0.08  -0.08     0.00
  MONTH TO DATE    3.66                      1.76   1.90     0.51
  SINCE MAR 1      4.12                      2.92   1.20     0.74
  SINCE JAN 1      4.81                      3.94   0.87     1.79

SNOWFALL (IN)
  YESTERDAY        0.0
  MONTH TO DATE    T
  SINCE OCT 1     26.5
  SINCE JUL 1     26.5
  SNOW DEPTH       0

DEGREE DAYS
 HEATING
  YESTERDAY       19                        15      4       12
  MONTH TO DATE  552                       607    -55      480
  SINCE MAR 1   1306                      1695   -389     1405
  SINCE JUL 1   6543                      8158  -1615     7673

 COOLING
  YESTERDAY        0                         0      0        0
  MONTH TO DATE    1                         0      1        0
  SINCE MAR 1      1                         0      1        0
  SINCE JAN 1      1                         0      1        0
..................................................................


WIND (MPH)
  HIGHEST WIND SPEED    15   HIGHEST WIND DIRECTION    SE (140)
  HIGHEST GUST SPEED    20   HIGHEST GUST DIRECTION     E (90)
  AVERAGE WIND SPEED     5.1


SKY COVER
  POSSIBLE SUNSHINE  MM
  AVERAGE SKY COVER 0.3


WEATHER CONDITIONS
 THE FOLLOWING WEATHER WAS RECORDED YESTERDAY.
  FOG
  FOG W/VISIBILITY <= 1/4 MILE


RELATIVE HUMIDITY (PERCENT)
 HIGHEST   100           600 AM
 LOWEST     40           100 PM
 AVERAGE    70

..........................................................


THE ABERDEEN SD CLIMATE NORMALS FOR TODAY
                         NORMAL    RECORD    YEAR
 MAXIMUM TEMPERATURE (F)   64        98      1992
 MINIMUM TEMPERATURE (F)   38         5      1966


SUNRISE AND SUNSET
APRIL 30 2016.........SUNRISE   623 AM CDT   SUNSET   840 PM CDT
MAY  1 2016...........SUNRISE   621 AM CDT   SUNSET   841 PM CDT


-  INDICATES NEGATIVE NUMBERS.
R  INDICATES RECORD WAS SET OR TIED.
MM INDICATES DATA IS MISSING.
T  INDICATES TRACE AMOUNT.




$$
