000
CDUS43 KABR 071032
CLIABR


CLIMATE REPORT
NATIONAL WEATHER SERVICE ABERDEEN SD
532 AM CDT TUE JUL 7 2015


...................................

...THE ABERDEEN SD CLIMATE SUMMARY FOR JULY 6 2015...

CLIMATE NORMAL PERIOD 1981 TO 2010
CLIMATE RECORD PERIOD 1893 TO 2015


WEATHER ITEM   OBSERVED TIME   RECORD YEAR NORMAL DEPARTURE LAST
                VALUE   (LST)  VALUE       VALUE  FROM      YEAR
                                                  NORMAL
..................................................................
TEMPERATURE (F)
 YESTERDAY
  MAXIMUM         74    409 PM 115    1936  83     -9       85
  MINIMUM         54   1159 PM  42    1942  58     -4       59
  AVERAGE         64                        71     -7       72

PRECIPITATION (IN)
  YESTERDAY        0.09          1.26 1994   0.11  -0.02     0.00
  MONTH TO DATE    2.97                      0.64   2.33     0.14
  SINCE JUN 1      5.07                      4.34   0.73     3.45
  SINCE JAN 1     13.29                     11.48   1.81     8.88

DEGREE DAYS
 HEATING
  YESTERDAY        1                         1      0        0
  MONTH TO DATE    1                         6     -5       13
  SINCE JUN 1     15                        82    -67       96
  SINCE JUL 1      1                         6     -5       13

 COOLING
  YESTERDAY        0                         6     -6        7
  MONTH TO DATE   38                        36      2       27
  SINCE JUN 1    177                       128     49       73
  SINCE JAN 1    191                       151     40      115
..................................................................


WIND (MPH)
  HIGHEST WIND SPEED    21   HIGHEST WIND DIRECTION     N (360)
  HIGHEST GUST SPEED    26   HIGHEST GUST DIRECTION     N (350)
  AVERAGE WIND SPEED    11.5


SKY COVER
  POSSIBLE SUNSHINE  MM
  AVERAGE SKY COVER 0.5


WEATHER CONDITIONS
 THE FOLLOWING WEATHER WAS RECORDED YESTERDAY.
  RAIN
  LIGHT RAIN
  FOG
  HAZE


RELATIVE HUMIDITY (PERCENT)
 HIGHEST    87           400 AM
 LOWEST     49           300 PM
 AVERAGE    68

..........................................................


THE ABERDEEN SD CLIMATE NORMALS FOR TODAY
                         NORMAL    RECORD    YEAR
 MAXIMUM TEMPERATURE (F)   83       106      1936
 MINIMUM TEMPERATURE (F)   59        43      1922
                                             1904


SUNRISE AND SUNSET
JULY  7 2015..........SUNRISE   553 AM CDT   SUNSET   924 PM CDT
JULY  8 2015..........SUNRISE   554 AM CDT   SUNSET   924 PM CDT


-  INDICATES NEGATIVE NUMBERS.
R  INDICATES RECORD WAS SET OR TIED.
MM INDICATES DATA IS MISSING.
T  INDICATES TRACE AMOUNT.




$$
