000
CDUS43 KABR 250911
CLIABR


CLIMATE REPORT
NATIONAL WEATHER SERVICE ABERDEEN SD
410 AM CDT SUN SEP 25 2016


...................................

...THE ABERDEEN SD CLIMATE SUMMARY FOR SEPTEMBER 24 2016...

CLIMATE NORMAL PERIOD 1981 TO 2010
CLIMATE RECORD PERIOD 1893 TO 2016


WEATHER ITEM   OBSERVED TIME   RECORD YEAR NORMAL DEPARTURE LAST
                VALUE   (LST)  VALUE       VALUE  FROM      YEAR
                                                  NORMAL
..................................................................
TEMPERATURE (F)
 YESTERDAY
  MAXIMUM         82    346 PM  90    1935  68     14       74
  MINIMUM         53   1159 PM  23    2000  42     11       55
  AVERAGE         68                        55     13       65

PRECIPITATION (IN)
  YESTERDAY        0.00          1.15 1934   0.07  -0.07      T
  MONTH TO DATE    1.23                      1.76  -0.53     0.37
  SINCE SEP 1      1.23                      1.76  -0.53     0.37
  SINCE JAN 1     15.29                     18.05  -2.76    17.69

DEGREE DAYS
 HEATING
  YESTERDAY        0                        10    -10        0
  MONTH TO DATE   65                       153    -88       76
  SINCE SEP 1     65                       153    -88       76
  SINCE JUL 1     96                       204   -108      118

 COOLING
  YESTERDAY        3                         0      3        0
  MONTH TO DATE   54                        39     15       90
  SINCE SEP 1     54                        39     15       90
  SINCE JAN 1    715                       522    193      653
..................................................................


WIND (MPH)
  HIGHEST WIND SPEED    25   HIGHEST WIND DIRECTION     S (160)
  HIGHEST GUST SPEED    34   HIGHEST GUST DIRECTION     S (180)
  AVERAGE WIND SPEED    15.3


SKY COVER
  POSSIBLE SUNSHINE  MM
  AVERAGE SKY COVER 0.3


WEATHER CONDITIONS
 THE FOLLOWING WEATHER WAS RECORDED YESTERDAY.
  NO SIGNIFICANT WEATHER WAS OBSERVED.


RELATIVE HUMIDITY (PERCENT)
 HIGHEST    84          1200 AM
 LOWEST     45           500 PM
 AVERAGE    65

..........................................................


THE ABERDEEN SD CLIMATE NORMALS FOR TODAY
                         NORMAL    RECORD    YEAR
 MAXIMUM TEMPERATURE (F)   68        95      1938
 MINIMUM TEMPERATURE (F)   42        19      1926


SUNRISE AND SUNSET
SEPTEMBER 25 2016.....SUNRISE   725 AM CDT   SUNSET   724 PM CDT
SEPTEMBER 26 2016.....SUNRISE   726 AM CDT   SUNSET   723 PM CDT


-  INDICATES NEGATIVE NUMBERS.
R  INDICATES RECORD WAS SET OR TIED.
MM INDICATES DATA IS MISSING.
T  INDICATES TRACE AMOUNT.




$$
