716
CDUS42 KTAE 090633
CLIABY


CLIMATE REPORT
NATIONAL WEATHER SERVICE TALLAHASSEE FL
131 AM EST FRI DEC 9 2016

...................................

...THE ALBANY CLIMATE SUMMARY FOR DECEMBER 8 2016...

CLIMATE NORMAL PERIOD 1981 TO 2010
CLIMATE RECORD PERIOD 1930 TO 2016


WEATHER ITEM   OBSERVED TIME   RECORD YEAR NORMAL DEPARTURE LAST
                VALUE   (LST)  VALUE       VALUE  FROM      YEAR
                                                  NORMAL
..................................................................
TEMPERATURE (F)
 YESTERDAY
  MAXIMUM         63    315 PM  85    1978  64     -1       68
  MINIMUM         44   1159 PM  21    1965  41      3       38
  AVERAGE         54                        52      2       53

PRECIPITATION (IN)
  YESTERDAY        0.00                      0.14  -0.14     0.00
  MONTH TO DATE    7.78                      1.18   6.60     1.95
  SINCE DEC 1      7.78                      1.18   6.60     1.95
  SINCE JAN 1     46.14                     46.00   0.14    44.64

SNOWFALL (IN)
  YESTERDAY        0.0

DEGREE DAYS
 HEATING
  YESTERDAY       11                        13     -2       12
  MONTH TO DATE   60                        98    -38       66
  SINCE DEC 1     60                        98    -38       66
  SINCE JUL 1    201                       368   -167      190

 COOLING
  YESTERDAY        0                         0      0        0
  MONTH TO DATE    4                         0      4        3
  SINCE DEC 1      4                         0      4        3
  SINCE JAN 1   3019                      2533    486     2884
..................................................................


WIND (MPH)
  HIGHEST WIND SPEED    17   HIGHEST WIND DIRECTION    NW (330)
  HIGHEST GUST SPEED    24   HIGHEST GUST DIRECTION    NW (320)
  AVERAGE WIND SPEED     8.1




RELATIVE HUMIDITY (PERCENT)
 HIGHEST    93
 LOWEST     35
 AVERAGE    64

..........................................................


THE ALBANY CLIMATE NORMALS FOR TODAY
                         NORMAL    RECORD    YEAR
 MAXIMUM TEMPERATURE (F)   64        83      1978
 MINIMUM TEMPERATURE (F)   41        20      2006
                                             1984


SUNRISE AND SUNSET
DECEMBER  9 2016......SUNRISE   725 AM EST   SUNSET   534 PM EST
DECEMBER 10 2016......SUNRISE   726 AM EST   SUNSET   534 PM EST


-  INDICATES NEGATIVE NUMBERS.
R  INDICATES RECORD WAS SET OR TIED.
MM INDICATES DATA IS MISSING.
T  INDICATES TRACE AMOUNT.


$$
