000
CDUS42 KTAE 240635
CLIABY


CLIMATE REPORT
NATIONAL WEATHER SERVICE TALLAHASSEE FL
133 AM EST WED JAN 24 2018

...................................

...THE ALBANY CLIMATE SUMMARY FOR JANUARY 23 2018...

CLIMATE NORMAL PERIOD 1981 TO 2010
CLIMATE RECORD PERIOD 1930 TO 2018


WEATHER ITEM   OBSERVED TIME   RECORD YEAR NORMAL DEPARTURE LAST
                VALUE   (LST)  VALUE       VALUE  FROM      YEAR
                                                  NORMAL
..................................................................
TEMPERATURE (F)
 YESTERDAY
  MAXIMUM         68    426 PM  80    1937  61      7       64
  MINIMUM         46   1156 PM  12    1985  38      8       53
  AVERAGE         57                        50      7       59

PRECIPITATION (IN)
  YESTERDAY        T                         0.20  -0.20     0.02
  MONTH TO DATE    0.54                      3.23  -2.69     8.70
  SINCE DEC 1      3.66                      6.98  -3.32    19.38
  SINCE JAN 1      0.54                      3.23  -2.69     8.70

SNOWFALL (IN)
  YESTERDAY        0.0
  MONTH TO DATE    0.1
  SINCE DEC 1      0.1
  SINCE JUL 1      0.1

DEGREE DAYS
 HEATING
  YESTERDAY        8                        16     -8        6
  MONTH TO DATE  459                       368     91      169
  SINCE DEC 1    820                       811      9      422
  SINCE JUL 1   1035                      1081    -46      563

 COOLING
  YESTERDAY        0                         0      0        0
  MONTH TO DATE    5                         0      5       20
  SINCE DEC 1     18                         9      9       43
  SINCE JAN 1      5                         0      5       20
..................................................................


WIND (MPH)
  HIGHEST WIND SPEED    22   HIGHEST WIND DIRECTION    NW (310)
  HIGHEST GUST SPEED    29   HIGHEST GUST DIRECTION    NW (300)
  AVERAGE WIND SPEED     9.7




RELATIVE HUMIDITY (PERCENT)
 HIGHEST   100
 LOWEST     22
 AVERAGE    61

..........................................................


THE ALBANY CLIMATE NORMALS FOR TODAY
                         NORMAL    RECORD    YEAR
 MAXIMUM TEMPERATURE (F)   61        80      1943
 MINIMUM TEMPERATURE (F)   38         9      1963


SUNRISE AND SUNSET
JANUARY 24 2018.......SUNRISE   734 AM EST   SUNSET   604 PM EST
JANUARY 25 2018.......SUNRISE   733 AM EST   SUNSET   605 PM EST


-  INDICATES NEGATIVE NUMBERS.
R  INDICATES RECORD WAS SET OR TIED.
MM INDICATES DATA IS MISSING.
T  INDICATES TRACE AMOUNT.

$$
