000
CDUS42 KTAE 050626
CLIABY


CLIMATE REPORT
NATIONAL WEATHER SERVICE TALLAHASSEE FL
224 AM EDT SAT SEP 5 2015

...................................

...THE ALBANY CLIMATE SUMMARY FOR SEPTEMBER 4 2015...

CLIMATE NORMAL PERIOD 1981 TO 2010
CLIMATE RECORD PERIOD 1930 TO 2015


WEATHER ITEM   OBSERVED TIME   RECORD YEAR NORMAL DEPARTURE LAST
                VALUE   (LST)  VALUE       VALUE  FROM      YEAR
                                                  NORMAL
..................................................................
TEMPERATURE (F)
 YESTERDAY
  MAXIMUM         96    258 PM 100    1944  91      5       90
  MINIMUM         73    721 AM  62    1952  70      3       73
  AVERAGE         85                        80      5       82

PRECIPITATION (IN)
  YESTERDAY        0.00                      0.16  -0.16     0.21
  MONTH TO DATE    0.10                      0.68  -0.58     1.58
  SINCE SEP 1      0.10                      0.68  -0.58     1.58
  SINCE JAN 1     31.28                     36.28  -5.00    26.71

SNOWFALL (IN)
  YESTERDAY        0.0

DEGREE DAYS
 HEATING
  YESTERDAY        0                         0      0        0
  MONTH TO DATE    0                         0      0        0
  SINCE SEP 1      0                         0      0        0
  SINCE JUL 1      0                         0      0        0

 COOLING
  YESTERDAY       20                        15      5       17
  MONTH TO DATE   74                        63     11       74
  SINCE SEP 1     74                        63     11       74
  SINCE JAN 1   2327                      2036    291     2007
..................................................................


WIND (MPH)
  HIGHEST WIND SPEED    13   HIGHEST WIND DIRECTION    NW (300)
  HIGHEST GUST SPEED    16   HIGHEST GUST DIRECTION    NW (300)
  AVERAGE WIND SPEED     3.4




RELATIVE HUMIDITY (PERCENT)
 HIGHEST    93
 LOWEST     36
 AVERAGE    65

..........................................................


THE ALBANY CLIMATE NORMALS FOR TODAY
                         NORMAL    RECORD    YEAR
 MAXIMUM TEMPERATURE (F)   90       100      1944
 MINIMUM TEMPERATURE (F)   70        60      1967


SUNRISE AND SUNSET
SEPTEMBER  5 2015.....SUNRISE   715 AM EDT   SUNSET   756 PM EDT
SEPTEMBER  6 2015.....SUNRISE   715 AM EDT   SUNSET   754 PM EDT


-  INDICATES NEGATIVE NUMBERS.
R  INDICATES RECORD WAS SET OR TIED.
MM INDICATES DATA IS MISSING.
T  INDICATES TRACE AMOUNT.

$$
