000
CDUS42 KTAE 030636
CLIABY


CLIMATE REPORT
NATIONAL WEATHER SERVICE TALLAHASSEE FL
236 AM EDT FRI JUL 3 2015


...................................

...THE ALBANY CLIMATE SUMMARY FOR JULY 2 2015...

CLIMATE NORMAL PERIOD 1981 TO 2010
CLIMATE RECORD PERIOD 1930 TO 2015


WEATHER ITEM   OBSERVED TIME   RECORD YEAR NORMAL DEPARTURE LAST
                VALUE   (LST)  VALUE       VALUE  FROM      YEAR
                                                  NORMAL
..................................................................
TEMPERATURE (F)
 YESTERDAY
  MAXIMUM         90    133 PM 101    1990  92     -2       95
  MINIMUM         72    942 PM  61    1980  72      0       75
  AVERAGE         81                        82     -1       85

PRECIPITATION (IN)
  YESTERDAY        0.32                      0.17   0.15     0.00
  MONTH TO DATE    0.32                      0.34  -0.02     0.00
  SINCE JUN 1      5.69                      5.28   0.41     4.76
  SINCE JAN 1     21.55                     25.64  -4.09    23.82

SNOWFALL (IN)
  YESTERDAY        0.0

DEGREE DAYS
 HEATING
  YESTERDAY        0                         0      0        0
  MONTH TO DATE    0                         0      0        0
  SINCE JUN 1      0                         0      0        0
  SINCE JUL 1      0                         0      0        0

 COOLING
  YESTERDAY       16                        17     -1       20
  MONTH TO DATE   31                        34     -3       39
  SINCE JUN 1    513                       499     14      504
  SINCE JAN 1   1117                       939    178      898
..................................................................


WIND (MPH)
  HIGHEST WIND SPEED    29   HIGHEST WIND DIRECTION     W (260)
  HIGHEST GUST SPEED    41   HIGHEST GUST DIRECTION     W (250)
  AVERAGE WIND SPEED     7.2




RELATIVE HUMIDITY (PERCENT)
 HIGHEST    93
 LOWEST     59
 AVERAGE    76

..........................................................


THE ALBANY CLIMATE NORMALS FOR TODAY
                         NORMAL    RECORD    YEAR
 MAXIMUM TEMPERATURE (F)   93       101      1931
 MINIMUM TEMPERATURE (F)   72        64      1976


SUNRISE AND SUNSET
JULY  3 2015..........SUNRISE   636 AM EDT   SUNSET   846 PM EDT
JULY  4 2015..........SUNRISE   637 AM EDT   SUNSET   845 PM EDT


-  INDICATES NEGATIVE NUMBERS.
R  INDICATES RECORD WAS SET OR TIED.
MM INDICATES DATA IS MISSING.
T  INDICATES TRACE AMOUNT.




$$
