000
CDUS42 KTAE 200630
CLIABY


CLIMATE REPORT
NATIONAL WEATHER SERVICE TALLAHASSEE FL
130 AM EST FRI JAN 20 2017


...................................

...THE ALBANY CLIMATE SUMMARY FOR JANUARY 19 2017...

CLIMATE NORMAL PERIOD 1981 TO 2010
CLIMATE RECORD PERIOD 1930 TO 2017


WEATHER ITEM   OBSERVED TIME   RECORD YEAR NORMAL DEPARTURE LAST
                VALUE   (LST)  VALUE       VALUE  FROM      YEAR
                                                  NORMAL
..................................................................
TEMPERATURE (F)
 YESTERDAY
  MAXIMUM         79R   358 PM  79    2002  61     18       51
  MINIMUM         50    751 AM   9    1977  38     12       23
  AVERAGE         65                        49     16       37

PRECIPITATION (IN)
  YESTERDAY        T                         0.16  -0.16     0.00
  MONTH TO DATE    3.30                      2.55   0.75     1.77
  SINCE DEC 1     13.98                      6.30   7.68     8.63
  SINCE JAN 1      3.30                      2.55   0.75     1.77

SNOWFALL (IN)
  YESTERDAY        0.0

DEGREE DAYS
 HEATING
  YESTERDAY        0                        16    -16       28
  MONTH TO DATE  159                       304   -145      326
  SINCE DEC 1    412                       747   -335      479
  SINCE JUL 1    553                      1017   -464      603

 COOLING
  YESTERDAY        0                         0      0        0
  MONTH TO DATE   11                         0     11        0
  SINCE DEC 1     34                         9     25       76
  SINCE JAN 1     11                         0     11        0
..................................................................


WIND (MPH)
  HIGHEST WIND SPEED    21   HIGHEST WIND DIRECTION     E (100)
  HIGHEST GUST SPEED    28   HIGHEST GUST DIRECTION     E (90)
  AVERAGE WIND SPEED     4.5




RELATIVE HUMIDITY (PERCENT)
 HIGHEST   100
 LOWEST     54
 AVERAGE    77

..........................................................


THE ALBANY CLIMATE NORMALS FOR TODAY
                         NORMAL    RECORD    YEAR
 MAXIMUM TEMPERATURE (F)   61        80      1990
 MINIMUM TEMPERATURE (F)   38        10      1977


SUNRISE AND SUNSET
JANUARY 20 2017.......SUNRISE   735 AM EST   SUNSET   601 PM EST
JANUARY 21 2017.......SUNRISE   735 AM EST   SUNSET   602 PM EST


-  INDICATES NEGATIVE NUMBERS.
R  INDICATES RECORD WAS SET OR TIED.
MM INDICATES DATA IS MISSING.
T  INDICATES TRACE AMOUNT.




$$
