490
CDUS44 KFWD 080637
CLIACT


CLIMATE REPORT
NATIONAL WEATHER SERVICE FORT WORTH TX
1236 AM CST MON FEB 8 2016


...................................

...THE WACO CLIMATE SUMMARY FOR FEBRUARY 7 2016...

CLIMATE NORMAL PERIOD 1981 TO 2010
CLIMATE RECORD PERIOD 1901 TO 2016


WEATHER ITEM   OBSERVED TIME   RECORD YEAR NORMAL DEPARTURE LAST
                VALUE   (LST)  VALUE       VALUE  FROM      YEAR
                                                  NORMAL
..................................................................
TEMPERATURE (F)
 YESTERDAY
  MAXIMUM         66    356 PM  85    2013  60      6       68
  MINIMUM         27    321 AM  14    1933  38    -11       41
  AVERAGE         47                        49     -2       55

PRECIPITATION (IN)
  YESTERDAY        0.00          1.00 1905   0.08  -0.08     0.00
  MONTH TO DATE    0.03                      0.56  -0.53      T
  SINCE DEC 1      3.94                      5.43  -1.49     4.02
  SINCE JAN 1      0.32                      2.68  -2.36     3.48

SNOWFALL (IN)
  YESTERDAY        0.0           0.3  1988   0.0    0.0      0.0
  MONTH TO DATE    0.0                       0.1   -0.1      0.0
  SINCE DEC 1      0.0                       0.4   -0.4       T
  SINCE JUL 1      0.0                       0.5   -0.5       T
  SNOW DEPTH       0

DEGREE DAYS
 HEATING
  YESTERDAY       18                        16      2       10
  MONTH TO DATE  127                       115     12      135
  SINCE DEC 1   1057                      1195   -138     1197
  SINCE JUL 1   1292                      1523   -231     1579

 COOLING
  YESTERDAY        0                         0      0        0
  MONTH TO DATE    0                         0      0        0
  SINCE DEC 1      5                         8     -3        4
  SINCE JAN 1      0                         3     -3        0
..................................................................


WIND (MPH)
  HIGHEST WIND SPEED    21   HIGHEST WIND DIRECTION     S (180)
  HIGHEST GUST SPEED    24   HIGHEST GUST DIRECTION     S (180)
  AVERAGE WIND SPEED     9.1


SKY COVER
  POSSIBLE SUNSHINE  MM
  AVERAGE SKY COVER 0.0


WEATHER CONDITIONS
 THE FOLLOWING WEATHER WAS RECORDED YESTERDAY.
  FOG


RELATIVE HUMIDITY (PERCENT)
 HIGHEST   100           200 AM
 LOWEST     29           400 PM
 AVERAGE    65

..........................................................


THE WACO CLIMATE NORMALS FOR TODAY
                         NORMAL    RECORD    YEAR
 MAXIMUM TEMPERATURE (F)   61        88      1962
 MINIMUM TEMPERATURE (F)   38         7      1933


SUNRISE AND SUNSET
FEBRUARY  8 2016......SUNRISE   717 AM CST   SUNSET   609 PM CST
FEBRUARY  9 2016......SUNRISE   716 AM CST   SUNSET   610 PM CST


-  INDICATES NEGATIVE NUMBERS.
R  INDICATES RECORD WAS SET OR TIED.
MM INDICATES DATA IS MISSING.
T  INDICATES TRACE AMOUNT.




$$
