000
CDUS44 KFWD 240647
CLIACT

CLIMATE REPORT
NATIONAL WEATHER SERVICE FORT WORTH TX
145 AM CDT SUN JUL 24 2016

...................................

...THE WACO CLIMATE SUMMARY FOR JULY 23 2016...

CLIMATE NORMAL PERIOD 1981 TO 2010
CLIMATE RECORD PERIOD 1901 TO 2016


WEATHER ITEM   OBSERVED TIME   RECORD YEAR NORMAL DEPARTURE LAST
                VALUE   (LST)  VALUE       VALUE  FROM      YEAR
                                                  NORMAL
..................................................................
TEMPERATURE (F)
 YESTERDAY
  MAXIMUM        101    403 PM 107    1974  97      4       99
  MINIMUM         78    546 AM  62    1915  75      3       76
  AVERAGE         90                        86      4       88

PRECIPITATION (IN)
  YESTERDAY        0.00          1.04 1936   0.06  -0.06     0.00
  MONTH TO DATE    T                         1.34  -1.34     0.00
  SINCE JUN 1      4.59                      4.77  -0.18     5.97
  SINCE JAN 1     27.23                     19.66   7.57    27.31

DEGREE DAYS
 HEATING
  YESTERDAY        0                         0      0        0
  MONTH TO DATE    0                         0      0        0
  SINCE JUN 1      0                         0      0        0
  SINCE JUL 1      0                         0      0        0

 COOLING
  YESTERDAY       25                        21      4       23
  MONTH TO DATE  521                       458     63      464
  SINCE JUN 1   1050                       946    104      968
  SINCE JAN 1   1441                      1398     43     1403
..................................................................


WIND (MPH)
  HIGHEST WIND SPEED    16   HIGHEST WIND DIRECTION     S (190)
  HIGHEST GUST SPEED    20   HIGHEST GUST DIRECTION     S (180)
  AVERAGE WIND SPEED     9.2


SKY COVER
  POSSIBLE SUNSHINE  MM
  AVERAGE SKY COVER 0.0


WEATHER CONDITIONS
 THE FOLLOWING WEATHER WAS RECORDED YESTERDAY.
  NO SIGNIFICANT WEATHER WAS OBSERVED.


RELATIVE HUMIDITY (PERCENT)
 HIGHEST    79           500 AM
 LOWEST     31           300 PM
 AVERAGE    55

..........................................................


THE WACO CLIMATE NORMALS FOR TODAY
                         NORMAL    RECORD    YEAR
 MAXIMUM TEMPERATURE (F)   97       105      2011
                                             1977
                                             1969
 MINIMUM TEMPERATURE (F)   75        65      1989
                                             1942
                                             1915


SUNRISE AND SUNSET
JULY 24 2016..........SUNRISE   640 AM CDT   SUNSET   830 PM CDT
JULY 25 2016..........SUNRISE   641 AM CDT   SUNSET   830 PM CDT


-  INDICATES NEGATIVE NUMBERS.
R  INDICATES RECORD WAS SET OR TIED.
MM INDICATES DATA IS MISSING.
T  INDICATES TRACE AMOUNT.

$$
