330
CDUS44 KFWD 240639
CLIACT


CLIMATE REPORT
NATIONAL WEATHER SERVICE FORT WORTH TX
1236 AM CST FRI NOV 24 2017

...................................

...THE WACO CLIMATE SUMMARY FOR NOVEMBER 23 2017...

CLIMATE NORMAL PERIOD 1981 TO 2010
CLIMATE RECORD PERIOD 1901 TO 2017


WEATHER ITEM   OBSERVED TIME   RECORD YEAR NORMAL DEPARTURE LAST
                VALUE   (LST)  VALUE       VALUE  FROM      YEAR
                                                  NORMAL
..................................................................
TEMPERATURE (F)
 YESTERDAY
  MAXIMUM         68    402 PM  87    2005  65      3       69
  MINIMUM         30    724 AM  23    1975  44    -14       43
  AVERAGE         49                        54     -5       56

PRECIPITATION (IN)
  YESTERDAY        0.00          3.77 1952   0.07  -0.07     0.24
  MONTH TO DATE    1.30                      2.22  -0.92     3.24
  SINCE SEP 1      2.95                      9.18  -6.23     4.18
  SINCE JAN 1     31.66                     31.34   0.32    36.16

SNOWFALL (IN)
  YESTERDAY        0.0           T    1957   0.0    0.0      0.0
  MONTH TO DATE    0.0                       0.1   -0.1      0.0
  SINCE SEP 1      0.0                       0.1   -0.1      0.0
  SINCE JUL 1      0.0                       0.1   -0.1      0.0
  SNOW DEPTH       0

DEGREE DAYS
 HEATING
  YESTERDAY       16                        11      5        9
  MONTH TO DATE  121                       174    -53       73
  SINCE SEP 1    202                       241    -39       82
  SINCE JUL 1    202                       241    -39       82

 COOLING
  YESTERDAY        0                         1     -1        0
  MONTH TO DATE   88                        35     53       56
  SINCE SEP 1    716                       596    120      801
  SINCE JAN 1   3056                      2791    265     3041
..................................................................

WIND (MPH)
  HIGHEST WIND SPEED    10   HIGHEST WIND DIRECTION     E (110)
  HIGHEST GUST SPEED    11   HIGHEST GUST DIRECTION    SE (140)
  AVERAGE WIND SPEED     4.3


SKY COVER
  POSSIBLE SUNSHINE  MM
  AVERAGE SKY COVER 0.0


WEATHER CONDITIONS
 THE FOLLOWING WEATHER WAS RECORDED YESTERDAY.
  NO SIGNIFICANT WEATHER WAS OBSERVED.


RELATIVE HUMIDITY (PERCENT)
 HIGHEST    89           800 AM
 LOWEST     21           400 PM
 AVERAGE    55

..........................................................

THE WACO CLIMATE NORMALS FOR TODAY
                         NORMAL    RECORD    YEAR
 MAXIMUM TEMPERATURE (F)   65        87      1965
 MINIMUM TEMPERATURE (F)   43        24      1970


SUNRISE AND SUNSET
NOVEMBER 24 2017......SUNRISE   705 AM CST   SUNSET   526 PM CST
NOVEMBER 25 2017......SUNRISE   706 AM CST   SUNSET   526 PM CST


-  INDICATES NEGATIVE NUMBERS.
R  INDICATES RECORD WAS SET OR TIED.
MM INDICATES DATA IS MISSING.
T  INDICATES TRACE AMOUNT.


$$
