000
CDUS44 KFWD 280636
CLIACT


CLIMATE REPORT
NATIONAL WEATHER SERVICE FORT WORTH TX
136 AM CDT FRI AUG 28 2015


...................................

...THE WACO CLIMATE SUMMARY FOR AUGUST 27 2015...

CLIMATE NORMAL PERIOD 1981 TO 2010
CLIMATE RECORD PERIOD 1901 TO 2015


WEATHER ITEM   OBSERVED TIME   RECORD YEAR NORMAL DEPARTURE LAST
                VALUE   (LST)  VALUE       VALUE  FROM      YEAR
                                                  NORMAL
..................................................................
TEMPERATURE (F)
 YESTERDAY
  MAXIMUM         97    358 PM 110    2011  95      2       97
  MINIMUM         67    632 AM  61    1992  73     -6       73
  AVERAGE         82                        84     -2       85

PRECIPITATION (IN)
  YESTERDAY        0.00          1.62 1974   0.08  -0.08     0.00
  MONTH TO DATE    0.77                      1.70  -0.93     0.46
  SINCE JUN 1      6.74                      6.92  -0.18     8.92
  SINCE JAN 1     28.08                     21.81   6.27    20.06

DEGREE DAYS
 HEATING
  YESTERDAY        0                         0      0        0
  MONTH TO DATE    0                         0      0        0
  SINCE JUN 1      0                         0      0        0
  SINCE JUL 1      0                         0      0        0

 COOLING
  YESTERDAY       17                        19     -2       20
  MONTH TO DATE  594                       554     40      567
  SINCE JUN 1   1747                      1668     79     1611
  SINCE JAN 1   2182                      2120     62     1998
..................................................................


WIND (MPH)
  HIGHEST WIND SPEED    15   HIGHEST WIND DIRECTION     E (110)
  HIGHEST GUST SPEED    18   HIGHEST GUST DIRECTION     E (110)
  AVERAGE WIND SPEED     5.5


SKY COVER
  POSSIBLE SUNSHINE  MM
  AVERAGE SKY COVER 0.0


WEATHER CONDITIONS
 THE FOLLOWING WEATHER WAS RECORDED YESTERDAY.
  NO SIGNIFICANT WEATHER WAS OBSERVED.


RELATIVE HUMIDITY (PERCENT)
 HIGHEST    84           700 AM
 LOWEST     27           400 PM
 AVERAGE    56

..........................................................


THE WACO CLIMATE NORMALS FOR TODAY
                         NORMAL    RECORD    YEAR
 MAXIMUM TEMPERATURE (F)   95       109      2011
 MINIMUM TEMPERATURE (F)   72        53      1992


SUNRISE AND SUNSET
AUGUST 28 2015........SUNRISE   702 AM CDT   SUNSET   758 PM CDT
AUGUST 29 2015........SUNRISE   703 AM CDT   SUNSET   757 PM CDT


-  INDICATES NEGATIVE NUMBERS.
R  INDICATES RECORD WAS SET OR TIED.
MM INDICATES DATA IS MISSING.
T  INDICATES TRACE AMOUNT.




$$
