000
CDUS44 KFWD 230643
CLIACT


CLIMATE REPORT
NATIONAL WEATHER SERVICE FORT WORTH TX
140 AM CDT SAT MAY 23 2015

...THE WACO CLIMATE SUMMARY FOR MAY 22 2015...

CLIMATE NORMAL PERIOD 1981 TO 2010
CLIMATE RECORD PERIOD 1901 TO 2015


WEATHER ITEM   OBSERVED TIME   RECORD YEAR NORMAL DEPARTURE LAST
                VALUE   (LST)  VALUE       VALUE  FROM      YEAR
                                                  NORMAL
..................................................................
TEMPERATURE (F)
 YESTERDAY
  MAXIMUM         76    501 PM  99    2005  87    -11       89
  MINIMUM         61    646 AM  47    2001  66     -5       67
  AVERAGE         69                        76     -7       78

PRECIPITATION (IN)
  YESTERDAY        0.01          2.00 1910   0.14  -0.13     0.00
  MONTH TO DATE    3.41                      3.01   0.40     5.16
  SINCE MAR 1     10.75                      8.85   1.90     7.79
  SINCE JAN 1     15.48                     13.60   1.88     8.55

DEGREE DAYS
 HEATING
  YESTERDAY        0                         0      0        0
  MONTH TO DATE    2                         4     -2       18
  SINCE MAR 1    352                       328     24      468
  SINCE JUL 1   2306                      2140    166     2611

 COOLING
  YESTERDAY        4                        11     -7       13
  MONTH TO DATE  181                       187     -6      162
  SINCE MAR 1    342                       332     10      291
  SINCE JAN 1    342                       341      1      291
..................................................................


WIND (MPH)
  HIGHEST WIND SPEED    15   HIGHEST WIND DIRECTION    SE (150)
  HIGHEST GUST SPEED    19   HIGHEST GUST DIRECTION    SE (130)
  AVERAGE WIND SPEED     8.2


SKY COVER
  POSSIBLE SUNSHINE  MM
  AVERAGE SKY COVER 1.0


WEATHER CONDITIONS
 THE FOLLOWING WEATHER WAS RECORDED YESTERDAY.
  FOG


RELATIVE HUMIDITY (PERCENT)
 HIGHEST   100          1200 AM
 LOWEST     73           100 PM
 AVERAGE    87

..........................................................


THE WACO CLIMATE NORMALS FOR TODAY
                         NORMAL    RECORD    YEAR
 MAXIMUM TEMPERATURE (F)   87        98      1996
 MINIMUM TEMPERATURE (F)   66        54      2001
                                             1963
                                             1917


SUNRISE AND SUNSET
MAY 23 2015...........SUNRISE   628 AM CDT   SUNSET   824 PM CDT
MAY 24 2015...........SUNRISE   627 AM CDT   SUNSET   824 PM CDT


-  INDICATES NEGATIVE NUMBERS.
R  INDICATES RECORD WAS SET OR TIED.
MM INDICATES DATA IS MISSING.
T  INDICATES TRACE AMOUNT.




$$
