000
CDUS44 KFWD 230657
CLIACT


CLIMATE REPORT
NATIONAL WEATHER SERVICE FORT WORTH TX
157 AM CDT SUN APR 23 2017

...THE WACO CLIMATE SUMMARY FOR APRIL 22 2017...

CLIMATE NORMAL PERIOD 1981 TO 2010
CLIMATE RECORD PERIOD 1901 TO 2017


WEATHER ITEM   OBSERVED TIME   RECORD YEAR NORMAL DEPARTURE LAST
                VALUE   (LST)  VALUE       VALUE  FROM      YEAR
                                                  NORMAL
..................................................................
TEMPERATURE (F)
 YESTERDAY
  MAXIMUM         73    102 AM  92    2009  79     -6       81
                                      1963
                                      1925
  MINIMUM         50   1159 PM  39    1931  56     -6       52
  AVERAGE         62                        68     -6       67

PRECIPITATION (IN)
  YESTERDAY        0.02          2.59 1985   0.11  -0.09     0.00
  MONTH TO DATE    6.96                      1.83   5.13     5.43
  SINCE MAR 1     10.28                      4.98   5.30    10.76
  SINCE JAN 1     16.44                      9.73   6.71    13.21

SNOWFALL (IN)
  YESTERDAY        0.0           0.0    MM   0.0    0.0      0.0
  MONTH TO DATE    0.0                       0.1   -0.1      0.0
  SINCE MAR 1      0.0                       0.2   -0.2      0.0
  SINCE JUL 1      T                         1.0   -1.0      0.0
  SNOW DEPTH       0

DEGREE DAYS
 HEATING
  YESTERDAY        3                         2      1        0
  MONTH TO DATE   21                        70    -49       52
  SINCE MAR 1    139                       316   -177      203
  SINCE JUL 1   1315                      2128   -813     1680

 COOLING
  YESTERDAY        0                         4     -4        2
  MONTH TO DATE  105                        68     37       45
  SINCE MAR 1    200                       102     98       76
  SINCE JAN 1    258                       111    147       84
..................................................................


WIND (MPH)
  HIGHEST WIND SPEED    24   HIGHEST WIND DIRECTION     N (340)
  HIGHEST GUST SPEED    30   HIGHEST GUST DIRECTION     N (340)
  AVERAGE WIND SPEED    13.9


SKY COVER
  POSSIBLE SUNSHINE  MM
  AVERAGE SKY COVER 0.7


WEATHER CONDITIONS
 THE FOLLOWING WEATHER WAS RECORDED YESTERDAY.
  LIGHT RAIN
  FOG


RELATIVE HUMIDITY (PERCENT)
 HIGHEST    83          1100 PM
 LOWEST     52           500 PM
 AVERAGE    68

..........................................................


THE WACO CLIMATE NORMALS FOR TODAY
                         NORMAL    RECORD    YEAR
 MAXIMUM TEMPERATURE (F)   80        94      2000
                                             1940
 MINIMUM TEMPERATURE (F)   57        40      1984


SUNRISE AND SUNSET
APRIL 23 2017.........SUNRISE   651 AM CDT   SUNSET   803 PM CDT
APRIL 24 2017.........SUNRISE   650 AM CDT   SUNSET   804 PM CDT


-  INDICATES NEGATIVE NUMBERS.
R  INDICATES RECORD WAS SET OR TIED.
MM INDICATES DATA IS MISSING.
T  INDICATES TRACE AMOUNT.




$$
