000
CDUS44 KFWD 210642
CLIACT


CLIMATE REPORT
NATIONAL WEATHER SERVICE FORT WORTH TX
142 AM CDT FRI JUL 21 2017


...................................

...THE WACO CLIMATE SUMMARY FOR JULY 20 2017...

CLIMATE NORMAL PERIOD 1981 TO 2010
CLIMATE RECORD PERIOD 1901 TO 2017


WEATHER ITEM   OBSERVED TIME   RECORD YEAR NORMAL DEPARTURE LAST
                VALUE   (LST)  VALUE       VALUE  FROM      YEAR
                                                  NORMAL
..................................................................
TEMPERATURE (F)
 YESTERDAY
  MAXIMUM        101    308 PM 104    2000  97      4      100
                                      1969
                                      1951
  MINIMUM         78    607 AM  62    1947  74      4       76
  AVERAGE         90                        86      4       88

PRECIPITATION (IN)
  YESTERDAY        0.00          3.27 1979   0.05  -0.05     0.00
  MONTH TO DATE    2.09                      1.17   0.92      T
  SINCE JUN 1      6.83                      4.60   2.23     4.59
  SINCE JAN 1     26.14                     19.49   6.65    27.23

DEGREE DAYS
 HEATING
  YESTERDAY        0                         0      0        0
  MONTH TO DATE    0                         0      0        0
  SINCE JUN 1      0                         0      0        0
  SINCE JUL 1      0                         0      0        0

 COOLING
  YESTERDAY       25                        21      4       23
  MONTH TO DATE  406                       395     11      449
  SINCE JUN 1    923                       883     40      978
  SINCE JAN 1   1492                      1335    157     1369
..................................................................


WIND (MPH)
  HIGHEST WIND SPEED    15   HIGHEST WIND DIRECTION     S (170)
  HIGHEST GUST SPEED    18   HIGHEST GUST DIRECTION     S (170)
  AVERAGE WIND SPEED     8.8


SKY COVER
  POSSIBLE SUNSHINE  MM
  AVERAGE SKY COVER 0.0


WEATHER CONDITIONS
 THE FOLLOWING WEATHER WAS RECORDED YESTERDAY.
  NO SIGNIFICANT WEATHER WAS OBSERVED.


RELATIVE HUMIDITY (PERCENT)
 HIGHEST    85           500 AM
 LOWEST     33           400 PM
 AVERAGE    59

..........................................................


THE WACO CLIMATE NORMALS FOR TODAY
                         NORMAL    RECORD    YEAR
 MAXIMUM TEMPERATURE (F)   97       105      1974
 MINIMUM TEMPERATURE (F)   74        65      1989


SUNRISE AND SUNSET
JULY 21 2017..........SUNRISE   638 AM CDT   SUNSET   832 PM CDT
JULY 22 2017..........SUNRISE   639 AM CDT   SUNSET   832 PM CDT


-  INDICATES NEGATIVE NUMBERS.
R  INDICATES RECORD WAS SET OR TIED.
MM INDICATES DATA IS MISSING.
T  INDICATES TRACE AMOUNT.




$$
