000
CDUS44 KFWD 260638
CLIACT

CLIMATE REPORT
NATIONAL WEATHER SERVICE FORT WORTH TX
1238 AM CST MON JAN 26 2015


...................................

...THE WACO CLIMATE SUMMARY FOR JANUARY 25 2015...

CLIMATE NORMAL PERIOD 1981 TO 2010
CLIMATE RECORD PERIOD 1901 TO 2015


WEATHER ITEM   OBSERVED TIME   RECORD YEAR NORMAL DEPARTURE LAST
                VALUE   (LST)  VALUE       VALUE  FROM      YEAR
                                                  NORMAL
..................................................................
TEMPERATURE (F)
 YESTERDAY
  MAXIMUM         68    317 PM  83    1971  59      9       66
  MINIMUM         34    733 AM  14    1940  36     -2       25
                                      1926
  AVERAGE         51                        48      3       46

PRECIPITATION (IN)
  YESTERDAY        0.00          1.79 2012   0.07  -0.07     0.00
  MONTH TO DATE    3.06                      1.66   1.40     0.30
  SINCE DEC 1      3.60                      4.41  -0.81     1.64
  SINCE JAN 1      3.06                      1.66   1.40     0.30

SNOWFALL (IN)
  YESTERDAY        0.0           T    1961   0.0    0.0      0.0
                                      1949
                                      1948
  MONTH TO DATE    T                         0.2   -0.2       T
  SINCE DEC 1      T                         0.2   -0.2       T
  SINCE JUL 1      T                         0.3   -0.3       T
  SNOW DEPTH       0

DEGREE DAYS
 HEATING
  YESTERDAY       14                        17     -3       19
  MONTH TO DATE  568                       454    114      486
  SINCE DEC 1   1000                       978     22     1138
  SINCE JUL 1   1382                      1306     76     1552

 COOLING
  YESTERDAY        0                         0      0        0
  MONTH TO DATE    0                         0      0        0
  SINCE DEC 1      4                         5     -1        0
  SINCE JAN 1      0                         0      0        0
..................................................................


WIND (MPH)
  HIGHEST WIND SPEED    28   HIGHEST WIND DIRECTION     N (340)
  HIGHEST GUST SPEED    34   HIGHEST GUST DIRECTION     N (340)
  AVERAGE WIND SPEED    10.9


SKY COVER
  POSSIBLE SUNSHINE  MM
  AVERAGE SKY COVER 0.0


WEATHER CONDITIONS
 THE FOLLOWING WEATHER WAS RECORDED YESTERDAY.
  NO SIGNIFICANT WEATHER WAS OBSERVED.


RELATIVE HUMIDITY (PERCENT)
 HIGHEST    92           200 AM
 LOWEST     20           400 PM
 AVERAGE    56

..........................................................


THE WACO CLIMATE NORMALS FOR TODAY
                         NORMAL    RECORD    YEAR
 MAXIMUM TEMPERATURE (F)   59        82      1909
 MINIMUM TEMPERATURE (F)   37        14      1940


SUNRISE AND SUNSET
JANUARY 26 2015.......SUNRISE   725 AM CST   SUNSET   558 PM CST
JANUARY 27 2015.......SUNRISE   725 AM CST   SUNSET   559 PM CST


-  INDICATES NEGATIVE NUMBERS.
R  INDICATES RECORD WAS SET OR TIED.
MM INDICATES DATA IS MISSING.
T  INDICATES TRACE AMOUNT.


$$


58
