000
CDUS41 KPHI 230547
CLIACY


CLIMATE REPORT
NATIONAL WEATHER SERVICE MOUNT HOLLY NJ
1247 AM EST THU NOV 23 2017


...................................

...THE ATLANTIC CITY NJ CLIMATE SUMMARY FOR NOVEMBER 22 2017...

CLIMATE NORMAL PERIOD 1981 TO 2010
CLIMATE RECORD PERIOD 1874 TO 2017


WEATHER ITEM   OBSERVED TIME   RECORD YEAR NORMAL DEPARTURE LAST
                VALUE   (LST)  VALUE       VALUE  FROM      YEAR
                                                  NORMAL
..................................................................
TEMPERATURE (F)
 YESTERDAY
  MAXIMUM         60    254 AM  72    2007  54      6       49
                                      1931
  MINIMUM         35   1159 PM  12    1879  36     -1       26
  AVERAGE         48                        45      3       38

PRECIPITATION (IN)
  YESTERDAY        0.50          1.53 1924   0.11   0.39     0.00
  MONTH TO DATE    2.42                      2.36   0.06     0.39
  SINCE SEP 1     10.36                      8.93   1.43     8.74
  SINCE JAN 1     48.93                     37.15  11.78    41.04

SNOWFALL (IN)
  YESTERDAY       MM             1.5  1989   0.1   MM        0.0
  MONTH TO DATE    0.0                       0.1   -0.1       T
  SINCE SEP 1      0.0                       0.1   -0.1       T
  SINCE JUL 1      0.0                       0.1   -0.1       T
  SNOW DEPTH       0

DEGREE DAYS
 HEATING
  YESTERDAY       17                        20     -3       27
  MONTH TO DATE  364                       373     -9      352
  SINCE SEP 1    528                       728   -200      600
  SINCE JUL 1    528                       731   -203      600

 COOLING
  YESTERDAY        0                         0      0        0
  MONTH TO DATE    1                         0      1        3
  SINCE SEP 1    247                       145    102      237
  SINCE JAN 1   1264                      1054    210     1340
..................................................................


WIND (MPH)
  HIGHEST WIND SPEED    28   HIGHEST WIND DIRECTION    NW (330)
  HIGHEST GUST SPEED    38   HIGHEST GUST DIRECTION    NW (330)
  AVERAGE WIND SPEED    12.3


SKY COVER
  POSSIBLE SUNSHINE  MM
  AVERAGE SKY COVER 0.7


WEATHER CONDITIONS
 THE FOLLOWING WEATHER WAS RECORDED YESTERDAY.
  HEAVY RAIN
  RAIN
  LIGHT RAIN
  FOG


RELATIVE HUMIDITY (PERCENT)
 HIGHEST   100           500 AM
 LOWEST     51           300 PM
 AVERAGE    76

..........................................................


THE ATLANTIC CITY NJ CLIMATE NORMALS FOR TODAY
                         NORMAL    RECORD    YEAR
 MAXIMUM TEMPERATURE (F)   54        74      1992
                                             1900
 MINIMUM TEMPERATURE (F)   35        10      1989


SUNRISE AND SUNSET
NOVEMBER 23 2017......SUNRISE   651 AM EST   SUNSET   438 PM EST
NOVEMBER 24 2017......SUNRISE   652 AM EST   SUNSET   437 PM EST


-  INDICATES NEGATIVE NUMBERS.
R  INDICATES RECORD WAS SET OR TIED.
MM INDICATES DATA IS MISSING.
T  INDICATES TRACE AMOUNT.




$$
