000
CDUS41 KPHI 012139
CLIACY


CLIMATE REPORT
NATIONAL WEATHER SERVICE MOUNT HOLLY NJ
538 PM EDT SUN MAY 1 2016


...................................

...THE ATLANTIC CITY NJ CLIMATE SUMMARY FOR MAY 1 2016...
VALID TODAY AS OF 0500 PM LOCAL TIME.

CLIMATE NORMAL PERIOD 1981 TO 2010
CLIMATE RECORD PERIOD 1874 TO 2016


WEATHER ITEM   OBSERVED TIME   RECORD YEAR NORMAL DEPARTURE LAST
                VALUE   (LST)  VALUE       VALUE  FROM      YEAR
                                                  NORMAL
..................................................................
TEMPERATURE (F)
 TODAY
  MAXIMUM         52    359 PM  91    2010  67    -15       56
  MINIMUM         48    216 AM  26    1978  46      2       42
  AVERAGE         50                        57     -7       49

PRECIPITATION (IN)
  TODAY            0.93          1.47 1976   0.09   0.84     0.00
  MONTH TO DATE    0.93                      0.09   0.84     0.00
  SINCE MAR 1      6.96                      7.93  -0.97     7.48
  SINCE JAN 1     14.31                     14.02   0.29    15.54

SNOWFALL (IN)
  TODAY            0.0           T    1953   0.0    0.0      0.0
  MONTH TO DATE    0.0                       0.0    0.0      0.0
  SINCE MAR 1      6.9                       1.4    5.5      7.4
  SINCE JUL 1     27.5                      16.5   11.0     22.4
  SNOW DEPTH       0

DEGREE DAYS
 HEATING
  TODAY           15                         9      6       16
  MONTH TO DATE   15                         9      6       16
  SINCE MAR 1    990                      1122   -132     1215
  SINCE JUL 1   3871                      4713   -842     5090

 COOLING
  TODAY            0                         1     -1        0
  MONTH TO DATE    0                         1     -1        0
  SINCE MAR 1     14                        10      4        0
  SINCE JAN 1     14                        10      4        0
..................................................................


WIND (MPH)
  HIGHEST WIND SPEED    13   HIGHEST WIND DIRECTION     E (100)
  HIGHEST GUST SPEED    16   HIGHEST GUST DIRECTION     E (110)
  AVERAGE WIND SPEED     6.7


SKY COVER
  POSSIBLE SUNSHINE  MM
  AVERAGE SKY COVER 1.0


WEATHER CONDITIONS
 THE FOLLOWING WEATHER WAS RECORDED TODAY.
  HEAVY RAIN
  RAIN
  LIGHT RAIN
  FOG


RELATIVE HUMIDITY (PERCENT)
 HIGHEST   100           800 AM
 LOWEST     80          1200 AM
 AVERAGE    90

..........................................................


THE ATLANTIC CITY NJ CLIMATE NORMALS FOR TOMORROW
                         NORMAL    RECORD    YEAR
 MAXIMUM TEMPERATURE (F)   67        88      2010
 MINIMUM TEMPERATURE (F)   47        32      1978


SUNRISE AND SUNSET
MAY  1 2016...........SUNRISE   559 AM EDT   SUNSET   752 PM EDT
MAY  2 2016...........SUNRISE   558 AM EDT   SUNSET   753 PM EDT


-  INDICATES NEGATIVE NUMBERS.
R  INDICATES RECORD WAS SET OR TIED.
MM INDICATES DATA IS MISSING.
T  INDICATES TRACE AMOUNT.




$$
