000
CDUS41 KPHI 080630
CLIACY


CLIMATE REPORT
NATIONAL WEATHER SERVICE MOUNT HOLLY NJ
129 AM EST THU DEC 8 2016


...................................

...THE ATLANTIC CITY NJ CLIMATE SUMMARY FOR DECEMBER 7 2016...

CLIMATE NORMAL PERIOD 1981 TO 2010
CLIMATE RECORD PERIOD 1874 TO 2016


WEATHER ITEM   OBSERVED TIME   RECORD YEAR NORMAL DEPARTURE LAST
                VALUE   (LST)  VALUE       VALUE  FROM      YEAR
                                                  NORMAL
..................................................................
TEMPERATURE (F)
 YESTERDAY
  MAXIMUM         48    248 AM  77    1998  48      0       56
  MINIMUM         31   1123 PM  10    1968  31      0       31
  AVERAGE         40                        40      0       44

PRECIPITATION (IN)
  YESTERDAY        0.09          3.24 1914   0.12  -0.03     0.00
  MONTH TO DATE    1.20                      0.86   0.34     0.88
  SINCE DEC 1      1.20                      0.86   0.34     0.88
  SINCE JAN 1     42.93                     38.92   4.01    41.98

SNOWFALL (IN)
  YESTERDAY        0.0           2.0  1910   0.1   -0.1      0.0
  MONTH TO DATE    0.0                       0.6   -0.6      0.0
  SINCE DEC 1      0.0                       0.6   -0.6      0.0
  SINCE JUL 1      T                         0.8   -0.8      0.0
  SNOW DEPTH       0

DEGREE DAYS
 HEATING
  YESTERDAY       25                        25      0       21
  MONTH TO DATE  143                       170    -27      129
  SINCE DEC 1    143                       170    -27      129
  SINCE JUL 1    890                      1077   -187      824

 COOLING
  YESTERDAY        0                         0      0        0
  MONTH TO DATE    0                         0      0        0
  SINCE DEC 1      0                         0      0        0
  SINCE JAN 1   1340                      1055    285     1296
..................................................................


WIND (MPH)
  HIGHEST WIND SPEED    17   HIGHEST WIND DIRECTION    NE (50)
  HIGHEST GUST SPEED    23   HIGHEST GUST DIRECTION     E (70)
  AVERAGE WIND SPEED     6.4


SKY COVER
  POSSIBLE SUNSHINE  MM
  AVERAGE SKY COVER 0.7


WEATHER CONDITIONS
 THE FOLLOWING WEATHER WAS RECORDED YESTERDAY.
  LIGHT RAIN
  FOG


RELATIVE HUMIDITY (PERCENT)
 HIGHEST    96           900 AM
 LOWEST     71           400 PM
 AVERAGE    84

..........................................................


THE ATLANTIC CITY NJ CLIMATE NORMALS FOR TODAY
                         NORMAL    RECORD    YEAR
 MAXIMUM TEMPERATURE (F)   48        71      1966
 MINIMUM TEMPERATURE (F)   30         9      1882


SUNRISE AND SUNSET
DECEMBER  8 2016......SUNRISE   706 AM EST   SUNSET   434 PM EST
DECEMBER  9 2016......SUNRISE   707 AM EST   SUNSET   435 PM EST


-  INDICATES NEGATIVE NUMBERS.
R  INDICATES RECORD WAS SET OR TIED.
MM INDICATES DATA IS MISSING.
T  INDICATES TRACE AMOUNT.




$$
