000
CDUS41 KPHI 280637
CLIACY


CLIMATE REPORT
NATIONAL WEATHER SERVICE MOUNT HOLLY NJ
136 AM EST FRI NOV 28 2014


...................................

...THE ATLANTIC CITY NJ CLIMATE SUMMARY FOR NOVEMBER 27 2014...

CLIMATE NORMAL PERIOD 1981 TO 2010
CLIMATE RECORD PERIOD 1874 TO 2014


WEATHER ITEM   OBSERVED TIME   RECORD YEAR NORMAL DEPARTURE LAST
                VALUE   (LST)  VALUE       VALUE  FROM      YEAR
                                                  NORMAL
..................................................................
TEMPERATURE (F)
 YESTERDAY
  MAXIMUM         44    248 PM  69    1981  52     -8       62
  MINIMUM         30   1116 PM  16    1991  34     -4       32
                                      1903
  AVERAGE         37                        43     -6       47

PRECIPITATION (IN)
  YESTERDAY        0.00          3.48 1944   0.11  -0.11     1.14
  MONTH TO DATE    5.37                      2.92   2.45     2.55
  SINCE SEP 1     12.11                      9.49   2.62     8.64
  SINCE JAN 1     48.83                     37.71  11.12    40.06

SNOWFALL (IN)
  YESTERDAY        0.0           1.2  1978   0.0    0.0      0.0
  MONTH TO DATE    T                         0.1   -0.1       T
  SINCE SEP 1      T                         0.1   -0.1       T
  SINCE JUL 1      T                         0.1   -0.1       T
  SNOW DEPTH       0

DEGREE DAYS
 HEATING
  YESTERDAY       28                        22      6       18
  MONTH TO DATE  551                       480     71      538
  SINCE SEP 1    825                       835    -10      903
  SINCE JUL 1    825                       838    -13      903

 COOLING
  YESTERDAY        0                         0      0        0
  MONTH TO DATE    0                         0      0        0
  SINCE SEP 1    145                       145      0      132
  SINCE JAN 1    857                      1054   -197     1088
..................................................................


WIND (MPH)
  HIGHEST WIND SPEED    16   HIGHEST WIND DIRECTION    NW (320)
  HIGHEST GUST SPEED    20   HIGHEST GUST DIRECTION    NW (320)
  AVERAGE WIND SPEED     9.1


SKY COVER
  POSSIBLE SUNSHINE  MM
  AVERAGE SKY COVER 0.5


WEATHER CONDITIONS
 THE FOLLOWING WEATHER WAS RECORDED YESTERDAY.
  NO SIGNIFICANT WEATHER WAS OBSERVED.


RELATIVE HUMIDITY (PERCENT)
 HIGHEST   100          1200 AM
 LOWEST     62           200 PM
 AVERAGE    81

..........................................................


THE ATLANTIC CITY NJ CLIMATE NORMALS FOR TODAY
                         NORMAL    RECORD    YEAR
 MAXIMUM TEMPERATURE (F)   52        69      2011
                                             2001
 MINIMUM TEMPERATURE (F)   34        15      1996


SUNRISE AND SUNSET
NOVEMBER 28 2014......SUNRISE   656 AM EST   SUNSET   436 PM EST
NOVEMBER 29 2014......SUNRISE   657 AM EST   SUNSET   436 PM EST


-  INDICATES NEGATIVE NUMBERS.
R  INDICATES RECORD WAS SET OR TIED.
MM INDICATES DATA IS MISSING.
T  INDICATES TRACE AMOUNT.




$$
