000
CDUS41 KPHI 260628
CLIACY


CLIMATE REPORT
NATIONAL WEATHER SERVICE MOUNT HOLLY NJ
227 AM EDT FRI MAY 26 2017


...................................

...THE ATLANTIC CITY NJ CLIMATE SUMMARY FOR MAY 25 2017...

CLIMATE NORMAL PERIOD 1981 TO 2010
CLIMATE RECORD PERIOD 1874 TO 2017


WEATHER ITEM   OBSERVED TIME   RECORD YEAR NORMAL DEPARTURE LAST
                VALUE   (LST)  VALUE       VALUE  FROM      YEAR
                                                  NORMAL
..................................................................
TEMPERATURE (F)
 YESTERDAY
  MAXIMUM         74    237 PM  94    1991  74      0       88
  MINIMUM         55    438 AM  38    1963  54      1       53
  AVERAGE         65                        64      1       71

PRECIPITATION (IN)
  YESTERDAY        0.71          1.26 1900   0.12   0.59     0.00
  MONTH TO DATE    6.93                      2.66   4.27     4.87
  SINCE MAR 1     15.52                     10.50   5.02    10.90
  SINCE JAN 1     21.07                     16.59   4.48    18.25

SNOWFALL (IN)
  YESTERDAY        0.0           0.0    MM   0.0    0.0      0.0
  MONTH TO DATE    0.0                       0.0    0.0      0.0
  SINCE MAR 1      0.2                       1.4   -1.2      6.9
  SINCE JUL 1      7.7                      16.5   -8.8     27.5
  SNOW DEPTH       0

DEGREE DAYS
 HEATING
  YESTERDAY        0                         4     -4        0
  MONTH TO DATE  144                       157    -13      194
  SINCE MAR 1   1112                      1270   -158     1169
  SINCE JUL 1   4108                      4861   -753     4050

 COOLING
  YESTERDAY        0                         3     -3        6
  MONTH TO DATE   46                        37      9        8
  SINCE MAR 1     78                        46     32       22
  SINCE JAN 1     78                        46     32       22
..................................................................


WIND (MPH)
  HIGHEST WIND SPEED    18   HIGHEST WIND DIRECTION     E (80)
  HIGHEST GUST SPEED    25   HIGHEST GUST DIRECTION     E (80)
  AVERAGE WIND SPEED    10.2


SKY COVER
  POSSIBLE SUNSHINE  MM
  AVERAGE SKY COVER 0.8


WEATHER CONDITIONS
 THE FOLLOWING WEATHER WAS RECORDED YESTERDAY.
  THUNDERSTORM
  HEAVY RAIN
  RAIN
  LIGHT RAIN
  FOG
  HAZE


RELATIVE HUMIDITY (PERCENT)
 HIGHEST    93           100 AM
 LOWEST     68           400 PM
 AVERAGE    81

..........................................................


THE ATLANTIC CITY NJ CLIMATE NORMALS FOR TODAY
                         NORMAL    RECORD    YEAR
 MAXIMUM TEMPERATURE (F)   74        93      1965
 MINIMUM TEMPERATURE (F)   54        40      1992
                                             1988


SUNRISE AND SUNSET
MAY 26 2017...........SUNRISE   536 AM EDT   SUNSET   815 PM EDT
MAY 27 2017...........SUNRISE   535 AM EDT   SUNSET   816 PM EDT


-  INDICATES NEGATIVE NUMBERS.
R  INDICATES RECORD WAS SET OR TIED.
MM INDICATES DATA IS MISSING.
T  INDICATES TRACE AMOUNT.




$$
