000
CDUS41 KPHI 302137
CLIACY


CLIMATE REPORT
NATIONAL WEATHER SERVICE MOUNT HOLLY NJ
536 PM EDT SAT AUG 30 2014


...................................

...THE ATLANTIC CITY NJ CLIMATE SUMMARY FOR AUGUST 30 2014...
VALID TODAY AS OF 0500 PM LOCAL TIME.

CLIMATE NORMAL PERIOD 1981 TO 2010
CLIMATE RECORD PERIOD 1874 TO 2014


WEATHER ITEM   OBSERVED TIME   RECORD YEAR NORMAL DEPARTURE LAST
                VALUE   (LST)  VALUE       VALUE  FROM      YEAR
                                                  NORMAL
..................................................................
TEMPERATURE (F)
 TODAY
  MAXIMUM         78    340 PM  96    1973  82     -4       82
  MINIMUM         54    514 AM  41    1986  63     -9       64
  AVERAGE         66                        72     -6       73

PRECIPITATION (IN)
  TODAY            0.00          1.53 1939   0.11  -0.11     0.00
  MONTH TO DATE    9.28                      4.01   5.27     2.93
  SINCE JUN 1     15.91                     10.84   5.07    13.86
  SINCE JAN 1     36.09                     28.12   7.97    31.42

SNOWFALL (IN)
  TODAY            0.0           0.0  1903   0.0    0.0      0.0
  MONTH TO DATE    0.0                       0.0    0.0      0.0
  SINCE JUN 1      0.0                       0.0    0.0      0.0
  SINCE JUL 1      0.0                       0.0    0.0      0.0
  SNOW DEPTH       0

DEGREE DAYS
 HEATING
  TODAY            0                         0      0        0
  MONTH TO DATE    0                         0      0        0
  SINCE JUN 1     10                        27    -17        8
  SINCE JUL 1      0                         0      0        0

 COOLING
  TODAY            1                         8     -7        8
  MONTH TO DATE  174                       289   -115      209
  SINCE JUN 1    661                       839   -178      849
  SINCE JAN 1    697                       903   -206      943
..................................................................


WIND (MPH)
  HIGHEST WIND SPEED    14   HIGHEST WIND DIRECTION     S (200)
  HIGHEST GUST SPEED    18   HIGHEST GUST DIRECTION     S (160)
  AVERAGE WIND SPEED     5.4


SKY COVER
  POSSIBLE SUNSHINE  MM
  AVERAGE SKY COVER 0.5


WEATHER CONDITIONS
 THE FOLLOWING WEATHER WAS RECORDED TODAY.
  NO SIGNIFICANT WEATHER WAS OBSERVED.


RELATIVE HUMIDITY (PERCENT)
 HIGHEST    93          1200 AM
 LOWEST     58           300 PM
 AVERAGE    76

..........................................................


THE ATLANTIC CITY NJ CLIMATE NORMALS FOR TOMORROW
                         NORMAL    RECORD    YEAR
 MAXIMUM TEMPERATURE (F)   82        99      2010
 MINIMUM TEMPERATURE (F)   63        40      1976
                                             1965


SUNRISE AND SUNSET
AUGUST 30 2014........SUNRISE   625 AM EDT   SUNSET   732 PM EDT
AUGUST 31 2014........SUNRISE   626 AM EDT   SUNSET   731 PM EDT


-  INDICATES NEGATIVE NUMBERS.
R  INDICATES RECORD WAS SET OR TIED.
MM INDICATES DATA IS MISSING.
T  INDICATES TRACE AMOUNT.




$$
