000
CDUS41 KPHI 230629
CLIACY


CLIMATE REPORT
NATIONAL WEATHER SERVICE MOUNT HOLLY NJ
128 AM EST MON JAN 23 2017


...................................

...THE ATLANTIC CITY NJ CLIMATE SUMMARY FOR JANUARY 22 2017...

CLIMATE NORMAL PERIOD 1981 TO 2010
CLIMATE RECORD PERIOD 1874 TO 2017


WEATHER ITEM   OBSERVED TIME   RECORD YEAR NORMAL DEPARTURE LAST
                VALUE   (LST)  VALUE       VALUE  FROM      YEAR
                                                  NORMAL
..................................................................
TEMPERATURE (F)
 YESTERDAY
  MAXIMUM         50   1207 PM  66    1967  41      9       30
  MINIMUM         44    504 AM  -8    1961  24     20       15
  AVERAGE         47                        33     14       23

PRECIPITATION (IN)
  YESTERDAY        0.37          1.03 1954   0.10   0.27     0.21
  MONTH TO DATE    2.69                      2.31   0.38     1.89
  SINCE DEC 1      5.98                      6.00  -0.02     7.33
  SINCE JAN 1      2.69                      2.31   0.38     1.89

SNOWFALL (IN)
  YESTERDAY        0.0           7.6  1954   0.1   -0.1      2.5
  MONTH TO DATE    7.0                       2.8    4.2      6.3
  SINCE DEC 1      7.0                       6.5    0.5      6.3
  SINCE JUL 1      7.0                       6.7    0.3      6.3
  SNOW DEPTH       0

DEGREE DAYS
 HEATING
  YESTERDAY       18                        32    -14       42
  MONTH TO DATE  601                       702   -101      709
  SINCE DEC 1   1415                      1564   -149     1150
  SINCE JUL 1   2162                      2471   -309     1845

 COOLING
  YESTERDAY        0                         0      0        0
  MONTH TO DATE    0                         0      0        0
  SINCE DEC 1      0                         0      0        3
  SINCE JAN 1      0                         0      0        0
..................................................................


WIND (MPH)
  HIGHEST WIND SPEED    25   HIGHEST WIND DIRECTION    NE (50)
  HIGHEST GUST SPEED    34   HIGHEST GUST DIRECTION    NE (50)
  AVERAGE WIND SPEED     9.9


SKY COVER
  POSSIBLE SUNSHINE  MM
  AVERAGE SKY COVER 1.0


WEATHER CONDITIONS
 THE FOLLOWING WEATHER WAS RECORDED YESTERDAY.
  RAIN
  LIGHT RAIN
  FOG
  FOG W/VISIBILITY <= 1/4 MILE


RELATIVE HUMIDITY (PERCENT)
 HIGHEST   100           600 AM
 LOWEST     86          1200 PM
 AVERAGE    93

..........................................................


THE ATLANTIC CITY NJ CLIMATE NORMALS FOR TODAY
                         NORMAL    RECORD    YEAR
 MAXIMUM TEMPERATURE (F)   41        74      1967
 MINIMUM TEMPERATURE (F)   24         1      1936


SUNRISE AND SUNSET
JANUARY 23 2017.......SUNRISE   712 AM EST   SUNSET   508 PM EST
JANUARY 24 2017.......SUNRISE   712 AM EST   SUNSET   509 PM EST


-  INDICATES NEGATIVE NUMBERS.
R  INDICATES RECORD WAS SET OR TIED.
MM INDICATES DATA IS MISSING.
T  INDICATES TRACE AMOUNT.




$$
