000
CDUS41 KPHI 202128
CLIACY


CLIMATE REPORT
NATIONAL WEATHER SERVICE MOUNT HOLLY NJ
426 PM EST MON FEB 20 2017


...................................

...THE ATLANTIC CITY NJ CLIMATE SUMMARY FOR FEBRUARY 20 2017...
VALID TODAY AS OF 0400 PM LOCAL TIME.

CLIMATE NORMAL PERIOD 1981 TO 2010
CLIMATE RECORD PERIOD 1874 TO 2017


WEATHER ITEM   OBSERVED TIME   RECORD YEAR NORMAL DEPARTURE LAST
                VALUE   (LST)  VALUE       VALUE  FROM      YEAR
                                                  NORMAL
..................................................................
TEMPERATURE (F)
 TODAY
  MAXIMUM         59    343 PM  71    1930  45     14       60
  MINIMUM         33    549 AM  -1    2015  27      6       41
  AVERAGE         46                        36     10       51

PRECIPITATION (IN)
  TODAY            0.00          1.65 1921   0.11  -0.11     0.00
  MONTH TO DATE    0.97                      1.98  -1.01     3.02
  SINCE DEC 1      8.44                      8.89  -0.45    11.30
  SINCE JAN 1      5.15                      5.20  -0.05     5.86

SNOWFALL (IN)
  TODAY            0.0           7.0  1934   0.2   -0.2      0.0
  MONTH TO DATE    0.3                       5.1   -4.8      3.9
  SINCE DEC 1      7.5                      13.3   -5.8     20.6
  SINCE JUL 1      7.5                      13.5   -6.0     20.6
  SNOW DEPTH       0

DEGREE DAYS
 HEATING
  TODAY           19                        29    -10       14
  MONTH TO DATE  483                       608   -125      597
  SINCE DEC 1   2121                      2462   -341     2008
  SINCE JUL 1   2868                      3369   -501     2703

 COOLING
  TODAY            0                         0      0        0
  MONTH TO DATE    0                         0      0        0
  SINCE DEC 1      0                         0      0        3
  SINCE JAN 1      0                         0      0        0
..................................................................


WIND (MPH)
  HIGHEST WIND SPEED    22   HIGHEST WIND DIRECTION    NW (330)
  HIGHEST GUST SPEED    28   HIGHEST GUST DIRECTION     N (340)
  AVERAGE WIND SPEED     9.5


SKY COVER
  POSSIBLE SUNSHINE  MM
  AVERAGE SKY COVER 0.0


WEATHER CONDITIONS
 THE FOLLOWING WEATHER WAS RECORDED TODAY.
  HAZE


RELATIVE HUMIDITY (PERCENT)
 HIGHEST    76           700 AM
 LOWEST     26           200 PM
 AVERAGE    51

..........................................................


THE ATLANTIC CITY NJ CLIMATE NORMALS FOR TOMORROW
                         NORMAL    RECORD    YEAR
 MAXIMUM TEMPERATURE (F)   46        74      1930
 MINIMUM TEMPERATURE (F)   27        -6      2015


SUNRISE AND SUNSET
FEBRUARY 20 2017......SUNRISE   643 AM EST   SUNSET   541 PM EST
FEBRUARY 21 2017......SUNRISE   642 AM EST   SUNSET   542 PM EST


-  INDICATES NEGATIVE NUMBERS.
R  INDICATES RECORD WAS SET OR TIED.
MM INDICATES DATA IS MISSING.
T  INDICATES TRACE AMOUNT.




$$
