000
CDUS41 KPHI 202129
CLIACY


CLIMATE REPORT
NATIONAL WEATHER SERVICE MOUNT HOLLY NJ
428 PM EST SAT DEC 20 2014


...................................

...THE ATLANTIC CITY NJ CLIMATE SUMMARY FOR DECEMBER 20 2014...
VALID TODAY AS OF 0400 PM LOCAL TIME.

CLIMATE NORMAL PERIOD 1981 TO 2010
CLIMATE RECORD PERIOD 1874 TO 2014


WEATHER ITEM   OBSERVED TIME   RECORD YEAR NORMAL DEPARTURE LAST
                VALUE   (LST)  VALUE       VALUE  FROM      YEAR
                                                  NORMAL
..................................................................
TEMPERATURE (F)
 TODAY
  MAXIMUM         35    300 PM  64    1877  45    -10       56
  MINIMUM         21    155 AM   1    1942  27     -6       45
  AVERAGE         28                        36     -8       51

PRECIPITATION (IN)
  TODAY            0.00          1.55 1933   0.12  -0.12     0.00
  MONTH TO DATE    4.28                      2.46   1.82     4.27
  SINCE DEC 1      4.28                      2.46   1.82     4.27
  SINCE JAN 1     53.11                     40.52  12.59    44.33

SNOWFALL (IN)
  TODAY            0.0           4.2  1985   0.1   -0.1      0.0
  MONTH TO DATE    0.4                       2.2   -1.8      3.3
  SINCE DEC 1      0.4                       2.2   -1.8      3.3
  SINCE JUL 1      0.4                       2.4   -2.0      3.3
  SNOW DEPTH       0

DEGREE DAYS
 HEATING
  TODAY           37                        29      8       14
  MONTH TO DATE  501                       528    -27      541
  SINCE DEC 1    501                       528    -27      541
  SINCE JUL 1   1408                      1435    -27     1544

 COOLING
  TODAY            0                         0      0        0
  MONTH TO DATE    0                         0      0        0
  SINCE DEC 1      0                         0      0        0
  SINCE JAN 1    857                      1055   -198     1088
..................................................................


WIND (MPH)
  HIGHEST WIND SPEED    12   HIGHEST WIND DIRECTION     N (350)
  HIGHEST GUST SPEED    14   HIGHEST GUST DIRECTION     N (350)
  AVERAGE WIND SPEED     4.0


SKY COVER
  POSSIBLE SUNSHINE  MM
  AVERAGE SKY COVER 0.8


WEATHER CONDITIONS
 THE FOLLOWING WEATHER WAS RECORDED TODAY.
  NO SIGNIFICANT WEATHER WAS OBSERVED.


RELATIVE HUMIDITY (PERCENT)
 HIGHEST    85           600 AM
 LOWEST     56           200 PM
 AVERAGE    71

..........................................................


THE ATLANTIC CITY NJ CLIMATE NORMALS FOR TOMORROW
                         NORMAL    RECORD    YEAR
 MAXIMUM TEMPERATURE (F)   45        69      2013
 MINIMUM TEMPERATURE (F)   27         1      1942


SUNRISE AND SUNSET
DECEMBER 20 2014......SUNRISE   714 AM EST   SUNSET   437 PM EST
DECEMBER 21 2014......SUNRISE   715 AM EST   SUNSET   438 PM EST


-  INDICATES NEGATIVE NUMBERS.
R  INDICATES RECORD WAS SET OR TIED.
MM INDICATES DATA IS MISSING.
T  INDICATES TRACE AMOUNT.




$$
