000
CDAK48 PADQ 241126
CLIADQ

CLIMATE REPORT
NATIONAL WEATHER SERVICE KODIAK, AK
326 AM AKDT WED AUG 24 2016

...................................
...THE KODIAK AP CLIMATE SUMMARY FOR AUGUST 23 2016...

CLIMATE NORMAL PERIOD  1981 TO  2010
CLIMATE RECORD PERIOD  1913 TO  2016

WEATHER ITEM   OBSERVED TIME    RECORD YEAR NORMAL DEPARTURE LAST
               VALUE    (LST)   VALUE       VALUE  FROM      YEAR
                                                   NORMAL
...................................................................
TEMPERATURE
YESTERDAY
 MAXIMUM            61  1224 PM    72  1977     61       0     69
 MINIMUM            55  1015 PM    38  1961     49       6     54
 AVERAGE            58                          55       3     62

PRECIPITATION
(INCHES)
 YESTERDAY        0.16           1.11  1963   0.15    0.01   0.00
 MONTH TO DATE    2.90                        3.23   -0.33   1.85
 SINCE JUN 1      8.84                       14.07   -5.23   8.25
 SINCE JAN 1     51.62                       45.46    6.16  47.37

SNOWFALL
(INCHES)
 YESTERDAY         0.0            0.0  2016    0.0     0.0    0.0
 MONTH TO DATE     0.0                         0.0     0.0    0.0
 SINCE JUN 1       0.0                         0.0     0.0    0.0
 SINCE JUL 1       0.0                         0.0     0.0    0.0
 SNOW DEPTH (IN)     0                                          0

DEGREE DAYS
 HEATING
  YESTERDAY          7                          10      -3      3
  MONTH TO DATE    160                         216     -56    131
  SINCE JUN 1      657                        1003    -346    669
  SINCE JUL 1      331                         542    -211    358

 COOLING
  YESTERDAY          0                           0       0      0
  MONTH TO DATE      0                           0       0      0
  SINCE JUN 1       20                           0      20      1
  SINCE JAN 1       20                           0      20      1
...................................................................

WIND (MPH)
 HIGHEST WIND SPEED    17     HIGHEST WIND DIRECTION    120
 HIGHEST GUST SPEED    20     HIGHEST GUST DIRECTION    120
 AVERAGE WIND SPEED   8.7

SKY COVER
  POSSIBLE SUNSHINE    MM          AVERAGE SKY COVER     MM

WEATHER CONDITIONS
 THE FOLLOWING WEATHER WAS RECORDED YESTERDAY.
  FOG
RAIN


RELATIVE HUMIDITY
 HIGHEST RH     MM PERCENT       MM
 LOWEST  RH     MM PERCENT       MM
 AVERAGE RH     MM PERCENT       MM
...................................................................

THE KODIAK CLIMATE NORMALS FOR TODAY
                           NORMAL    RECORD   YEAR
 MAXIMUM TEMPERATURE (F)     61        78     1959
 MINIMUM TEMPERATURE (F)     48        39     2009

SUNRISE AND SUNSET
 AUG 24 2016..........SUNRISE  6:56 AM      SUNSET  9:28 PM
 AUG 25 2016..........SUNRISE  6:58 AM      SUNSET  9:26 PM

-  INDICATES NEGATIVE NUMBERS.
R  INDICATES RECORD HAS BEEN SET OR TIED.
MM INDICATES DATA IS MISSING.
T  INDICATES TRACE OF PRECIPITATION.

&&
-------------------------------------------------------------------

AMOUNT OF DAYLIGHT TODAY  (HOUR:MIN)........14 HOURS 32 MINUTES
GAIN/LOSS SINCE YESTERDAY (HOUR:MIN:SEC)....-0:04:48

$$
LRM AUG 16
