000
CDAK48 PAFC 211333
CLIADQ


CLIMATE REPORT
NATIONAL WEATHER SERVICE ANCHORAGE, AK
433 AM AKST SUN JAN 21 2018


...................................

...THE KODIAK CLIMATE SUMMARY FOR JANUARY 20 2018...

CLIMATE NORMAL PERIOD 1981 TO 2010
CLIMATE RECORD PERIOD 1913 TO 2018


WEATHER ITEM   OBSERVED TIME   RECORD YEAR NORMAL DEPARTURE LAST
                VALUE   (LST)  VALUE       VALUE  FROM      YEAR
                                                  NORMAL
..................................................................
TEMPERATURE (F)
 YESTERDAY
  MAXIMUM         35        MM  49    1937  35      0       35
  MINIMUM         26        MM  -5    1968  26      0       17
  AVERAGE         31                        30      1       26

PRECIPITATION (IN)
  YESTERDAY        T             1.21 2014   0.27  -0.27     0.27
  MONTH TO DATE    5.90                      5.53   0.37     0.80
  SINCE SEP 1     33.09                     36.74  -3.65    30.79
  SINCE JAN 1      5.90                      5.53   0.37     0.80

SNOWFALL (IN)
  YESTERDAY        T             6.5  2007   0.5   -0.5      2.7
  MONTH TO DATE    1.5                       7.9   -6.4      3.3
  SINCE SEP 1     11.4                      29.2  -17.8      8.9
  SINCE JUL 1     11.4                      29.2  -17.8      8.9
  SNOW DEPTH       T

DEGREE DAYS
 HEATING
  YESTERDAY       34                        35     -1       39
  MONTH TO DATE  586                       688   -102      750
  SINCE DEC 1   1471                      1736   -265     1783
  SINCE JUL 1   4034                      4531   -497     3985

 COOLING
  YESTERDAY        0                         0      0        0
  MONTH TO DATE    0                         0      0        0
  SINCE DEC 1      0                         0      0        0
  SINCE JAN 1      0                         0      0        0
..................................................................


WIND (MPH)
  RESULTANT WIND SPEED  10   RESULTANT WIND DIRECTION  NW (300)
  HIGHEST WIND SPEED    16   HIGHEST WIND DIRECTION     W (290)
  HIGHEST GUST SPEED    22   HIGHEST GUST DIRECTION    NW (310)
  AVERAGE WIND SPEED    10.2



WEATHER CONDITIONS
 THE FOLLOWING WEATHER WAS RECORDED YESTERDAY.
  LIGHT SNOW
  FOG
  HAZE


RELATIVE HUMIDITY (PERCENT)
 HIGHEST    85
 LOWEST     68
 AVERAGE    77

..........................................................


THE KODIAK CLIMATE NORMALS FOR TODAY
                         NORMAL    RECORD    YEAR
 MAXIMUM TEMPERATURE (F)   35        49      1937
 MINIMUM TEMPERATURE (F)   26        -4      1968


SUNRISE AND SUNSET
JANUARY 21 2018.......SUNRISE   932 AM AKST  SUNSET   511 PM AKST
JANUARY 22 2018.......SUNRISE   931 AM AKST  SUNSET   513 PM AKST


-  INDICATES NEGATIVE NUMBERS.
R  INDICATES RECORD WAS SET OR TIED.
MM INDICATES DATA IS MISSING.
T  INDICATES TRACE AMOUNT.




$$
