000
CDAK48 PADQ 011251
CLIADQ

CLIMATE REPORT
NATIONAL WEATHER SERVICE KODIAK, AK
452 AM AKDT WED JUL 1 2015

...................................
...THE KODIAK AP CLIMATE SUMMARY FOR JUNE 30 2015...

CLIMATE NORMAL PERIOD  1981 TO  2010
CLIMATE RECORD PERIOD  1949 TO  2015

WEATHER ITEM   OBSERVED TIME    RECORD YEAR NORMAL DEPARTURE LAST
               VALUE    (LST)   VALUE       VALUE  FROM      YEAR
                                                   NORMAL
...................................................................
TEMPERATURE
YESTERDAY
 MAXIMUM            58  0547 PM    79  1974     57       1     59
 MINIMUM            50  0520 AM    37  2008     47       3     52
 AVERAGE            54                          52       2     56

PRECIPITATION
(INCHES)
 YESTERDAY        0.08           1.02  1995   0.17   -0.09   0.02
 MONTH TO DATE    3.08                        5.91   -2.83   6.22
 SINCE JUN 1      3.08                        5.91   -2.83   6.22
 SINCE JAN 1     42.20                       37.30    4.90  39.75

SNOWFALL
(INCHES)
 YESTERDAY         0.0            0.0  2015    0.0     0.0    0.0
 MONTH TO DATE     0.0                         0.0     0.0    0.0
 SINCE JUN 1       0.0                         0.0     0.0    0.0
 SINCE JUL 1      20.1                        68.9   -48.8     MM
 SNOW DEPTH (IN)     0                                          0

DEGREE DAYS
 HEATING
  YESTERDAY         11                          13      -2      9
  MONTH TO DATE    311                         461    -150    422
  SINCE JUN 1      311                         461    -150    422
  SINCE JUL 1     7430                        8795   -1365   7899

 COOLING
  YESTERDAY          0                           0       0      0
  MONTH TO DATE      1                           0       1      0
  SINCE JUN 1        1                           0       1      0
  SINCE JAN 1        1                           0       1      4
...................................................................

WIND (MPH)
 HIGHEST WIND SPEED    16     HIGHEST WIND DIRECTION     30
 HIGHEST GUST SPEED    20     HIGHEST GUST DIRECTION     50
 AVERAGE WIND SPEED   6.8

SKY COVER
  POSSIBLE SUNSHINE    MM          AVERAGE SKY COVER     MM

WEATHER CONDITIONS
 THE FOLLOWING WEATHER WAS RECORDED YESTERDAY.
  RAIN


RELATIVE HUMIDITY
 HIGHEST RH     MM PERCENT       MM
 LOWEST  RH     MM PERCENT       MM
 AVERAGE RH     MM PERCENT       MM
...................................................................

THE KODIAK CLIMATE NORMALS FOR TODAY
                           NORMAL    RECORD   YEAR
 MAXIMUM TEMPERATURE (F)     58        78     1989
 MINIMUM TEMPERATURE (F)     48        38     2009

SUNRISE AND SUNSET
 JUL 1 2015..........SUNRISE  5:15 AM      SUNSET 11:14 PM
 JUL 2 2015..........SUNRISE  5:16 AM      SUNSET 11:13 PM

-  INDICATES NEGATIVE NUMBERS.
R  INDICATES RECORD HAS BEEN SET OR TIED.
MM INDICATES DATA IS MISSING.
T  INDICATES TRACE OF PRECIPITATION.

&&
-------------------------------------------------------------------

AMOUNT OF DAYLIGHT TODAY  (HOUR:MIN)........17 HOURS 59 MINUTES
GAIN/LOSS SINCE YESTERDAY (HOUR:MIN:SEC)....-0:01:25

$$
*** JUL 15
