000
CDAK48 PADQ 140906
CLIADQ

CLIMATE REPORT
NATIONAL WEATHER SERVICE KODIAK, AK
106 AM AKDT MON JUL 14 2014

...................................
...THE KODIAK AP CLIMATE SUMMARY FOR JULY 13 2014...

CLIMATE NORMAL PERIOD  1981 TO  2010
CLIMATE RECORD PERIOD  1949 TO  2014

WEATHER ITEM   OBSERVED TIME    RECORD YEAR NORMAL DEPARTURE LAST
               VALUE    (LST)   VALUE       VALUE  FROM      YEAR
                                                   NORMAL
...................................................................
TEMPERATURE
YESTERDAY
 MAXIMUM            58  0127 PM    79  2003     60      -2     58
 MINIMUM            52  1159 PM    42  1984     49       3     47
 AVERAGE            55                          54       1     53

PRECIPITATION
(INCHES)
 YESTERDAY        0.02           0.98  1994   0.16   -0.14   0.00
 MONTH TO DATE    2.07                        2.15   -0.08   1.04
 SINCE JUN 1      8.29                        8.06    0.23   5.15
 SINCE JAN 1     41.82                       39.45    2.37  30.59

SNOWFALL
(INCHES)
 YESTERDAY         0.0            0.0  2014    0.0     0.0    0.0
 MONTH TO DATE     0.0                         0.0     0.0    0.0
 SINCE JUN 1       0.0                         0.0     0.0    0.0
 SINCE JUL 1       0.0                         0.0     0.0    0.0
 SNOW DEPTH (IN)     0                                          0

DEGREE DAYS
 HEATING
  YESTERDAY         10                          11      -1     12
  MONTH TO DATE    105                         151     -46    146
  SINCE JUN 1      527                         612     -85    477
  SINCE JUL 1      105                         151     -46    146

 COOLING
  YESTERDAY          0                           0       0      0
  MONTH TO DATE      0                           0       0      0
  SINCE JUN 1        0                           0       0      3
  SINCE JAN 1        4                           0       4      3
...................................................................

WIND (MPH)
 HIGHEST WIND SPEED    14     HIGHEST WIND DIRECTION     90
 HIGHEST GUST SPEED    16     HIGHEST GUST DIRECTION     90
 AVERAGE WIND SPEED   7.4

SKY COVER
  POSSIBLE SUNSHINE    MM          AVERAGE SKY COVER     MM

WEATHER CONDITIONS
 THE FOLLOWING WEATHER WAS RECORDED YESTERDAY.
  FOG
RAIN


RELATIVE HUMIDITY
 HIGHEST RH     MM PERCENT       MM
 LOWEST  RH     MM PERCENT       MM
 AVERAGE RH     MM PERCENT       MM
...................................................................

THE KODIAK CLIMATE NORMALS FOR TODAY
                           NORMAL    RECORD   YEAR
 MAXIMUM TEMPERATURE (F)     60        80     2003
 MINIMUM TEMPERATURE (F)     49        38     1977

SUNRISE AND SUNSET
 JUL 14 2014..........SUNRISE  5:32 AM      SUNSET 11:00 PM
 JUL 15 2014..........SUNRISE  5:33 AM      SUNSET 10:58 PM

-  INDICATES NEGATIVE NUMBERS.
R  INDICATES RECORD HAS BEEN SET OR TIED.
MM INDICATES DATA IS MISSING.
T  INDICATES TRACE OF PRECIPITATION.

&&
-------------------------------------------------------------------

AMOUNT OF DAYLIGHT TODAY  (HOUR:MIN)........17 HOURS 28 MINUTES
GAIN/LOSS SINCE YESTERDAY (HOUR:MIN:SEC)....-0:02:59

$$
*** JUL 14
