000
CDAK48 PAFC 301244
CLIADQ

CLIMATE REPORT
NATIONAL WEATHER SERVICE ANCHORAGE, AK
443 AM AKDT FRI SEP 30 2016


...................................

...THE KODIAK CLIMATE SUMMARY FOR SEPTEMBER 29 2016...

CLIMATE NORMAL PERIOD 1981 TO 2010
CLIMATE RECORD PERIOD 1913 TO 2016


WEATHER ITEM   OBSERVED TIME   RECORD YEAR NORMAL DEPARTURE LAST
                VALUE   (LST)  VALUE       VALUE  FROM      YEAR
                                                  NORMAL
..................................................................
TEMPERATURE (F)
 YESTERDAY
  MAXIMUM         62    201 PM  63    1983  52     10       47
                                      1978
  MINIMUM         39    543 AM  27    2012  39      0       34
  AVERAGE         51                        45      6       41

PRECIPITATION (IN)
  YESTERDAY        0.00          3.30 1998   0.29  -0.29     0.12
  MONTH TO DATE    4.99                      7.07  -2.08     2.01
  SINCE SEP 1      4.99                      7.07  -2.08     2.01
  SINCE JAN 1     56.29                     53.86   2.43    49.49

SNOWFALL (IN)
  YESTERDAY        0.0          MM      MM   0.0    0.0     MM
  MONTH TO DATE    0.0                       0.0    0.0      0.0
  SINCE SEP 1      0.0                       0.0    0.0      0.0
  SINCE JUL 1      0.0                       0.0    0.0      0.0
  SNOW DEPTH       0

DEGREE DAYS
 HEATING
  YESTERDAY       14                        20     -6       24
  MONTH TO DATE  373                       448    -75      407
  SINCE SEP 1    373                       448    -75      407
  SINCE JUL 1    714                      1081   -367      813

 COOLING
  YESTERDAY        0                         0      0        0
  MONTH TO DATE    0                         0      0        0
  SINCE SEP 1      0                         0      0        0
  SINCE JAN 1     29                         1     28        1
..................................................................


WIND (MPH)
  RESULTANT WIND SPEED   5   RESULTANT WIND DIRECTION   W (290)
  HIGHEST WIND SPEED    14   HIGHEST WIND DIRECTION     W (290)
  HIGHEST GUST SPEED    18   HIGHEST GUST DIRECTION    NW (300)
  AVERAGE WIND SPEED     7.3



WEATHER CONDITIONS
 THE FOLLOWING WEATHER WAS RECORDED YESTERDAY.
  NO SIGNIFICANT WEATHER WAS OBSERVED.


RELATIVE HUMIDITY (PERCENT)
 HIGHEST   100
 LOWEST     46
 AVERAGE    73

..........................................................


THE KODIAK CLIMATE NORMALS FOR TODAY
                         NORMAL    RECORD    YEAR
 MAXIMUM TEMPERATURE (F)   51        64      1970
 MINIMUM TEMPERATURE (F)   39        26      1968


SUNRISE AND SUNSET
SEPTEMBER 30 2016.....SUNRISE   814 AM AKDT  SUNSET   745 PM AKDT
OCTOBER  1 2016.......SUNRISE   816 AM AKDT  SUNSET   742 PM AKDT

CIVIL TWILIGHT
SEPTEMBER 30 2016       START   723 AM AKDT     END   816 PM AKDT
OCTOBER 1 2016          START   726 AM AKDT     END   812 PM AKDT



-  INDICATES NEGATIVE NUMBERS.
R  INDICATES RECORD WAS SET OR TIED.
MM INDICATES DATA IS MISSING.
T  INDICATES TRACE AMOUNT.




$$
&&
------------------------------------------------------
AMOUNT OF DAYLIGHT TODAY  (HOUR:MIN)........11:27
GAIN/LOSS SINCE YESTERDAY (HOUR:MIN:SEC)....-0:05:39
