000
CDAK48 PADQ 021233
CLIADQ

CLIMATE REPORT
NATIONAL WEATHER SERVICE KODIAK, AK
433 AM AKDT MON MAY 2 2016

...................................
...THE KODIAK AP CLIMATE SUMMARY FOR MAY 1 2016...

CLIMATE NORMAL PERIOD  1981 TO  2010
CLIMATE RECORD PERIOD  1913 TO  2016

WEATHER ITEM   OBSERVED TIME    RECORD YEAR NORMAL DEPARTURE LAST
               VALUE    (LST)   VALUE       VALUE  FROM      YEAR
                                                   NORMAL
...................................................................
TEMPERATURE
YESTERDAY
 MAXIMUM            47  1249 PM    59  2003     47       0     47
 MINIMUM            41  0722 AM    28  1945     36       5     34
 AVERAGE            44                          41       3     41

PRECIPITATION
(INCHES)
 YESTERDAY        0.58           1.64  1916   0.18    0.40   0.23
 MONTH TO DATE    0.58                        0.18    0.40   0.23
 SINCE MAR 1     16.82                       11.52    5.30  14.40
 SINCE JAN 1     40.11                       25.95   14.16  33.32

SNOWFALL
(INCHES)
 YESTERDAY         0.0            4.0  1968    0.0     0.0    0.0
 MONTH TO DATE     0.0                         0.0     0.0    0.0
 SINCE MAR 1       3.6                        19.3   -15.7    4.7
 SINCE JUL 1        MM                        68.7      MM   20.1
 SNOW DEPTH (IN)     0                                          0

DEGREE DAYS
 HEATING
  YESTERDAY         21                          24      -3     24
  MONTH TO DATE     21                          24      -3     24
  SINCE MAR 1     1488                        1843    -355   1673
  SINCE JUL 1     6425                        7716   -1291   6591

 COOLING
  YESTERDAY          0                           0       0      0
  MONTH TO DATE      0                           0       0      0
  SINCE MAR 1        0                           0       0      0
  SINCE JAN 1        0                           0       0      0
...................................................................

WIND (MPH)
 HIGHEST WIND SPEED    13     HIGHEST WIND DIRECTION    290
 HIGHEST GUST SPEED    15     HIGHEST GUST DIRECTION    280
 AVERAGE WIND SPEED   6.0

SKY COVER
  POSSIBLE SUNSHINE    MM          AVERAGE SKY COVER     MM

WEATHER CONDITIONS
 THE FOLLOWING WEATHER WAS RECORDED YESTERDAY.
  FOG
RAIN


RELATIVE HUMIDITY
 HIGHEST RH     MM PERCENT       MM
 LOWEST  RH     MM PERCENT       MM
 AVERAGE RH     MM PERCENT       MM
...................................................................

THE KODIAK CLIMATE NORMALS FOR TODAY
                           NORMAL    RECORD   YEAR
 MAXIMUM TEMPERATURE (F)     47        66     2014
 MINIMUM TEMPERATURE (F)     36        24     1945

SUNRISE AND SUNSET
 MAY 2 2016..........SUNRISE  6:15 AM      SUNSET 10:01 PM
 MAY 3 2016..........SUNRISE  6:13 AM      SUNSET 10:04 PM

-  INDICATES NEGATIVE NUMBERS.
R  INDICATES RECORD HAS BEEN SET OR TIED.
MM INDICATES DATA IS MISSING.
T  INDICATES TRACE OF PRECIPITATION.

&&
-------------------------------------------------------------------

AMOUNT OF DAYLIGHT TODAY  (HOUR:MIN)........15 HOURS 46 MINUTES
GAIN/LOSS SINCE YESTERDAY (HOUR:MIN:SEC)....+0:04:36

$$
JTS MAY 16
