000
CDUS44 KLCH 312245
CLIAEX


CLIMATE REPORT
NATIONAL WEATHER SERVICE LAKE CHARLES, LA
545 PM CDT WED AUG 31 2016


...................................

...THE ALEXANDRIA CLIMATE SUMMARY FOR AUGUST 31 2016...
VALID TODAY AS OF 0500 PM LOCAL TIME.

CLIMATE NORMAL PERIOD 1981 TO 2010
CLIMATE RECORD PERIOD 1892 TO 2016


WEATHER ITEM   OBSERVED TIME   RECORD YEAR NORMAL DEPARTURE LAST
                VALUE   (LST)  VALUE       VALUE  FROM      YEAR
                                                  NORMAL
..................................................................
TEMPERATURE (F)
 TODAY
  MAXIMUM         96    157 PM 108    2000  93      3       94
  MINIMUM         73    616 AM  59    1893  70      3       65
  AVERAGE         85                        81      4       80

PRECIPITATION (IN)
  TODAY            0.00          2.47 1991   0.11  -0.11     0.00
  MONTH TO DATE   10.35                      3.50   6.85     0.97
  SINCE JUN 1     18.39                     12.23   6.16     9.31
  SINCE JAN 1     40.74                     36.23   4.51    34.56

DEGREE DAYS
 COOLING
  TODAY           20                        16      4       15
  MONTH TO DATE  566                       541     25      560
  SINCE JUN 1   1636                      1533    103     1653
  SINCE JAN 1   2103                      1987    116     2175
..................................................................


WIND (MPH)
  HIGHEST WIND SPEED    10   HIGHEST WIND DIRECTION     N (20)
  HIGHEST GUST SPEED    14   HIGHEST GUST DIRECTION    NE (40)
  AVERAGE WIND SPEED     3.6


SKY COVER
  POSSIBLE SUNSHINE  MM
  AVERAGE SKY COVER 0.0


WEATHER CONDITIONS
 THE FOLLOWING WEATHER WAS RECORDED TODAY.
  FOG


RELATIVE HUMIDITY (PERCENT)
 HIGHEST   100           100 AM
 LOWEST     43           200 PM
 AVERAGE    72

..........................................................


THE ALEXANDRIA CLIMATE NORMALS FOR TOMORROW
                         NORMAL    RECORD    YEAR
 MAXIMUM TEMPERATURE (F)   92       109      2000
 MINIMUM TEMPERATURE (F)   70        57      1915


SUNRISE AND SUNSET
AUGUST 31 2016........SUNRISE   646 AM CDT   SUNSET   734 PM CDT
SEPTEMBER  1 2016.....SUNRISE   646 AM CDT   SUNSET   733 PM CDT


-  INDICATES NEGATIVE NUMBERS.
R  INDICATES RECORD WAS SET OR TIED.
MM INDICATES DATA IS MISSING.
T  INDICATES TRACE AMOUNT.




$$
