000
CDUS44 KLCH 292204
CLIAEX


CLIMATE REPORT
NATIONAL WEATHER SERVICE LAKE CHARLES, LA
504 PM CDT MON MAY 29 2017


...................................

...THE ALEXANDRIA CLIMATE SUMMARY FOR MAY 29 2017...
VALID TODAY AS OF 0500 PM LOCAL TIME.

CLIMATE NORMAL PERIOD 1981 TO 2010
CLIMATE RECORD PERIOD 1892 TO 2017


WEATHER ITEM   OBSERVED TIME   RECORD YEAR NORMAL DEPARTURE LAST
                VALUE   (LST)  VALUE       VALUE  FROM      YEAR
                                                  NORMAL
..................................................................
TEMPERATURE (F)
 TODAY
  MAXIMUM         81    359 PM  96    1989  88     -7       92
                                      1906
  MINIMUM         67    622 AM  51    1901  67      0       67
  AVERAGE         74                        77     -3       80

PRECIPITATION (IN)
  TODAY            0.00          1.43 1990   0.15  -0.15     0.00
  MONTH TO DATE    3.83                      4.38  -0.55     3.67
  SINCE MAR 1     16.88                     13.98   2.90    15.87
  SINCE JAN 1     24.59                     23.66   0.93    22.35

DEGREE DAYS
 COOLING
  TODAY            9                        12     -3       15
  MONTH TO DATE  206                       269    -63      242
  SINCE MAR 1    468                       411     57      430
  SINCE JAN 1    550                       428    122      438
..................................................................


WIND (MPH)
  HIGHEST WIND SPEED    18   HIGHEST WIND DIRECTION    SE (120)
  HIGHEST GUST SPEED    24   HIGHEST GUST DIRECTION    SE (120)
  AVERAGE WIND SPEED     7.7


SKY COVER
  POSSIBLE SUNSHINE  MM
  AVERAGE SKY COVER 0.5


WEATHER CONDITIONS
 THE FOLLOWING WEATHER WAS RECORDED TODAY.
  RAIN
  LIGHT RAIN
  FOG


RELATIVE HUMIDITY (PERCENT)
 HIGHEST   100          1200 AM
 LOWEST     69           200 PM
 AVERAGE    85

..........................................................


THE ALEXANDRIA CLIMATE NORMALS FOR TOMORROW
                         NORMAL    RECORD    YEAR
 MAXIMUM TEMPERATURE (F)   88        98      1921
                                             1896
 MINIMUM TEMPERATURE (F)   67        50      1984


SUNRISE AND SUNSET
MAY 29 2017...........SUNRISE   607 AM CDT   SUNSET   808 PM CDT
MAY 30 2017...........SUNRISE   607 AM CDT   SUNSET   809 PM CDT


-  INDICATES NEGATIVE NUMBERS.
R  INDICATES RECORD WAS SET OR TIED.
MM INDICATES DATA IS MISSING.
T  INDICATES TRACE AMOUNT.




$$
