000
CDUS44 KLCH 290920
CLIAEX


CLIMATE REPORT
NATIONAL WEATHER SERVICE LAKE CHARLES, LA
320 AM CST THU JAN 29 2015


...................................

...THE ALEXANDRIA CLIMATE SUMMARY FOR JANUARY 28 2015...

CLIMATE NORMAL PERIOD 1981 TO 2010
CLIMATE RECORD PERIOD 1892 TO 2015


WEATHER ITEM   OBSERVED TIME   RECORD YEAR NORMAL DEPARTURE LAST
                VALUE   (LST)  VALUE       VALUE  FROM      YEAR
                                                  NORMAL
..................................................................
TEMPERATURE (F)
 YESTERDAY
  MAXIMUM         73    333 PM  82    1957  60     13       32
  MINIMUM         39    743 AM  17    1897  38      1       22
  AVERAGE         56                        49      7       27

PRECIPITATION (IN)
  YESTERDAY        0.00          3.47 1994   0.20  -0.20     0.20
  MONTH TO DATE    3.71                      4.59  -0.88     1.72
  SINCE DEC 1      6.10                     10.71  -4.61     4.32
  SINCE JAN 1      3.71                      4.59  -0.88     1.72

SNOWFALL (IN)
  YESTERDAY        0.0           1.5  2014  MM     MM        1.5
  MONTH TO DATE    0.0                      MM     MM        4.5
  SINCE DEC 1      0.0                      MM     MM        4.5
  SINCE JUL 1      0.0                      MM     MM        4.5
  SNOW DEPTH       0

DEGREE DAYS
 HEATING
  YESTERDAY        9                        16     -7       38
  MONTH TO DATE  540                       448     92      603
  SINCE DEC 1    930                       912     18     1112
  SINCE JUL 1   1323                      1237     86     1488
..................................................................


WIND (MPH)
  HIGHEST WIND SPEED    14   HIGHEST WIND DIRECTION    SE (150)
  HIGHEST GUST SPEED    18   HIGHEST GUST DIRECTION    SE (150)
  AVERAGE WIND SPEED     6.4


SKY COVER
  POSSIBLE SUNSHINE  MM
  AVERAGE SKY COVER 0.0


WEATHER CONDITIONS
 THE FOLLOWING WEATHER WAS RECORDED YESTERDAY.
  NO SIGNIFICANT WEATHER WAS OBSERVED.


RELATIVE HUMIDITY (PERCENT)
 HIGHEST    93           800 AM
 LOWEST     43           700 PM
 AVERAGE    68

..........................................................


THE ALEXANDRIA CLIMATE NORMALS FOR TODAY
                         NORMAL    RECORD    YEAR
 MAXIMUM TEMPERATURE (F)   60        84      1957
 MINIMUM TEMPERATURE (F)   38        12      1905


SUNRISE AND SUNSET
JANUARY 29 2015.......SUNRISE   704 AM CST   SUNSET   542 PM CST
JANUARY 30 2015.......SUNRISE   704 AM CST   SUNSET   543 PM CST


-  INDICATES NEGATIVE NUMBERS.
R  INDICATES RECORD WAS SET OR TIED.
MM INDICATES DATA IS MISSING.
T  INDICATES TRACE AMOUNT.




$$
