000
CDUS44 KLCH 050852
CLIAEX


CLIMATE REPORT
NATIONAL WEATHER SERVICE LAKE CHARLES, LA
352 AM CDT WED AUG 5 2015


...................................

...THE ALEXANDRIA CLIMATE SUMMARY FOR AUGUST 4 2015...

CLIMATE NORMAL PERIOD 1981 TO 2010
CLIMATE RECORD PERIOD 1892 TO 2015


WEATHER ITEM   OBSERVED TIME   RECORD YEAR NORMAL DEPARTURE LAST
                VALUE   (LST)  VALUE       VALUE  FROM      YEAR
                                                  NORMAL
..................................................................
TEMPERATURE (F)
 YESTERDAY
  MAXIMUM         99    148 PM 103    1899  93      6       91
  MINIMUM         73    428 AM  64    1920  73      0       72
  AVERAGE         86                        83      3       82

PRECIPITATION (IN)
  YESTERDAY        0.00          2.74 1940   0.11  -0.11      T
  MONTH TO DATE    0.00                      0.45  -0.45     1.44
  SINCE JUN 1      8.34                      9.18  -0.84     9.47
  SINCE JAN 1     33.59                     33.18   0.41    27.69

DEGREE DAYS
 COOLING
  YESTERDAY       21                        18      3       17
  MONTH TO DATE   75                        72      3       59
  SINCE JUN 1   1168                      1064    104     1027
  SINCE JAN 1   1690                      1518    172     1438
..................................................................


WIND (MPH)
  HIGHEST WIND SPEED    10   HIGHEST WIND DIRECTION    SE (130)
  HIGHEST GUST SPEED    15   HIGHEST GUST DIRECTION    SE (140)
  AVERAGE WIND SPEED     3.2


SKY COVER
  POSSIBLE SUNSHINE  MM
  AVERAGE SKY COVER 0.0


WEATHER CONDITIONS
 THE FOLLOWING WEATHER WAS RECORDED YESTERDAY.
  FOG
  HAZE


RELATIVE HUMIDITY (PERCENT)
 HIGHEST    94           200 AM
 LOWEST     38           100 PM
 AVERAGE    66

..........................................................


THE ALEXANDRIA CLIMATE NORMALS FOR TODAY
                         NORMAL    RECORD    YEAR
 MAXIMUM TEMPERATURE (F)   93       104      1897
 MINIMUM TEMPERATURE (F)   73        60      1912


SUNRISE AND SUNSET
AUGUST  5 2015........SUNRISE   629 AM CDT   SUNSET   803 PM CDT
AUGUST  6 2015........SUNRISE   630 AM CDT   SUNSET   802 PM CDT


-  INDICATES NEGATIVE NUMBERS.
R  INDICATES RECORD WAS SET OR TIED.
MM INDICATES DATA IS MISSING.
T  INDICATES TRACE AMOUNT.




$$
