000
CDUS44 KLCH 200929
CLIAEX


CLIMATE REPORT
NATIONAL WEATHER SERVICE LAKE CHARLES, LA
428 AM CDT SUN APR 20 2014


...................................

...THE ALEXANDRIA CLIMATE SUMMARY FOR APRIL 19 2014...

CLIMATE NORMAL PERIOD 1981 TO 2010
CLIMATE RECORD PERIOD 1892 TO 2014


WEATHER ITEM   OBSERVED TIME   RECORD YEAR NORMAL DEPARTURE LAST
                VALUE   (LST)  VALUE       VALUE  FROM      YEAR
                                                  NORMAL
..................................................................
TEMPERATURE (F)
 YESTERDAY
  MAXIMUM         80    342 PM  94    1987  79      1       61
  MINIMUM         53    600 AM  38    1901  55     -2       43
  AVERAGE         67                        67      0       52

PRECIPITATION (IN)
  YESTERDAY        0.00          4.20 1914   0.14  -0.14     0.00
  MONTH TO DATE    2.92                      3.19  -0.27     2.74
  SINCE MAR 1      6.83                      8.24  -1.41     4.13
  SINCE JAN 1     13.21                     17.92  -4.71    20.58

SNOWFALL (IN)
  YESTERDAY        0.0           0.0    MM  MM     MM        0.0
  MONTH TO DATE    0.0                      MM     MM        0.0
  SINCE MAR 1      0.2                      MM     MM        0.0
  SINCE JUL 1      5.0                      MM     MM        0.0
  SNOW DEPTH       0

DEGREE DAYS
 HEATING
  YESTERDAY        0                         1     -1       13
  MONTH TO DATE   81                        57     24       74
  SINCE MAR 1    398                       272    126      380
  SINCE JUL 1   2414                      1937    477     1813

 COOLING
  YESTERDAY        2                         4     -2        0
  MONTH TO DATE   39                        54    -15       60
  SINCE MAR 1     52                        90    -38       76
  SINCE JAN 1     63                       107    -44       94
..................................................................


WIND (MPH)
  HIGHEST WIND SPEED     8   HIGHEST WIND DIRECTION    SW (210)
  HIGHEST GUST SPEED    13   HIGHEST GUST DIRECTION     S (170)
  AVERAGE WIND SPEED     1.9


SKY COVER
  POSSIBLE SUNSHINE  MM
  AVERAGE SKY COVER 0.1


WEATHER CONDITIONS
 THE FOLLOWING WEATHER WAS RECORDED YESTERDAY.
  FOG
  HAZE


RELATIVE HUMIDITY (PERCENT)
 HIGHEST   100           300 AM
 LOWEST     39           400 PM
 AVERAGE    70

..........................................................


THE ALEXANDRIA CLIMATE NORMALS FOR TODAY
                         NORMAL    RECORD    YEAR
 MAXIMUM TEMPERATURE (F)   79        94      1987
 MINIMUM TEMPERATURE (F)   56        36      1893


SUNRISE AND SUNSET
APRIL 20 2014.........SUNRISE   636 AM CDT   SUNSET   742 PM CDT
APRIL 21 2014.........SUNRISE   635 AM CDT   SUNSET   743 PM CDT


-  INDICATES NEGATIVE NUMBERS.
R  INDICATES RECORD WAS SET OR TIED.
MM INDICATES DATA IS MISSING.
T  INDICATES TRACE AMOUNT.




$$
