000
CDUS44 KLCH 230816
CLIAEX


CLIMATE REPORT
NATIONAL WEATHER SERVICE LAKE CHARLES, LA
315 AM CDT THU OCT 23 2014


...................................

...THE ALEXANDRIA CLIMATE SUMMARY FOR OCTOBER 22 2014...

CLIMATE NORMAL PERIOD 1981 TO 2010
CLIMATE RECORD PERIOD 1892 TO 2014


WEATHER ITEM   OBSERVED TIME   RECORD YEAR NORMAL DEPARTURE LAST
                VALUE   (LST)  VALUE       VALUE  FROM      YEAR
                                                  NORMAL
..................................................................
TEMPERATURE (F)
 YESTERDAY
  MAXIMUM         79    322 PM  93    1939  78      1       73
  MINIMUM         55    639 AM  34    1976  53      2       50
                                      1898
  AVERAGE         67                        65      2       62

PRECIPITATION (IN)
  YESTERDAY        0.00          3.98 2009   0.17  -0.17     0.00
  MONTH TO DATE    4.54                      4.33   0.21     2.57
  SINCE SEP 1      5.41                      7.23  -1.82     7.96
  SINCE JAN 1     36.76                     43.46  -6.70    45.55

SNOWFALL (IN)
  YESTERDAY        0.0           0.0    MM  MM     MM        0.0
  MONTH TO DATE    0.0                      MM     MM        0.0
  SINCE SEP 1      0.0                      MM     MM        0.0
  SINCE JUL 1      0.0                      MM     MM        0.0
  SNOW DEPTH       0

DEGREE DAYS
 HEATING
  YESTERDAY        0                         3     -3        3
  MONTH TO DATE    6                        36    -30       28
  SINCE SEP 1      6                        39    -33       28
  SINCE JUL 1      6                        39    -33       28

 COOLING
  YESTERDAY        2                         3     -1        0
  MONTH TO DATE  146                       112     34      141
  SINCE SEP 1    547                       475     72      602
  SINCE JAN 1   2455                      2462     -7     2567
..................................................................


WIND (MPH)
  HIGHEST WIND SPEED    14   HIGHEST WIND DIRECTION    NE (40)
  HIGHEST GUST SPEED    17   HIGHEST GUST DIRECTION     N (20)
  AVERAGE WIND SPEED     5.5


SKY COVER
  POSSIBLE SUNSHINE  MM
  AVERAGE SKY COVER 0.1


WEATHER CONDITIONS
 THE FOLLOWING WEATHER WAS RECORDED YESTERDAY.
  FOG


RELATIVE HUMIDITY (PERCENT)
 HIGHEST   100           400 AM
 LOWEST     37           100 PM
 AVERAGE    69

..........................................................


THE ALEXANDRIA CLIMATE NORMALS FOR TODAY
                         NORMAL    RECORD    YEAR
 MAXIMUM TEMPERATURE (F)   78        93      1939
 MINIMUM TEMPERATURE (F)   52        33      1893


SUNRISE AND SUNSET
OCTOBER 23 2014.......SUNRISE   719 AM CDT   SUNSET   630 PM CDT
OCTOBER 24 2014.......SUNRISE   720 AM CDT   SUNSET   629 PM CDT


-  INDICATES NEGATIVE NUMBERS.
R  INDICATES RECORD WAS SET OR TIED.
MM INDICATES DATA IS MISSING.
T  INDICATES TRACE AMOUNT.




$$
