000
CDUS44 KLCH 180820
CLIAEX


CLIMATE REPORT
NATIONAL WEATHER SERVICE LAKE CHARLES, LA
219 AM CST THU DEC 18 2014


...................................

...THE ALEXANDRIA CLIMATE SUMMARY FOR DECEMBER 17 2014...

CLIMATE NORMAL PERIOD 1981 TO 2010
CLIMATE RECORD PERIOD 1892 TO 2014


WEATHER ITEM   OBSERVED TIME   RECORD YEAR NORMAL DEPARTURE LAST
                VALUE   (LST)  VALUE       VALUE  FROM      YEAR
                                                  NORMAL
..................................................................
TEMPERATURE (F)
 YESTERDAY
  MAXIMUM         57    338 PM  79    1924  60     -3       68
  MINIMUM         33    503 AM  18    1989  40     -7       30
  AVERAGE         45                        50     -5       49

PRECIPITATION (IN)
  YESTERDAY        0.00          3.13 1959   0.21  -0.21     0.00
  MONTH TO DATE    0.61                      3.89  -3.28     1.02
  SINCE DEC 1      0.61                      3.89  -3.28     1.02
  SINCE JAN 1     41.08                     53.69 -12.61    53.51

SNOWFALL (IN)
  YESTERDAY        0.0           0.0    MM  MM     MM       MM
  MONTH TO DATE    0.0                      MM     MM        0.0
  SINCE DEC 1      0.0                      MM     MM        0.0
  SINCE JUL 1      0.0                      MM     MM        0.0
  SNOW DEPTH       0

DEGREE DAYS
 HEATING
  YESTERDAY       20                        15      5       16
  MONTH TO DATE  169                       244    -75      281
  SINCE DEC 1    169                       244    -75      281
  SINCE JUL 1    562                       569     -7      657
..................................................................


WIND (MPH)
  HIGHEST WIND SPEED    10   HIGHEST WIND DIRECTION     E (80)
  HIGHEST GUST SPEED    14   HIGHEST GUST DIRECTION    NE (50)
  AVERAGE WIND SPEED     3.7


SKY COVER
  POSSIBLE SUNSHINE  MM
  AVERAGE SKY COVER 0.3


WEATHER CONDITIONS
 THE FOLLOWING WEATHER WAS RECORDED YESTERDAY.
  NO SIGNIFICANT WEATHER WAS OBSERVED.


RELATIVE HUMIDITY (PERCENT)
 HIGHEST   100           400 AM
 LOWEST     55           300 PM
 AVERAGE    78

..........................................................


THE ALEXANDRIA CLIMATE NORMALS FOR TODAY
                         NORMAL    RECORD    YEAR
 MAXIMUM TEMPERATURE (F)   60        81      1908
 MINIMUM TEMPERATURE (F)   40        15      1901


SUNRISE AND SUNSET
DECEMBER 18 2014......SUNRISE   703 AM CST   SUNSET   510 PM CST
DECEMBER 19 2014......SUNRISE   704 AM CST   SUNSET   511 PM CST


-  INDICATES NEGATIVE NUMBERS.
R  INDICATES RECORD WAS SET OR TIED.
MM INDICATES DATA IS MISSING.
T  INDICATES TRACE AMOUNT.




$$
