000
CDUS44 KLCH 190811
CLIAEX


CLIMATE REPORT
NATIONAL WEATHER SERVICE LAKE CHARLES, LA
311 AM CDT FRI SEP 19 2014


...................................

...THE ALEXANDRIA CLIMATE SUMMARY FOR SEPTEMBER 18 2014...

CLIMATE NORMAL PERIOD 1981 TO 2010
CLIMATE RECORD PERIOD 1892 TO 2014


WEATHER ITEM   OBSERVED TIME   RECORD YEAR NORMAL DEPARTURE LAST
                VALUE   (LST)  VALUE       VALUE  FROM      YEAR
                                                  NORMAL
..................................................................
TEMPERATURE (F)
 YESTERDAY
  MAXIMUM         87    123 PM 101    1906  88     -1       94
                                      1900
  MINIMUM         72    415 AM  46    1903  65      7       72
  AVERAGE         80                        76      4       83

PRECIPITATION (IN)
  YESTERDAY        0.00          1.77 1979   0.07  -0.07     0.00
  MONTH TO DATE    0.87                      1.47  -0.60     0.02
  SINCE SEP 1      0.87                      1.47  -0.60     0.02
  SINCE JAN 1     32.22                     37.70  -5.48    37.61

DEGREE DAYS
 HEATING
  YESTERDAY        0                         0      0        0
  MONTH TO DATE    0                         0      0        0
  SINCE SEP 1      0                         0      0        0
  SINCE JUL 1      0                         0      0        0

 COOLING
  YESTERDAY       15                        11      4       18
  MONTH TO DATE  254                       250      4      327
  SINCE SEP 1    254                       250      4      327
  SINCE JAN 1   2162                      2237    -75     2292
..................................................................


WIND (MPH)
  HIGHEST WIND SPEED     8   HIGHEST WIND DIRECTION    SW (210)
  HIGHEST GUST SPEED    11   HIGHEST GUST DIRECTION    SW (210)
  AVERAGE WIND SPEED     1.9


SKY COVER
  POSSIBLE SUNSHINE  MM
  AVERAGE SKY COVER 0.1


WEATHER CONDITIONS
 THE FOLLOWING WEATHER WAS RECORDED YESTERDAY.
  FOG


RELATIVE HUMIDITY (PERCENT)
 HIGHEST   100          1200 AM
 LOWEST     69          1200 PM
 AVERAGE    85

..........................................................


THE ALEXANDRIA CLIMATE NORMALS FOR TODAY
                         NORMAL    RECORD    YEAR
 MAXIMUM TEMPERATURE (F)   87        99      2005
 MINIMUM TEMPERATURE (F)   65        45      1981


SUNRISE AND SUNSET
SEPTEMBER 19 2014.....SUNRISE   657 AM CDT   SUNSET   711 PM CDT
SEPTEMBER 20 2014.....SUNRISE   657 AM CDT   SUNSET   709 PM CDT


-  INDICATES NEGATIVE NUMBERS.
R  INDICATES RECORD WAS SET OR TIED.
MM INDICATES DATA IS MISSING.
T  INDICATES TRACE AMOUNT.




$$
