000
CDUS44 KLCH 230843
CLIAEX


CLIMATE REPORT
NATIONAL WEATHER SERVICE LAKE CHARLES, LA
343 AM CDT SUN APR 23 2017


...................................

...THE ALEXANDRIA CLIMATE SUMMARY FOR APRIL 22 2017...

CLIMATE NORMAL PERIOD 1981 TO 2010
CLIMATE RECORD PERIOD 1892 TO 2017


WEATHER ITEM   OBSERVED TIME   RECORD YEAR NORMAL DEPARTURE LAST
                VALUE   (LST)  VALUE       VALUE  FROM      YEAR
                                                  NORMAL
..................................................................
TEMPERATURE (F)
 YESTERDAY
  MAXIMUM         81    221 PM  94    1987  80      1       80
  MINIMUM         57   1159 PM  36    1931  56      1       59
  AVERAGE         69                        68      1       70

PRECIPITATION (IN)
  YESTERDAY        T             3.05 1921   0.14  -0.14     0.00
  MONTH TO DATE    9.83                      3.62   6.21     2.71
  SINCE MAR 1     11.98                      8.67   3.31    11.46
  SINCE JAN 1     19.69                     18.35   1.34    17.94

SNOWFALL (IN)
  YESTERDAY        0.0           0.0    MM  MM     MM        0.0
  MONTH TO DATE    0.0                      MM     MM        0.0
  SINCE MAR 1      0.0                      MM     MM        0.0
  SINCE JUL 1      0.5                      MM     MM        0.0
  SNOW DEPTH       0

DEGREE DAYS
 HEATING
  YESTERDAY        0                         1     -1        0
  MONTH TO DATE   14                        60    -46       26
  SINCE MAR 1    143                       275   -132      125
  SINCE JUL 1   1119                      1940   -821     1325

 COOLING
  YESTERDAY        4                         4      0        5
  MONTH TO DATE  116                        66     50       55
  SINCE MAR 1    221                       102    119      109
  SINCE JAN 1    303                       119    184      117
..................................................................


WIND (MPH)
  HIGHEST WIND SPEED    23   HIGHEST WIND DIRECTION    NW (310)
  HIGHEST GUST SPEED    29   HIGHEST GUST DIRECTION    NW (310)
  AVERAGE WIND SPEED    11.5


SKY COVER
  POSSIBLE SUNSHINE  MM
  AVERAGE SKY COVER 0.9


WEATHER CONDITIONS
 THE FOLLOWING WEATHER WAS RECORDED YESTERDAY.
  THUNDERSTORM
  HAZE


RELATIVE HUMIDITY (PERCENT)
 HIGHEST    97          1200 AM
 LOWEST     67           200 PM
 AVERAGE    82

..........................................................


THE ALEXANDRIA CLIMATE NORMALS FOR TODAY
                         NORMAL    RECORD    YEAR
 MAXIMUM TEMPERATURE (F)   80        92      1925
 MINIMUM TEMPERATURE (F)   57        42      1907
                                             1903


SUNRISE AND SUNSET
APRIL 23 2017.........SUNRISE   633 AM CDT   SUNSET   744 PM CDT
APRIL 24 2017.........SUNRISE   632 AM CDT   SUNSET   745 PM CDT


-  INDICATES NEGATIVE NUMBERS.
R  INDICATES RECORD WAS SET OR TIED.
MM INDICATES DATA IS MISSING.
T  INDICATES TRACE AMOUNT.




$$
