000
CDUS44 KLCH 232228
CLIAEX


CLIMATE REPORT
NATIONAL WEATHER SERVICE LAKE CHARLES, LA
527 PM CDT THU MAR 23 2017


...................................

...THE ALEXANDRIA CLIMATE SUMMARY FOR MARCH 23 2017...
VALID TODAY AS OF 0500 PM LOCAL TIME.

CLIMATE NORMAL PERIOD 1981 TO 2010
CLIMATE RECORD PERIOD 1892 TO 2017


WEATHER ITEM   OBSERVED TIME   RECORD YEAR NORMAL DEPARTURE LAST
                VALUE   (LST)  VALUE       VALUE  FROM      YEAR
                                                  NORMAL
..................................................................
TEMPERATURE (F)
 TODAY
  MAXIMUM         84    336 PM  91    1907  73     11       74
  MINIMUM         61    339 AM  27    1915  49     12       52
  AVERAGE         73                        61     12       63

PRECIPITATION (IN)
  TODAY            0.00          2.00 1908   0.14  -0.14      T
                                      1904
  MONTH TO DATE    1.01                      3.82  -2.81     7.01
  SINCE MAR 1      1.01                      3.82  -2.81     7.01
  SINCE JAN 1      8.72                     13.50  -4.78    13.49

SNOWFALL (IN)
  TODAY            0.0           0.0    MM  MM     MM        0.0
  MONTH TO DATE    0.0                      MM     MM        0.0
  SINCE MAR 1      0.0                      MM     MM        0.0
  SINCE JUL 1      0.5                      MM     MM        0.0
  SNOW DEPTH       0

DEGREE DAYS
 HEATING
  TODAY            0                         6     -6        2
  MONTH TO DATE  129                       175    -46       84
  SINCE MAR 1    129                       175    -46       84
  SINCE JUL 1   1105                      1840   -735     1284

 COOLING
  TODAY            8                         1      7        0
  MONTH TO DATE   56                        23     33       38
  SINCE MAR 1     56                        23     33       38
  SINCE JAN 1    138                        40     98       46
..................................................................


WIND (MPH)
  HIGHEST WIND SPEED    15   HIGHEST WIND DIRECTION    SE (150)
  HIGHEST GUST SPEED    22   HIGHEST GUST DIRECTION     S (160)
  AVERAGE WIND SPEED     4.9


SKY COVER
  POSSIBLE SUNSHINE  MM
  AVERAGE SKY COVER 0.4


WEATHER CONDITIONS
 THE FOLLOWING WEATHER WAS RECORDED TODAY.
  FOG


RELATIVE HUMIDITY (PERCENT)
 HIGHEST    93           500 AM
 LOWEST     31           200 PM
 AVERAGE    62

..........................................................


THE ALEXANDRIA CLIMATE NORMALS FOR TOMORROW
                         NORMAL    RECORD    YEAR
 MAXIMUM TEMPERATURE (F)   73        91      1907
 MINIMUM TEMPERATURE (F)   49        30      1914


SUNRISE AND SUNSET
MARCH 23 2017.........SUNRISE   710 AM CDT   SUNSET   724 PM CDT
MARCH 24 2017.........SUNRISE   709 AM CDT   SUNSET   725 PM CDT


-  INDICATES NEGATIVE NUMBERS.
R  INDICATES RECORD WAS SET OR TIED.
MM INDICATES DATA IS MISSING.
T  INDICATES TRACE AMOUNT.




$$
