000
CDUS44 KLCH 300815
CLIAEX


CLIMATE REPORT
NATIONAL WEATHER SERVICE LAKE CHARLES, LA
314 AM CDT WED JUL 30 2014


...................................

...THE ALEXANDRIA CLIMATE SUMMARY FOR JULY 29 2014...

CLIMATE NORMAL PERIOD 1981 TO 2010
CLIMATE RECORD PERIOD 1892 TO 2014


WEATHER ITEM   OBSERVED TIME   RECORD YEAR NORMAL DEPARTURE LAST
                VALUE   (LST)  VALUE       VALUE  FROM      YEAR
                                                  NORMAL
..................................................................
TEMPERATURE (F)
 YESTERDAY
  MAXIMUM         91    430 PM 103    1907  93     -2       95
  MINIMUM         71    540 AM  64    1911  73     -2       74
  AVERAGE         81                        83     -2       85

PRECIPITATION (IN)
  YESTERDAY        0.00          2.05 1933   0.08  -0.08     0.00
  MONTH TO DATE    5.15                      3.47   1.68     3.46
  SINCE JUN 1      8.03                      8.57  -0.54     7.65
  SINCE JAN 1     26.25                     32.57  -6.32    32.91

DEGREE DAYS
 COOLING
  YESTERDAY       16                        18     -2       20
  MONTH TO DATE  469                       504    -35      488
  SINCE JUN 1    942                       957    -15      969
  SINCE JAN 1   1353                      1411    -58     1362
..................................................................


WIND (MPH)
  HIGHEST WIND SPEED    12   HIGHEST WIND DIRECTION     N (340)
  HIGHEST GUST SPEED    14   HIGHEST GUST DIRECTION    NW (320)
  AVERAGE WIND SPEED     3.9


SKY COVER
  POSSIBLE SUNSHINE  MM
  AVERAGE SKY COVER 0.1


WEATHER CONDITIONS
 THE FOLLOWING WEATHER WAS RECORDED YESTERDAY.
  FOG


RELATIVE HUMIDITY (PERCENT)
 HIGHEST    94          1200 AM
 LOWEST     41           100 PM
 AVERAGE    68

..........................................................


THE ALEXANDRIA CLIMATE NORMALS FOR TODAY
                         NORMAL    RECORD    YEAR
 MAXIMUM TEMPERATURE (F)   93       104      1930
 MINIMUM TEMPERATURE (F)   73        63      1897


SUNRISE AND SUNSET
JULY 30 2014..........SUNRISE   626 AM CDT   SUNSET   807 PM CDT
JULY 31 2014..........SUNRISE   626 AM CDT   SUNSET   807 PM CDT


-  INDICATES NEGATIVE NUMBERS.
R  INDICATES RECORD WAS SET OR TIED.
MM INDICATES DATA IS MISSING.
T  INDICATES TRACE AMOUNT.




$$
