000
CDUS42 KCAE 250529
CLIAGS


CLIMATE REPORT
NATIONAL WEATHER SERVICE COLUMBIA SC
128 AM EDT SAT OCT 25 2014


...................................

...THE AUGUSTA REGIONAL BUSH FIELD GA CLIMATE SUMMARY FOR OCTOBER 24 2014...

CLIMATE NORMAL PERIOD 1981 TO 2010
CLIMATE RECORD PERIOD 1873 TO 2014


WEATHER ITEM   OBSERVED TIME   RECORD YEAR NORMAL DEPARTURE LAST
                VALUE   (LST)  VALUE       VALUE  FROM      YEAR
                                                  NORMAL
..................................................................
TEMPERATURE (F)
 YESTERDAY
  MAXIMUM         76    411 PM  90    1927  75      1       69
  MINIMUM         42    513 AM  30    1974  48     -6       35
  AVERAGE         59                        62     -3       52

PRECIPITATION (IN)
  YESTERDAY        0.00          1.99 1947   0.09  -0.09     0.00
  MONTH TO DATE    0.51                      2.69  -2.18     0.36
  SINCE SEP 1      2.77                      5.91  -3.14     1.48
  SINCE JAN 1     31.19                     36.78  -5.59    46.80

SNOWFALL (IN)
  YESTERDAY        0.0          MM      MM   0.0             0.0
  MONTH TO DATE    0.0                       0.0             0.0
  SINCE SEP 1      0.0                       0.0             0.0
  SINCE JUL 1      0.0                       0.0             0.0

DEGREE DAYS
 HEATING
  YESTERDAY        6                         5      1       13
  MONTH TO DATE   66                        66      0       27
  SINCE SEP 1     68                        73     -5       27
  SINCE JUL 1     68                        73     -5       27

 COOLING
  YESTERDAY        0                         2     -2        0
  MONTH TO DATE   98                        79     19       87
  SINCE SEP 1    431                       375     56      380
  SINCE JAN 1   2082                      2063     19     1855
..................................................................


WIND (MPH)
  HIGHEST WIND SPEED    10   HIGHEST WIND DIRECTION    NE (30)
  HIGHEST GUST SPEED    13   HIGHEST GUST DIRECTION    NE (50)
  AVERAGE WIND SPEED     1.6


SKY COVER
  AVERAGE SKY COVER 0.0


WEATHER CONDITIONS
 THE FOLLOWING WEATHER WAS RECORDED YESTERDAY.
  FOG


RELATIVE HUMIDITY (PERCENT)
 HIGHEST    96           400 AM
 LOWEST     29           300 PM
 AVERAGE    63

..........................................................


THE AUGUSTA REGIONAL BUSH FIELD GA CLIMATE NORMALS FOR TODAY
                         NORMAL    RECORD    YEAR
 MAXIMUM TEMPERATURE (F)   75        90      1931
 MINIMUM TEMPERATURE (F)   48        30      2006
                                             1965


SUNRISE AND SUNSET
OCTOBER 25 2014.......SUNRISE   740 AM EDT   SUNSET   643 PM EDT
OCTOBER 26 2014.......SUNRISE   741 AM EDT   SUNSET   642 PM EDT


-  INDICATES NEGATIVE NUMBERS.
R  INDICATES RECORD WAS SET OR TIED.
MM INDICATES DATA IS MISSING.
T  INDICATES TRACE AMOUNT.




$$
