000
CDUS42 KCAE 050621
CLIAGS


CLIMATE REPORT
NATIONAL WEATHER SERVICE COLUMBIA SC
120 AM EST MON DEC 5 2016


...................................

...THE AUGUSTA REGIONAL BUSH FIELD GA CLIMATE SUMMARY FOR DECEMBER 4 2016...

CLIMATE NORMAL PERIOD 1981 TO 2010
CLIMATE RECORD PERIOD 1873 TO 2016


WEATHER ITEM   OBSERVED TIME   RECORD YEAR NORMAL DEPARTURE LAST
                VALUE   (LST)  VALUE       VALUE  FROM      YEAR
                                                  NORMAL
..................................................................
TEMPERATURE (F)
 YESTERDAY
  MAXIMUM         53   1255 PM  80    1978  63    -10       59
  MINIMUM         48   1159 PM  16    1979  37     11       36
                                      1960
  AVERAGE         51                        50      1       48

PRECIPITATION (IN)
  YESTERDAY        1.16          2.59 1953   0.11   1.05     0.00
  MONTH TO DATE    1.17                      0.42   0.75     0.50
  SINCE DEC 1      1.17                      0.42   0.75     0.50
  SINCE JAN 1     35.03                     40.60  -5.57    40.97

SNOWFALL (IN)
  YESTERDAY        0.0          MM      MM   0.0             0.0
  MONTH TO DATE    0.0                       0.0             0.0
  SINCE DEC 1      0.0                       0.0             0.0
  SINCE JUL 1      0.0                       0.0             0.0

DEGREE DAYS
 HEATING
  YESTERDAY       14                        15     -1       17
  MONTH TO DATE   59                        60     -1       41
  SINCE DEC 1     59                        60     -1       41
  SINCE JUL 1    330                       482   -152      328

 COOLING
  YESTERDAY        0                         0      0        0
  MONTH TO DATE    0                         0      0        0
  SINCE DEC 1      0                         0      0        0
  SINCE JAN 1   2509                      2086    423     2310
..................................................................


WIND (MPH)
  HIGHEST WIND SPEED    10   HIGHEST WIND DIRECTION     E (80)
  HIGHEST GUST SPEED    13   HIGHEST GUST DIRECTION    NE (60)
  AVERAGE WIND SPEED     5.5


SKY COVER
  AVERAGE SKY COVER 1.0


WEATHER CONDITIONS
 THE FOLLOWING WEATHER WAS RECORDED YESTERDAY.
  HEAVY RAIN
  RAIN
  LIGHT RAIN
  FOG


RELATIVE HUMIDITY (PERCENT)
 HIGHEST    93           900 PM
 LOWEST     59          1000 AM
 AVERAGE    76

..........................................................


THE AUGUSTA REGIONAL BUSH FIELD GA CLIMATE NORMALS FOR TODAY
                         NORMAL    RECORD    YEAR
 MAXIMUM TEMPERATURE (F)   63        80      1998
 MINIMUM TEMPERATURE (F)   36        17      1969


SUNRISE AND SUNSET
DECEMBER  5 2016......SUNRISE   717 AM EST   SUNSET   520 PM EST
DECEMBER  6 2016......SUNRISE   718 AM EST   SUNSET   520 PM EST


-  INDICATES NEGATIVE NUMBERS.
R  INDICATES RECORD WAS SET OR TIED.
MM INDICATES DATA IS MISSING.
T  INDICATES TRACE AMOUNT.




$$
