000
CDUS42 KCAE 230526
CLIAGS


CLIMATE REPORT
NATIONAL WEATHER SERVICE COLUMBIA SC
125 AM EDT THU OCT 23 2014


...................................

...THE AUGUSTA REGIONAL BUSH FIELD GA CLIMATE SUMMARY FOR OCTOBER 22 2014...

CLIMATE NORMAL PERIOD 1981 TO 2010
CLIMATE RECORD PERIOD 1873 TO 2014


WEATHER ITEM   OBSERVED TIME   RECORD YEAR NORMAL DEPARTURE LAST
                VALUE   (LST)  VALUE       VALUE  FROM      YEAR
                                                  NORMAL
..................................................................
TEMPERATURE (F)
 YESTERDAY
  MAXIMUM         71    333 PM  90    1984  76     -5       70
  MINIMUM         40    709 AM  27    1974  49     -9       58
  AVERAGE         56                        62     -6       64

PRECIPITATION (IN)
  YESTERDAY        0.00          1.93 1890   0.10  -0.10     0.03
  MONTH TO DATE    0.51                      2.50  -1.99     0.36
  SINCE SEP 1      2.77                      5.72  -2.95     1.48
  SINCE JAN 1     31.19                     36.59  -5.40    46.80

SNOWFALL (IN)
  YESTERDAY        0.0          MM      MM   0.0             0.0
  MONTH TO DATE    0.0                       0.0             0.0
  SINCE SEP 1      0.0                       0.0             0.0
  SINCE JUL 1      0.0                       0.0             0.0

DEGREE DAYS
 HEATING
  YESTERDAY        9                         4      5        1
  MONTH TO DATE   50                        56     -6        9
  SINCE SEP 1     52                        63    -11        9
  SINCE JUL 1     52                        63    -11        9

 COOLING
  YESTERDAY        0                         2     -2        0
  MONTH TO DATE   98                        75     23       87
  SINCE SEP 1    431                       371     60      380
  SINCE JAN 1   2082                      2059     23     1855
..................................................................


WIND (MPH)
  HIGHEST WIND SPEED    16   HIGHEST WIND DIRECTION     N (360)
  HIGHEST GUST SPEED    20   HIGHEST GUST DIRECTION     N (340)
  AVERAGE WIND SPEED     4.3


SKY COVER
  AVERAGE SKY COVER 0.0


WEATHER CONDITIONS
 THE FOLLOWING WEATHER WAS RECORDED YESTERDAY.
  NO SIGNIFICANT WEATHER WAS OBSERVED.


RELATIVE HUMIDITY (PERCENT)
 HIGHEST   100           600 AM
 LOWEST     29           300 PM
 AVERAGE    65

..........................................................


THE AUGUSTA REGIONAL BUSH FIELD GA CLIMATE NORMALS FOR TODAY
                         NORMAL    RECORD    YEAR
 MAXIMUM TEMPERATURE (F)   76        91      2007
 MINIMUM TEMPERATURE (F)   48        28      1987
                                             1974


SUNRISE AND SUNSET
OCTOBER 23 2014.......SUNRISE   739 AM EDT   SUNSET   645 PM EDT
OCTOBER 24 2014.......SUNRISE   740 AM EDT   SUNSET   644 PM EDT


-  INDICATES NEGATIVE NUMBERS.
R  INDICATES RECORD WAS SET OR TIED.
MM INDICATES DATA IS MISSING.
T  INDICATES TRACE AMOUNT.




$$
