104
CDUS42 KCAE 252230
CLIAGS


CLIMATE REPORT
NATIONAL WEATHER SERVICE COLUMBIA SC
530 PM EST SAT FEB 25 2017


...................................

...THE AUGUSTA BUSH FIELD GA CLIMATE SUMMARY FOR FEBRUARY 25 2017...
VALID TODAY AS OF 0500 PM LOCAL TIME.

CLIMATE NORMAL PERIOD 1981 TO 2010
CLIMATE RECORD PERIOD 1873 TO 2017


WEATHER ITEM   OBSERVED TIME   RECORD YEAR NORMAL DEPARTURE LAST
                VALUE   (LST)  VALUE       VALUE  FROM      YEAR
                                                  NORMAL
..................................................................
TEMPERATURE (F)
 TODAY
  MAXIMUM         80    349 PM  84    1890  65     15       56
  MINIMUM         59    246 AM  14    1967  38     21       42
  AVERAGE         70                        51     19       49

PRECIPITATION (IN)
  TODAY            0.00          2.26 1919   0.15  -0.15     0.00
  MONTH TO DATE    2.05                      3.49  -1.44     3.76
  SINCE DEC 1     16.59                     10.79   5.80    12.34
  SINCE JAN 1     12.18                      7.40   4.78     5.42

SNOWFALL (IN)
  TODAY            0.0          MM      MM   0.0             0.0
  MONTH TO DATE    0.0                       0.4             0.0
  SINCE DEC 1      T                         0.9             0.5
  SINCE JUL 1      T                         0.9             0.5

DEGREE DAYS
 HEATING
  TODAY            0                        14    -14       16
  MONTH TO DATE  174                       406   -232      375
  SINCE DEC 1    840                      1569   -729     1229
  SINCE JUL 1   1111                      1991   -880     1516

 COOLING
  TODAY            5                         0      5        0
  MONTH TO DATE   17                         0     17        3
  SINCE DEC 1     38                         4     34       50
  SINCE JAN 1     31                         1     30        3
..................................................................


WIND (MPH)
  HIGHEST WIND SPEED    25   HIGHEST WIND DIRECTION     W (260)
  HIGHEST GUST SPEED    32   HIGHEST GUST DIRECTION     W (250)
  AVERAGE WIND SPEED    10.2


SKY COVER
  AVERAGE SKY COVER 0.4


WEATHER CONDITIONS
 THE FOLLOWING WEATHER WAS RECORDED TODAY.
  NO SIGNIFICANT WEATHER WAS OBSERVED.


RELATIVE HUMIDITY (PERCENT)
 HIGHEST    93           600 AM
 LOWEST     13           400 PM
 AVERAGE    53

..........................................................


THE AUGUSTA BUSH FIELD GA CLIMATE NORMALS FOR TOMORROW
                         NORMAL    RECORD    YEAR
 MAXIMUM TEMPERATURE (F)   65        85      1996
 MINIMUM TEMPERATURE (F)   38        12      1967


SUNRISE AND SUNSET
FEBRUARY 25 2017......SUNRISE   701 AM EST   SUNSET   622 PM EST
FEBRUARY 26 2017......SUNRISE   659 AM EST   SUNSET   622 PM EST


-  INDICATES NEGATIVE NUMBERS.
R  INDICATES RECORD WAS SET OR TIED.
MM INDICATES DATA IS MISSING.
T  INDICATES TRACE AMOUNT.




$$
