000
CDUS42 KCAE 190604
CLIAGS


CLIMATE REPORT
NATIONAL WEATHER SERVICE COLUMBIA SC
203 AM EDT TUE SEP 19 2017


...................................

...THE AUGUSTA REGIONAL BUSH FIELD GA CLIMATE SUMMARY FOR SEPTEMBER 18 2017...

CLIMATE NORMAL PERIOD 1981 TO 2010
CLIMATE RECORD PERIOD 1873 TO 2017


WEATHER ITEM   OBSERVED TIME   RECORD YEAR NORMAL DEPARTURE LAST
                VALUE   (LST)  VALUE       VALUE  FROM      YEAR
                                                  NORMAL
..................................................................
TEMPERATURE (F)
 YESTERDAY
  MAXIMUM         93    341 PM 104    1931  86      7       89
  MINIMUM         64    630 AM  52    2001  62      2       64
                                      1981
  AVERAGE         79                        74      5       77

PRECIPITATION (IN)
  YESTERDAY        0.00          4.20 1901   0.10  -0.10      T
  MONTH TO DATE    4.28                      1.93   2.35     4.57
  SINCE SEP 1      4.28                      1.93   2.35     4.57
  SINCE JAN 1     38.66                     32.80   5.86    31.14

SNOWFALL (IN)
  YESTERDAY        0.0          MM      MM   0.0             0.0
  MONTH TO DATE    0.0                       0.0             0.0
  SINCE SEP 1      0.0                       0.0             0.0
  SINCE JUL 1      0.0                       0.0             0.0

DEGREE DAYS
 HEATING
  YESTERDAY        0                         0      0        0
  MONTH TO DATE    0                         0      0        0
  SINCE SEP 1      0                         0      0        0
  SINCE JUL 1      0                         0      0        0

 COOLING
  YESTERDAY       14                         9      5       12
  MONTH TO DATE  179                       209    -30      242
  SINCE SEP 1    179                       209    -30      242
  SINCE JAN 1   2307                      1897    410     2213
..................................................................


WIND (MPH)
  HIGHEST WIND SPEED     9   HIGHEST WIND DIRECTION    NE (50)
  HIGHEST GUST SPEED    13   HIGHEST GUST DIRECTION    NE (50)
  AVERAGE WIND SPEED     1.8


SKY COVER
  AVERAGE SKY COVER 0.2


WEATHER CONDITIONS
 THE FOLLOWING WEATHER WAS RECORDED YESTERDAY.
  FOG
  HAZE


RELATIVE HUMIDITY (PERCENT)
 HIGHEST   100           300 AM
 LOWEST     41           400 PM
 AVERAGE    71

..........................................................


THE AUGUSTA REGIONAL BUSH FIELD GA CLIMATE NORMALS FOR TODAY
                         NORMAL    RECORD    YEAR
 MAXIMUM TEMPERATURE (F)   86       100      1925
 MINIMUM TEMPERATURE (F)   62        45      1981


SUNRISE AND SUNSET
SEPTEMBER 19 2017.....SUNRISE   714 AM EDT   SUNSET   728 PM EDT
SEPTEMBER 20 2017.....SUNRISE   715 AM EDT   SUNSET   727 PM EDT


-  INDICATES NEGATIVE NUMBERS.
R  INDICATES RECORD WAS SET OR TIED.
MM INDICATES DATA IS MISSING.
T  INDICATES TRACE AMOUNT.




$$
