000
CDUS42 KCAE 272235
CLIAGS


CLIMATE REPORT
NATIONAL WEATHER SERVICE COLUMBIA SC
532 PM EST FRI FEB 27 2015


...................................

...THE AUGUSTA BUSH FIELD GA CLIMATE SUMMARY FOR FEBRUARY 27 2015...
VALID TODAY AS OF 0500 PM LOCAL TIME.

CLIMATE NORMAL PERIOD 1981 TO 2010
CLIMATE RECORD PERIOD 1873 TO 2015


WEATHER ITEM   OBSERVED TIME   RECORD YEAR NORMAL DEPARTURE LAST
                VALUE   (LST)  VALUE       VALUE  FROM      YEAR
                                                  NORMAL
..................................................................
TEMPERATURE (F)
 TODAY
  MAXIMUM         57    455 PM  84    2011  65     -8       59
  MINIMUM         40    755 AM  19    1974  38      2       25
  AVERAGE         49                        52     -3       42

PRECIPITATION (IN)
  TODAY            0.00          2.06 1984   0.15  -0.15     0.00
  MONTH TO DATE    4.66                      3.78   0.88     3.73
  SINCE DEC 1     10.97                     11.08  -0.11    13.11
  SINCE JAN 1      6.76                      7.69  -0.93     6.21

SNOWFALL (IN)
  TODAY            0.0          MM      MM   0.0             0.0
  MONTH TO DATE    T                         0.4             1.3
  SINCE DEC 1      T                         0.9             3.3
  SINCE JUL 1      T                         0.9             3.3

DEGREE DAYS
 HEATING
  TODAY           16                        13      3       23
  MONTH TO DATE  590                       433    157      437
  SINCE DEC 1   1697                      1596    101     1679
  SINCE JUL 1   2261                      2018    243     2138

 COOLING
  TODAY            0                         0      0        0
  MONTH TO DATE    0                         0      0        2
  SINCE DEC 1      0                         4     -4       13
  SINCE JAN 1      0                         1     -1        2
..................................................................


WIND (MPH)
  HIGHEST WIND SPEED     9   HIGHEST WIND DIRECTION     N (10)
  HIGHEST GUST SPEED    12   HIGHEST GUST DIRECTION     E (70)
  AVERAGE WIND SPEED     2.8


SKY COVER
  AVERAGE SKY COVER 0.7


WEATHER CONDITIONS
 THE FOLLOWING WEATHER WAS RECORDED TODAY.
  NO SIGNIFICANT WEATHER WAS OBSERVED.


RELATIVE HUMIDITY (PERCENT)
 HIGHEST    92           400 AM
 LOWEST     39           500 PM
 AVERAGE    66

..........................................................


THE AUGUSTA BUSH FIELD GA CLIMATE NORMALS FOR TOMORROW
                         NORMAL    RECORD    YEAR
 MAXIMUM TEMPERATURE (F)   66        86      1962
 MINIMUM TEMPERATURE (F)   39        18      2002


SUNRISE AND SUNSET
FEBRUARY 27 2015......SUNRISE   659 AM EST   SUNSET   623 PM EST
FEBRUARY 28 2015......SUNRISE   658 AM EST   SUNSET   624 PM EST


-  INDICATES NEGATIVE NUMBERS.
R  INDICATES RECORD WAS SET OR TIED.
MM INDICATES DATA IS MISSING.
T  INDICATES TRACE AMOUNT.




$$
