000
CDUS42 KFFC 230823
CLIAHN


CLIMATE REPORT
NATIONAL WEATHER SERVICE PEACHTREE CITY GA
422 AM EDT MON OCT 23 2017


...................................

...THE ATHENS CLIMATE SUMMARY FOR OCTOBER 22 2017...

CLIMATE NORMAL PERIOD 1981 TO 2010
CLIMATE RECORD PERIOD 1898 TO 2017


WEATHER ITEM   OBSERVED TIME   RECORD YEAR NORMAL DEPARTURE LAST
                VALUE   (LST)  VALUE       VALUE  FROM      YEAR
                                                  NORMAL
..................................................................
TEMPERATURE (F)
 YESTERDAY
  MAXIMUM         82    157 PM  87    1931  73      9       69
  MINIMUM         53    643 AM  30    1987  50      3       44
  AVERAGE         68                        61      7       57

PRECIPITATION (IN)
  YESTERDAY        T             2.05 1990   0.11  -0.11     0.00
  MONTH TO DATE    2.90                      2.64   0.26     0.03
  SINCE SEP 1      7.09                      6.58   0.51     1.25
  SINCE JAN 1     49.08                     37.87  11.21    32.22

SNOWFALL (IN)
  YESTERDAY        0.0           0.0  2002   0.0    0.0      0.0
                                      2001
                                      2000
  MONTH TO DATE    0.0                       0.0    0.0      0.0
  SINCE SEP 1      0.0                       0.0    0.0      0.0
  SINCE JUL 1      0.0                       0.0    0.0      0.0
  SNOW DEPTH       0

DEGREE DAYS
 HEATING
  YESTERDAY        0                         5     -5        8
  MONTH TO DATE   28                        69    -41       22
  SINCE SEP 1     37                        79    -42       22
  SINCE JUL 1     37                        79    -42       22

 COOLING
  YESTERDAY        3                         1      2        0
  MONTH TO DATE  114                        53     61      104
  SINCE SEP 1    357                       313     44      490
  SINCE JAN 1   1996                      1868    128     2404
..................................................................


WIND (MPH)
  RESULTANT WIND SPEED   7   RESULTANT WIND DIRECTION   E (90)
  HIGHEST WIND SPEED    13   HIGHEST WIND DIRECTION     E (90)
  HIGHEST GUST SPEED    18   HIGHEST GUST DIRECTION     E (80)
  AVERAGE WIND SPEED     6.9


SKY COVER
  POSSIBLE SUNSHINE  MM
  AVERAGE SKY COVER 0.6


WEATHER CONDITIONS
 THE FOLLOWING WEATHER WAS RECORDED YESTERDAY.
  FOG


RELATIVE HUMIDITY (PERCENT)
 HIGHEST   100          1200 AM
 LOWEST     54           200 PM
 AVERAGE    77

..........................................................


THE ATHENS CLIMATE NORMALS FOR TODAY
                         NORMAL    RECORD    YEAR
 MAXIMUM TEMPERATURE (F)   72        88      1927
 MINIMUM TEMPERATURE (F)   49        31      1987


SUNRISE AND SUNSET
OCTOBER 23 2017.......SUNRISE   745 AM EDT   SUNSET   650 PM EDT
OCTOBER 24 2017.......SUNRISE   746 AM EDT   SUNSET   648 PM EDT


-  INDICATES NEGATIVE NUMBERS.
R  INDICATES RECORD WAS SET OR TIED.
MM INDICATES DATA IS MISSING.
T  INDICATES TRACE AMOUNT.




$$
