000
CDUS42 KFFC 210917
CLIAHN


CLIMATE REPORT
NATIONAL WEATHER SERVICE PEACHTREE CITY GA
417 AM EST SUN JAN 21 2018


...................................

...THE ATHENS CLIMATE SUMMARY FOR JANUARY 20 2018...

CLIMATE NORMAL PERIOD 1981 TO 2010
CLIMATE RECORD PERIOD 1898 TO 2018


WEATHER ITEM   OBSERVED TIME   RECORD YEAR NORMAL DEPARTURE LAST
                VALUE   (LST)  VALUE       VALUE  FROM      YEAR
                                                  NORMAL
..................................................................
TEMPERATURE (F)
 YESTERDAY
  MAXIMUM         67    405 PM  78    1927  54     13       77
  MINIMUM         30    509 AM  -1    1985  33     -3       56
  AVERAGE         49                        44      5       67

PRECIPITATION (IN)
  YESTERDAY        0.00          2.32 1969   0.14  -0.14     0.11
  MONTH TO DATE    1.91                      2.51  -0.60     2.97
  SINCE DEC 1      4.66                      6.24  -1.58     5.39
  SINCE JAN 1      1.91                      2.51  -0.60     2.97

SNOWFALL (IN)
  YESTERDAY        0.0           0.0  2002   0.0    0.0      0.0
  MONTH TO DATE    1.1                       0.9    0.2      0.0
  SINCE DEC 1      1.1                       1.0    0.1      0.0
  SINCE JUL 1      1.1                       1.0    0.1      0.0
  SNOW DEPTH       0

DEGREE DAYS
 HEATING
  YESTERDAY       16                        21     -5        0
  MONTH TO DATE  558                       439    119      260
  SINCE DEC 1   1127                      1049     78      806
  SINCE JUL 1   1585                      1529     56     1092
..................................................................


WIND (MPH)
  RESULTANT WIND SPEED   2   RESULTANT WIND DIRECTION   W (260)
  HIGHEST WIND SPEED    10   HIGHEST WIND DIRECTION    NW (310)
  HIGHEST GUST SPEED    14   HIGHEST GUST DIRECTION    NW (310)
  AVERAGE WIND SPEED     3.8


SKY COVER
  POSSIBLE SUNSHINE  MM
  AVERAGE SKY COVER 0.0


WEATHER CONDITIONS
 THE FOLLOWING WEATHER WAS RECORDED YESTERDAY.
  NO SIGNIFICANT WEATHER WAS OBSERVED.


RELATIVE HUMIDITY (PERCENT)
 HIGHEST    66          1100 PM
 LOWEST     34           300 PM
 AVERAGE    50

..........................................................


THE ATHENS CLIMATE NORMALS FOR TODAY
                         NORMAL    RECORD    YEAR
 MAXIMUM TEMPERATURE (F)   54        78      1933
 MINIMUM TEMPERATURE (F)   33        -4      1985


SUNRISE AND SUNSET
JANUARY 21 2018.......SUNRISE   736 AM EST   SUNSET   553 PM EST
JANUARY 22 2018.......SUNRISE   736 AM EST   SUNSET   554 PM EST


-  INDICATES NEGATIVE NUMBERS.
R  INDICATES RECORD WAS SET OR TIED.
MM INDICATES DATA IS MISSING.
T  INDICATES TRACE AMOUNT.




$$
