000
CDUS42 KFFC 290822
CLIAHN


CLIMATE REPORT
NATIONAL WEATHER SERVICE PEACHTREE CITY GA
419 AM EDT THU SEP 29 2016


...................................

...THE ATHENS CLIMATE SUMMARY FOR SEPTEMBER 28 2016...

CLIMATE NORMAL PERIOD 1981 TO 2010
CLIMATE RECORD PERIOD 1898 TO 2016


WEATHER ITEM   OBSERVED TIME   RECORD YEAR NORMAL DEPARTURE LAST
                VALUE   (LST)  VALUE       VALUE  FROM      YEAR
                                                  NORMAL
..................................................................
TEMPERATURE (F)
 YESTERDAY
  MAXIMUM         90    242 PM  95    1911  80     10       76
  MINIMUM         64   1139 PM  42    1947  58      6       66
  AVERAGE         77                        69      8       71

PRECIPITATION (IN)
  YESTERDAY        0.00          3.65 1963   0.16  -0.16     0.06
  MONTH TO DATE    1.22                      3.63  -2.41     2.95
  SINCE SEP 1      1.22                      3.63  -2.41     2.95
  SINCE JAN 1     32.19                     34.92  -2.73    37.97

DEGREE DAYS
 HEATING
  YESTERDAY        0                         1     -1        0
  MONTH TO DATE    0                         6     -6        2
  SINCE SEP 1      0                         6     -6        2
  SINCE JUL 1      0                         6     -6        2

 COOLING
  YESTERDAY       12                         5      7        6
  MONTH TO DATE  380                       250    130      237
  SINCE SEP 1    380                       250    130      237
  SINCE JAN 1   2294                      1805    489     2034
..................................................................


WIND (MPH)
  RESULTANT WIND SPEED   1   RESULTANT WIND DIRECTION  SE (140)
  HIGHEST WIND SPEED    13   HIGHEST WIND DIRECTION    SW (220)
  HIGHEST GUST SPEED    20   HIGHEST GUST DIRECTION    SW (210)
  AVERAGE WIND SPEED     2.9


SKY COVER
  POSSIBLE SUNSHINE  MM
  AVERAGE SKY COVER 0.2


WEATHER CONDITIONS
 THE FOLLOWING WEATHER WAS RECORDED YESTERDAY.
  FOG
  FOG W/VISIBILITY <= 1/4 MILE


RELATIVE HUMIDITY (PERCENT)
 HIGHEST   100           200 AM
 LOWEST     34           300 PM
 AVERAGE    67

..........................................................


THE ATHENS CLIMATE NORMALS FOR TODAY
                         NORMAL    RECORD    YEAR
 MAXIMUM TEMPERATURE (F)   80        95      1933
 MINIMUM TEMPERATURE (F)   58        42      1967


SUNRISE AND SUNSET
SEPTEMBER 29 2016.....SUNRISE   727 AM EDT   SUNSET   720 PM EDT
SEPTEMBER 30 2016.....SUNRISE   727 AM EDT   SUNSET   718 PM EDT


-  INDICATES NEGATIVE NUMBERS.
R  INDICATES RECORD WAS SET OR TIED.
MM INDICATES DATA IS MISSING.
T  INDICATES TRACE AMOUNT.




$$
