000
CDUS42 KFFC 312038
CLIAHN


CLIMATE REPORT
NATIONAL WEATHER SERVICE PEACHTREE CITY GA
438 PM EDT TUE MAY 31 2016


...................................

...THE ATHENS CLIMATE SUMMARY FOR MAY 31 2016...
VALID TODAY AS OF 0400 PM LOCAL TIME.

CLIMATE NORMAL PERIOD 1981 TO 2010
CLIMATE RECORD PERIOD 1898 TO 2016


WEATHER ITEM   OBSERVED TIME   RECORD YEAR NORMAL DEPARTURE LAST
                VALUE   (LST)  VALUE       VALUE  FROM      YEAR
                                                  NORMAL
..................................................................
TEMPERATURE (F)
 TODAY
  MAXIMUM         94    322 PM 100    1918  86      8       89
  MINIMUM         66    522 AM  43    1984  63      3       66
  AVERAGE         80                        74      6       78

PRECIPITATION (IN)
  TODAY            0.00          1.90 1901   0.10  -0.10     0.14
  MONTH TO DATE    2.33                      3.00  -0.67     2.63
  SINCE MAR 1      6.85                     10.58  -3.73    13.43
  SINCE JAN 1     15.02                     19.11  -4.09    20.40

DEGREE DAYS
 HEATING
  TODAY            0                         0      0        0
  MONTH TO DATE   23                        25     -2        7
  SINCE MAR 1    320                       515   -195      322
  SINCE JUL 1   2163                      2770   -607     2828

 COOLING
  TODAY           15                         9      6       13
  MONTH TO DATE  194                       182     12      246
  SINCE MAR 1    301                       239     62      325
  SINCE JAN 1    301                       240     61      325
..................................................................


WIND (MPH)
  HIGHEST WIND SPEED     8   HIGHEST WIND DIRECTION    NE (60)
  HIGHEST GUST SPEED    12   HIGHEST GUST DIRECTION     E (70)
  AVERAGE WIND SPEED     4.3


SKY COVER
  AVERAGE SKY COVER 0.1


WEATHER CONDITIONS
 THE FOLLOWING WEATHER WAS RECORDED TODAY.
  NO SIGNIFICANT WEATHER WAS OBSERVED.


RELATIVE HUMIDITY (PERCENT)
 HIGHEST    93           400 AM
 LOWEST     38           300 PM
 AVERAGE    66

..........................................................


THE ATHENS CLIMATE NORMALS FOR TOMORROW
                         NORMAL    RECORD    YEAR
 MAXIMUM TEMPERATURE (F)   86       100      1918
 MINIMUM TEMPERATURE (F)   63        45      1972


SUNRISE AND SUNSET
MAY 31 2016...........SUNRISE   623 AM EDT   SUNSET   839 PM EDT
JUNE  1 2016..........SUNRISE   623 AM EDT   SUNSET   840 PM EDT


-  INDICATES NEGATIVE NUMBERS.
R  INDICATES RECORD WAS SET OR TIED.
MM INDICATES DATA IS MISSING.
T  INDICATES TRACE AMOUNT.




$$
