000
CDUS42 KFFC 230020
CLIAHN


CLIMATE REPORT
NATIONAL WEATHER SERVICE PEACHTREE CITY GA
720 PM EST MON DEC 22 2014


...................................

...THE ATHENS CLIMATE SUMMARY FOR DECEMBER 22 2014...
VALID AS OF 0700 PM LOCAL TIME.

CLIMATE NORMAL PERIOD 1981 TO 2010
CLIMATE RECORD PERIOD 1898 TO 2014


WEATHER ITEM   OBSERVED TIME   RECORD YEAR NORMAL DEPARTURE LAST
                VALUE   (LST)  VALUE       VALUE  FROM      YEAR
                                                  NORMAL
..................................................................
TEMPERATURE (F)
 TODAY
  MAXIMUM         46   1222 AM  71    2013  54     -8       71
  MINIMUM         41    659 PM  11    1960  34      7       59
  AVERAGE         44                        44      0       65

PRECIPITATION (IN)
  TODAY            0.08          2.52 1908   0.12  -0.04     2.46
  MONTH TO DATE    0.66                      2.66  -2.00     5.00
  SINCE DEC 1      0.66                      2.66  -2.00     5.00
  SINCE JAN 1     41.42                     45.26  -3.84    57.27

SNOWFALL (IN)
  TODAY           MM             0.0  2001   0.0   MM        0.0
  MONTH TO DATE    0.0                       0.0    0.0      0.0
  SINCE DEC 1      0.0                       0.0    0.0      0.0
  SINCE JUL 1      0.0                       0.0    0.0      0.0
  SNOW DEPTH       0

DEGREE DAYS
 HEATING
  TODAY           21                        21      0        0
  MONTH TO DATE  353                       417    -64      337
  SINCE DEC 1    353                       417    -64      337
  SINCE JUL 1    966                       897     69      899

 COOLING
  TODAY            0                         0      0        0
  MONTH TO DATE    0                         0      0        6
  SINCE DEC 1      0                         0      0        6
  SINCE JAN 1   1985                      1886     99     1652
..................................................................


WIND (MPH)
  HIGHEST WIND SPEED    15   HIGHEST WIND DIRECTION    NE (60)
  HIGHEST GUST SPEED    19   HIGHEST GUST DIRECTION     E (70)
  AVERAGE WIND SPEED     9.9


SKY COVER
  AVERAGE SKY COVER 0.9


WEATHER CONDITIONS
 THE FOLLOWING WEATHER WAS RECORDED TODAY.
  RAIN
  LIGHT RAIN
  FOG


RELATIVE HUMIDITY (PERCENT)
 HIGHEST   100           600 AM
 LOWEST     92           200 AM

..........................................................


THE ATHENS CLIMATE NORMALS FOR TOMORROW
                         NORMAL    RECORD    YEAR
 MAXIMUM TEMPERATURE (F)   54        73      1933
                                             1931
 MINIMUM TEMPERATURE (F)   34        13      1989


SUNRISE AND SUNSET
DECEMBER 22 2014......SUNRISE   735 AM EST   SUNSET   529 PM EST
DECEMBER 23 2014......SUNRISE   736 AM EST   SUNSET   529 PM EST


-  INDICATES NEGATIVE NUMBERS.
R  INDICATES RECORD WAS SET OR TIED.
MM INDICATES DATA IS MISSING.
T  INDICATES TRACE AMOUNT.




$$
