000
CDUS42 KFFC 040827
CLIAHN


CLIMATE REPORT
NATIONAL WEATHER SERVICE PEACHTREE CITY GA
427 AM EDT TUE AUG 4 2015


...................................

...THE ATHENS CLIMATE SUMMARY FOR AUGUST 3 2015...

CLIMATE NORMAL PERIOD 1981 TO 2010
CLIMATE RECORD PERIOD 1898 TO 2015


WEATHER ITEM   OBSERVED TIME   RECORD YEAR NORMAL DEPARTURE LAST
                VALUE   (LST)  VALUE       VALUE  FROM      YEAR
                                                  NORMAL
..................................................................
TEMPERATURE (F)
 YESTERDAY
  MAXIMUM         97    247 PM 102    2011  91      6       89
  MINIMUM         70    628 AM  58    1998  70      0       65
  AVERAGE         84                        80      4       77

PRECIPITATION (IN)
  YESTERDAY        0.00          2.46 1903   0.13  -0.13     0.00
  MONTH TO DATE    0.00                      0.38  -0.38     0.02
  SINCE JUN 1      7.84                      9.03  -1.19     7.98
  SINCE JAN 1     28.24                     28.14   0.10    27.62

DEGREE DAYS
 COOLING
  YESTERDAY       19                        15      4       12
  MONTH TO DATE   54                        47      7       30
  SINCE JUN 1   1060                       909    151      897
  SINCE JAN 1   1385                      1149    236     1167
..................................................................


WIND (MPH)
  RESULTANT WIND SPEED   1   RESULTANT WIND DIRECTION   E (80)
  HIGHEST WIND SPEED     9   HIGHEST WIND DIRECTION     E (70)
  HIGHEST GUST SPEED    14   HIGHEST GUST DIRECTION     E (70)
  AVERAGE WIND SPEED     1.5


SKY COVER
  POSSIBLE SUNSHINE  MM
  AVERAGE SKY COVER 0.1


WEATHER CONDITIONS
 THE FOLLOWING WEATHER WAS RECORDED YESTERDAY.
  FOG
  HAZE


RELATIVE HUMIDITY (PERCENT)
 HIGHEST    90           200 AM
 LOWEST     28           500 PM
 AVERAGE    59

..........................................................


THE ATHENS CLIMATE NORMALS FOR TODAY
                         NORMAL    RECORD    YEAR
 MAXIMUM TEMPERATURE (F)   91       101      1931
 MINIMUM TEMPERATURE (F)   70        59      1985


SUNRISE AND SUNSET
AUGUST  4 2015........SUNRISE   647 AM EDT   SUNSET   831 PM EDT
AUGUST  5 2015........SUNRISE   648 AM EDT   SUNSET   831 PM EDT


-  INDICATES NEGATIVE NUMBERS.
R  INDICATES RECORD WAS SET OR TIED.
MM INDICATES DATA IS MISSING.
T  INDICATES TRACE AMOUNT.




$$
