000
CDUS42 KFFC 140919
CLIAHN


CLIMATE REPORT
NATIONAL WEATHER SERVICE PEACHTREE CITY GA
418 AM EST SUN FEB 14 2016


...................................

...THE ATHENS CLIMATE SUMMARY FOR FEBRUARY 13 2016...

CLIMATE NORMAL PERIOD 1981 TO 2010
CLIMATE RECORD PERIOD 1898 TO 2016


WEATHER ITEM   OBSERVED TIME   RECORD YEAR NORMAL DEPARTURE LAST
                VALUE   (LST)  VALUE       VALUE  FROM      YEAR
                                                  NORMAL
..................................................................
TEMPERATURE (F)
 YESTERDAY
  MAXIMUM         48    311 PM  74    1938  58    -10       45
                                      1922
  MINIMUM         30   1159 PM  14    1955  36     -6       25
  AVERAGE         39                        47     -8       35

PRECIPITATION (IN)
  YESTERDAY        0.00          2.39 1984   0.16  -0.16     0.00
  MONTH TO DATE    1.87                      2.03  -0.16     1.19
  SINCE DEC 1     17.92                      9.81   8.11     8.86
  SINCE JAN 1      5.55                      6.08  -0.53     4.17

SNOWFALL (IN)
  YESTERDAY        0.0           1.0  2014   0.0    0.0      0.0
  MONTH TO DATE    T                         0.3   -0.3      0.0
  SINCE DEC 1      0.1                       1.8   -1.7      0.0
  SINCE JUL 1      0.1                       1.8   -1.7      0.0
  SNOW DEPTH       0

DEGREE DAYS
 HEATING
  YESTERDAY       26                        18      8       30
  MONTH TO DATE  253                       251      2      270
  SINCE DEC 1   1238                      1528   -290     1480
  SINCE JUL 1   1598                      2008   -410     2093
..................................................................


WIND (MPH)
  RESULTANT WIND SPEED   8   RESULTANT WIND DIRECTION  NW (300)
  HIGHEST WIND SPEED    17   HIGHEST WIND DIRECTION    NW (300)
  HIGHEST GUST SPEED    23   HIGHEST GUST DIRECTION     W (290)
  AVERAGE WIND SPEED     8.9


SKY COVER
  POSSIBLE SUNSHINE  MM
  AVERAGE SKY COVER 0.0


WEATHER CONDITIONS
 THE FOLLOWING WEATHER WAS RECORDED YESTERDAY.
  NO SIGNIFICANT WEATHER WAS OBSERVED.


RELATIVE HUMIDITY (PERCENT)
 HIGHEST    69           400 AM
 LOWEST     15           300 PM
 AVERAGE    42

..........................................................


THE ATHENS CLIMATE NORMALS FOR TODAY
                         NORMAL    RECORD    YEAR
 MAXIMUM TEMPERATURE (F)   58        79      1938
 MINIMUM TEMPERATURE (F)   36         4      1905


SUNRISE AND SUNSET
FEBRUARY 14 2016......SUNRISE   719 AM EST   SUNSET   616 PM EST
FEBRUARY 15 2016......SUNRISE   718 AM EST   SUNSET   617 PM EST


-  INDICATES NEGATIVE NUMBERS.
R  INDICATES RECORD WAS SET OR TIED.
MM INDICATES DATA IS MISSING.
T  INDICATES TRACE AMOUNT.




$$
