000
CDUS42 KFFC 031222
CLIAHN


CLIMATE REPORT
NATIONAL WEATHER SERVICE PEACHTREE CITY GA
822 AM EDT WED JUN 3 2015


...................................

...THE ATHENS CLIMATE SUMMARY FOR JUNE 2 2015...

CLIMATE NORMAL PERIOD 1981 TO 2010
CLIMATE RECORD PERIOD 1898 TO 2015


WEATHER ITEM   OBSERVED TIME   RECORD YEAR NORMAL DEPARTURE LAST
                VALUE   (LST)  VALUE       VALUE  FROM      YEAR
                                                  NORMAL
..................................................................
TEMPERATURE (F)
 YESTERDAY
  MAXIMUM         87    425 PM  99    1985  86      1       81
                                      1918
  MINIMUM         65   1159 PM  49    1972  63      2       58
  AVERAGE         76                        75      1       70

PRECIPITATION (IN)
  YESTERDAY        0.14          1.27 1892   0.12   0.02     0.00
  MONTH TO DATE    0.30                      0.24   0.06     0.00
  SINCE JUN 1      0.30                      0.24   0.06     0.00
  SINCE JAN 1     20.70                     19.35   1.35    19.64

DEGREE DAYS
 COOLING
  YESTERDAY       11                        10      1        5
  MONTH TO DATE   23                        20      3       13
  SINCE JUN 1     23                        20      3       13
  SINCE JAN 1    348                       260     88      283
..................................................................


WIND (MPH)
  RESULTANT WIND SPEED   1   RESULTANT WIND DIRECTION   E (100)
  HIGHEST WIND SPEED     9   HIGHEST WIND DIRECTION     N (10)
  HIGHEST GUST SPEED    14   HIGHEST GUST DIRECTION     S (170)
  AVERAGE WIND SPEED     2.9


SKY COVER
  POSSIBLE SUNSHINE  MM
  AVERAGE SKY COVER 0.6


WEATHER CONDITIONS
 THE FOLLOWING WEATHER WAS RECORDED YESTERDAY.
  THUNDERSTORM
  HEAVY RAIN
  LIGHT RAIN
  FOG
  HAZE


RELATIVE HUMIDITY (PERCENT)
 HIGHEST   100           100 AM
 LOWEST     44           400 PM
 AVERAGE    72

..........................................................


THE ATHENS CLIMATE NORMALS FOR TODAY
                         NORMAL    RECORD    YEAR
 MAXIMUM TEMPERATURE (F)   86        99      1985
                                             1951
                                             1926
 MINIMUM TEMPERATURE (F)   64        47      1956


SUNRISE AND SUNSET
JUNE  3 2015..........SUNRISE   623 AM EDT   SUNSET   840 PM EDT
JUNE  4 2015..........SUNRISE   623 AM EDT   SUNSET   841 PM EDT


-  INDICATES NEGATIVE NUMBERS.
R  INDICATES RECORD WAS SET OR TIED.
MM INDICATES DATA IS MISSING.
T  INDICATES TRACE AMOUNT.




$$
