000
CDUS45 KCYS 030327
CLIAIA


CLIMATE REPORT
NATIONAL WEATHER SERVICE CHEYENNE WY
927 PM MDT TUE JUN 2 2015


...................................

...THE ALLIANCE NE AIRPORT CLIMATE SUMMARY FOR JUNE 2 2015...
VALID TODAY AS OF 0900 PM LOCAL TIME.

CLIMATE NORMAL PERIOD 1981 TO 2010
CLIMATE RECORD PERIOD 1896 TO 2015


WEATHER ITEM   OBSERVED TIME   RECORD YEAR NORMAL DEPARTURE LAST
                VALUE   (LST)  VALUE       VALUE  FROM      YEAR
                                                  NORMAL
..................................................................
TEMPERATURE (F)
 TODAY
  MAXIMUM         82    327 PM  93    2006  76      6       75
  MINIMUM         57    446 AM  27    1969  46     11       43
  AVERAGE         70                        61      9       59

PRECIPITATION (IN)
  TODAY            0.00          1.35 1929   0.11  -0.11     0.00
  MONTH TO DATE    0.37                      0.21   0.16     1.14
  SINCE JAN 1     12.88                      5.72   7.16     8.64

DEGREE DAYS
 HEATING
  TODAY            0                         6     -6        6
  MONTH TO DATE    0                        12    -12       11
  SINCE JUN 1      0                        12    -12       11
  SINCE JUL 1   6899                      7227   -328     7430

 COOLING
  TODAY            5                         1      4        0
  MONTH TO DATE    9                         2      7        0
  SINCE JUN 1      9                         2      7        0
  SINCE JAN 1      9                        12     -3       14
..................................................................


WIND (MPH)
  HIGHEST WIND SPEED    31   HIGHEST WIND DIRECTION     N (360)
  HIGHEST GUST SPEED    40   HIGHEST GUST DIRECTION     N (350)
  AVERAGE WIND SPEED     9.5


SKY COVER
  AVERAGE SKY COVER 0.0


WEATHER CONDITIONS
 THE FOLLOWING WEATHER WAS RECORDED TODAY.
  NO SIGNIFICANT WEATHER WAS OBSERVED.


RELATIVE HUMIDITY (PERCENT)
 HIGHEST    93           400 AM
 LOWEST     47           300 PM
 AVERAGE    70

..........................................................


THE ALLIANCE NE AIRPORT CLIMATE NORMALS FOR TOMORROW
                         NORMAL    RECORD    YEAR
 MAXIMUM TEMPERATURE (F)   76        94      2006
                                             1933
 MINIMUM TEMPERATURE (F)   46        31      1951


SUNRISE AND SUNSET
JUNE  2 2015..........SUNRISE   518 AM MDT   SUNSET   821 PM MDT
JUNE  3 2015..........SUNRISE   517 AM MDT   SUNSET   822 PM MDT


-  INDICATES NEGATIVE NUMBERS.
R  INDICATES RECORD WAS SET OR TIED.
MM INDICATES DATA IS MISSING.
T  INDICATES TRACE AMOUNT.




$$
