000
CDUS45 KCYS 050327
CLIAIA


CLIMATE REPORT
NATIONAL WEATHER SERVICE CHEYENNE WY
926 PM MDT TUE AUG 4 2015


...................................

...THE ALLIANCE NE AIRPORT CLIMATE SUMMARY FOR AUGUST 4 2015...
VALID TODAY AS OF 0900 PM LOCAL TIME.

CLIMATE NORMAL PERIOD 1981 TO 2010
CLIMATE RECORD PERIOD 1896 TO 2015


WEATHER ITEM   OBSERVED TIME   RECORD YEAR NORMAL DEPARTURE LAST
                VALUE   (LST)  VALUE       VALUE  FROM      YEAR
                                                  NORMAL
..................................................................
TEMPERATURE (F)
 TODAY
  MAXIMUM         76    249 PM 102    1947  89    -13       96
  MINIMUM         54    357 AM  45    1978  57     -3       56
  AVERAGE         65                        73     -8       76

PRECIPITATION (IN)
  TODAY            0.00          1.68 2011   0.06  -0.06     0.00
  MONTH TO DATE    0.02                      0.25  -0.23     0.00
  SINCE JAN 1     17.76                     10.96   6.80    12.35

DEGREE DAYS
 HEATING
  TODAY            0                         0      0        0
  MONTH TO DATE    0                         0      0        0
  SINCE JUN 1     24                       105    -81      126
  SINCE JUL 1     15                        12      3       27

 COOLING
  TODAY            0                         8     -8       11
  MONTH TO DATE   28                        32     -4       29
  SINCE JUN 1    306                       354    -48      287
  SINCE JAN 1    306                       364    -58      301
..................................................................


WIND (MPH)
  HIGHEST WIND SPEED    23   HIGHEST WIND DIRECTION    SE (120)
  HIGHEST GUST SPEED    28   HIGHEST GUST DIRECTION    SE (120)
  AVERAGE WIND SPEED    10.3


SKY COVER
  AVERAGE SKY COVER 0.3


WEATHER CONDITIONS
 THE FOLLOWING WEATHER WAS RECORDED TODAY.
  THUNDERSTORM


RELATIVE HUMIDITY (PERCENT)
 HIGHEST    93           400 AM
 LOWEST     63          1200 AM
 AVERAGE    78

..........................................................


THE ALLIANCE NE AIRPORT CLIMATE NORMALS FOR TOMORROW
                         NORMAL    RECORD    YEAR
 MAXIMUM TEMPERATURE (F)   89       101      2007
 MINIMUM TEMPERATURE (F)   57        44      2012


SUNRISE AND SUNSET
AUGUST  4 2015........SUNRISE   547 AM MDT   SUNSET   807 PM MDT
AUGUST  5 2015........SUNRISE   548 AM MDT   SUNSET   805 PM MDT


-  INDICATES NEGATIVE NUMBERS.
R  INDICATES RECORD WAS SET OR TIED.
MM INDICATES DATA IS MISSING.
T  INDICATES TRACE AMOUNT.




$$
