936
CDUS45 KCYS 090747
CLIAIA


CLIMATE REPORT
NATIONAL WEATHER SERVICE CHEYENNE WY
1246 AM MST TUE FEB 9 2016


...................................

...THE ALLIANCE NE AIRPORT CLIMATE SUMMARY FOR FEBRUARY 8 2016...

CLIMATE NORMAL PERIOD 1981 TO 2010
CLIMATE RECORD PERIOD 1896 TO 2016


WEATHER ITEM   OBSERVED TIME   RECORD YEAR NORMAL DEPARTURE LAST
                VALUE   (LST)  VALUE       VALUE  FROM      YEAR
                                                  NORMAL
..................................................................
TEMPERATURE (F)
 YESTERDAY
  MAXIMUM         36   1141 PM  73    1954  40     -4       62
  MINIMUM         17    719 AM -30    1936  12      5       26
  AVERAGE         27                        26      1       44

PRECIPITATION (IN)
  YESTERDAY        0.00          0.42 1966   0.01  -0.01     0.00
  MONTH TO DATE    0.05                      0.10  -0.05     0.40
  SINCE JAN 1      0.07                      0.28  -0.21     0.85

DEGREE DAYS
 HEATING
  YESTERDAY       38                        39     -1       21
  MONTH TO DATE  344                       319     25      279
  SINCE DEC 1   3008                      2865    143     2790
  SINCE JUL 1   4495                      4664   -169     4498

 COOLING
  YESTERDAY        0                         0      0        0
  MONTH TO DATE    0                         0      0        0
  SINCE DEC 1      0                         0      0        0
  SINCE JAN 1      0                         0      0        0
..................................................................


WIND (MPH)
  HIGHEST WIND SPEED    23   HIGHEST WIND DIRECTION    NW (310)
  HIGHEST GUST SPEED    30   HIGHEST GUST DIRECTION    NW (310)
  AVERAGE WIND SPEED    15.0


SKY COVER
  AVERAGE SKY COVER 0.3


WEATHER CONDITIONS
 THE FOLLOWING WEATHER WAS RECORDED YESTERDAY.
  NO SIGNIFICANT WEATHER WAS OBSERVED.


RELATIVE HUMIDITY (PERCENT)
 HIGHEST    85           700 PM
 LOWEST     46           900 AM
 AVERAGE    66

..........................................................


THE ALLIANCE NE AIRPORT CLIMATE NORMALS FOR TODAY
                         NORMAL    RECORD    YEAR
 MAXIMUM TEMPERATURE (F)   40        68      2015
 MINIMUM TEMPERATURE (F)   12       -28      1936


SUNRISE AND SUNSET
FEBRUARY  9 2016......SUNRISE   656 AM MST   SUNSET   516 PM MST
FEBRUARY 10 2016......SUNRISE   654 AM MST   SUNSET   517 PM MST


-  INDICATES NEGATIVE NUMBERS.
R  INDICATES RECORD WAS SET OR TIED.
MM INDICATES DATA IS MISSING.
T  INDICATES TRACE AMOUNT.




$$
