150
CDAK48 PAFC 191250
CLIAKN


CLIMATE REPORT
NATIONAL WEATHER SERVICE ANCHORAGE, AK
350 AM AKST SUN NOV 19 2017


...................................

...THE KING SALMON CLIMATE SUMMARY FOR NOVEMBER 18 2017...

CLIMATE NORMAL PERIOD 1981 TO 2010
CLIMATE RECORD PERIOD 1917 TO 2017


WEATHER ITEM   OBSERVED TIME   RECORD YEAR NORMAL DEPARTURE LAST
                VALUE   (LST)  VALUE       VALUE  FROM      YEAR
                                                  NORMAL
..................................................................
TEMPERATURE (F)
 YESTERDAY
  MAXIMUM         35   1159 PM  50    1935  30      5       21
  MINIMUM         10    943 AM  -8    2009  15     -5        4
  AVERAGE         23                        22      1       13

PRECIPITATION (IN)
  YESTERDAY        0.32          0.36 1949   0.04   0.28     0.00
  MONTH TO DATE    0.49                      0.85  -0.36     0.58
  SINCE SEP 1      7.80                      6.12   1.68     6.53
  SINCE JAN 1     18.49                     17.72   0.77    24.50

SNOWFALL (IN)
  YESTERDAY        T             2.6  1962   0.3   -0.3      0.0
  MONTH TO DATE    0.6                       3.5   -2.9      0.8
  SINCE SEP 1      3.2                       6.4   -3.2      0.8
  SINCE JUL 1      3.2                       6.4   -3.2      0.8
  SNOW DEPTH       0

DEGREE DAYS
 HEATING
  YESTERDAY       42                        43     -1       52
  MONTH TO DATE  656                       736    -80      640
  SINCE SEP 1   1952                      2234   -282     1794
  SINCE JUL 1   2449                      2850   -401     2111

 COOLING
  YESTERDAY        0                         0      0        0
  MONTH TO DATE    0                         0      0        0
  SINCE SEP 1      0                         0      0        0
  SINCE JAN 1      1                         1      0        0
..................................................................


WIND (MPH)
  RESULTANT WIND SPEED   2   RESULTANT WIND DIRECTION   N (10)
  HIGHEST WIND SPEED    22   HIGHEST WIND DIRECTION     S (170)
  HIGHEST GUST SPEED    28   HIGHEST GUST DIRECTION     S (160)
  AVERAGE WIND SPEED     5.2



WEATHER CONDITIONS
 THE FOLLOWING WEATHER WAS RECORDED YESTERDAY.
  LIGHT RAIN
  LT FREEZING RAIN
  LIGHT SNOW
  FOG


RELATIVE HUMIDITY (PERCENT)
 HIGHEST    92
 LOWEST     75
 AVERAGE    84

..........................................................


THE KING SALMON CLIMATE NORMALS FOR TODAY
                         NORMAL    RECORD    YEAR
 MAXIMUM TEMPERATURE (F)   30        49      1924
 MINIMUM TEMPERATURE (F)   14       -13      1936


SUNRISE AND SUNSET
NOVEMBER 19 2017......SUNRISE   927 AM AKST  SUNSET   456 PM AKST
NOVEMBER 20 2017......SUNRISE   929 AM AKST  SUNSET   455 PM AKST


-  INDICATES NEGATIVE NUMBERS.
R  INDICATES RECORD WAS SET OR TIED.
MM INDICATES DATA IS MISSING.
T  INDICATES TRACE AMOUNT.




$$
