000
CDAK48 PAKN 250018
CLIAKN

CLIMATE REPORT
NATIONAL WEATHER SERVICE KING SALMON, AK
318 PM AKST WED DEC 24 2014

...................................
...THE KING SALMON AP CLIMATE SUMMARY FOR DECEMBER 24 2014...
VALID TODAY AS OF 2:00 PM LOCAL TIME

CLIMATE NORMAL PERIOD  1981 TO  2010
CLIMATE RECORD PERIOD  1917 TO  2014

WEATHER ITEM   OBSERVED TIME    RECORD YEAR NORMAL DEPARTURE LAST
               VALUE    (LST)   VALUE       VALUE  FROM      YEAR
                                                   NORMAL
...................................................................
TEMPERATURE
TODAY
 MAXIMUM            36  0156 PM    44  2000     26      10     29
 MINIMUM            31  1259 AM   -30  1999     10      21     13
 AVERAGE            34                          18      16     21

PRECIPITATION
(INCHES)
 TODAY            0.20           0.42  1934   0.03    0.17      T
 MONTH TO DATE    0.76                        1.00   -0.24   1.03
 SINCE DEC 1      0.76                        1.00   -0.24   1.03
 SINCE JAN 1     21.21                       19.26    1.95  24.44

SNOWFALL
(INCHES)
 TODAY             0.7            4.5  1989    0.3     0.4      T
 MONTH TO DATE     3.2                         7.8    -4.6    2.7
 SINCE DEC 1       3.2                         7.8    -4.6    2.7
 SINCE JUL 1       6.7                        17.6   -10.9   14.3
 SNOW DEPTH (IN)     2                                          T

DEGREE DAYS
 HEATING
  TODAY             31                          47     -16     44
  MONTH TO DATE    833                        1104    -271   1070
  SINCE DEC 1      833                        1104    -271   1067
  SINCE JUL 1     3584                        4479    -895   3971

 COOLING
  TODAY              0                           0       0      0
  MONTH TO DATE      0                           0       0      0
  SINCE DEC 1        0                           0       0      0
  SINCE JAN 1        0                           0       0      4
...................................................................

WIND (MPH)
 HIGHEST WIND SPEED    20     HIGHEST WIND DIRECTION     90
 HIGHEST GUST SPEED    27     HIGHEST GUST DIRECTION    100
 AVERAGE WIND SPEED    MM

SKY COVER
  POSSIBLE SUNSHINE  MM            AVERAGE SKY COVER MM

WEATHER CONDITIONS
 THE FOLLOWING WEATHER WAS RECORDED TODAY.
SMOKE OR HAZE
RAIN
SNOW


RELATIVE HUMIDITY
 HIGHEST RH     MM PERCENT       MM
 LOWEST  RH     MM PERCENT       MM
 AVERAGE RH     MM PERCENT       MM
...................................................................

THE KING SALMON CLIMATE NORMALS FOR TOMORROW
                        NORMAL    RECORD   YEAR
 MAXIMUM TEMPERATURE      25        43     1990
 MINIMUM TEMPERATURE      10       -31     1957

SUNRISE AND SUNSET
 DEC 24 2014..........SUNRISE 10:18 AM      SUNSET  4:35 PM
 DEC 25 2014..........SUNRISE 10:19 AM      SUNSET  4:36 PM

-  INDICATES NEGATIVE NUMBERS.
R  INDICATES RECORD HAS BEEN SET OR TIED.
MM INDICATES DATA IS MISSING.
T  INDICATES TRACE OF PRECIPITATION.

&&
-------------------------------------------------------------------

AMOUNT OF DAYLIGHT TODAY  (HOUR:MIN)........6 HOURS 17 MINUTES
GAIN SINCE YESTERDAY (HOUR:MIN:SEC).........+0:00:24

$$
AM DEC 14
