000
CDAK48 PAKN 011122
CLIAKN

CLIMATE REPORT
NATIONAL WEATHER SERVICE KING SALMON, AK
322 AM AKDT WED JUL 1 2015

...................................
...THE KING SALMON AP CLIMATE SUMMARY FOR JUNE 30 2015...

CLIMATE NORMAL PERIOD  1981 TO  2010
CLIMATE RECORD PERIOD  1917 TO  2015

WEATHER ITEM   OBSERVED TIME    RECORD YEAR NORMAL DEPARTURE LAST
               VALUE    (LST)   VALUE       VALUE  FROM      YEAR
                                                   NORMAL
...................................................................
TEMPERATURE
YESTERDAY
 MAXIMUM            71  0254 PM    78  1962     63       8     59
 MINIMUM            42  0446 AM    32  1964     46      -4     47
 AVERAGE            57                          54       3     53

PRECIPITATION
(INCHES)
 YESTERDAY        0.00           0.75  2013   0.06   -0.06      T
 MONTH TO DATE    0.84                        1.65   -0.81   3.25
 SINCE JUN 1      0.84                        1.65   -0.81   3.25
 SINCE JAN 1      8.08                        6.35    1.73   8.38

SNOWFALL
(INCHES)
 YESTERDAY         0.0            0.0  2015    0.0     0.0    0.0
 MONTH TO DATE     0.0                         0.0     0.0    0.0
 SINCE JUN 1       0.0                         0.0     0.0    0.0
 SINCE JUL 1      26.1                        46.6   -20.5   36.0
 SNOW DEPTH (IN)     0                                          0

DEGREE DAYS
 HEATING
  YESTERDAY          8                          11      -3     12
  MONTH TO DATE    249                         407    -158    431
  SINCE JUN 1      249                         407    -158    431
  SINCE JUL 1     8894                       10876   -1982   9329

 COOLING
  YESTERDAY          0                           0       0      0
  MONTH TO DATE      2                           0       2      0
  SINCE JUN 1        2                           0       2      0
  SINCE JAN 1        2                           0       2      0
...................................................................

WIND (MPH)
 HIGHEST WIND SPEED    14     HIGHEST WIND DIRECTION    180
 HIGHEST GUST SPEED    17     HIGHEST GUST DIRECTION    180
 AVERAGE WIND SPEED   5.8

SKY COVER
  POSSIBLE SUNSHINE    MM          AVERAGE SKY COVER     MM

WEATHER CONDITIONS
 THE FOLLOWING WEATHER WAS RECORDED YESTERDAY.
  NO SIGNIFICANT WEATHER WAS OBSERVED.

RELATIVE HUMIDITY
 HIGHEST RH     MM PERCENT       MM
 LOWEST  RH     MM PERCENT       MM
 AVERAGE RH     MM PERCENT       MM
...................................................................

THE KING SALMON CLIMATE NORMALS FOR TODAY
                           NORMAL    RECORD   YEAR
 MAXIMUM TEMPERATURE (F)     63        82     1962
 MINIMUM TEMPERATURE (F)     46        33     1993

SUNRISE AND SUNSET
 JUL 1 2015..........SUNRISE  5:23 AM      SUNSET 11:39 PM
 JUL 2 2015..........SUNRISE  5:24 AM      SUNSET 11:38 PM

-  INDICATES NEGATIVE NUMBERS.
R  INDICATES RECORD HAS BEEN SET OR TIED.
MM INDICATES DATA IS MISSING.
T  INDICATES TRACE OF PRECIPITATION.

&&
-------------------------------------------------------------------

AMOUNT OF DAYLIGHT TODAY  (HOUR:MIN)........18 HOURS 16 MINUTES
LOSS SINCE YESTERDAY (HOUR:MIN:SEC).........-0:01:32

$$
AM JUL 15
