000
CDAK48 PAKN 010004
CLIAKN

CLIMATE REPORT
NATIONAL WEATHER SERVICE KING SALMON, AK
404 PM AKDT TUE MAY 31 2016

...................................
...THE KING SALMON AP CLIMATE SUMMARY FOR MAY 31 2016...
VALID TODAY AS OF 2:00 PM LOCAL TIME

CLIMATE NORMAL PERIOD  1981 TO  2010
CLIMATE RECORD PERIOD  1917 TO  2016

WEATHER ITEM   OBSERVED TIME    RECORD YEAR NORMAL DEPARTURE LAST
               VALUE    (LST)   VALUE       VALUE  FROM      YEAR
                                                   NORMAL
...................................................................
TEMPERATURE
TODAY
 MAXIMUM            64  0300 PM    79  1993     58       6     70
 MINIMUM            40  0406 AM    22  1938     38       2     44
 AVERAGE            52                          48       4     57

PRECIPITATION
(INCHES)
 TODAY               T           0.68  1934   0.05   -0.05   0.00
 MONTH TO DATE    3.17                        1.25    1.92   3.32
 SINCE MAR 1      5.97                        2.92    3.05   6.45
 SINCE JAN 1      7.41                        4.70    2.71   7.24

SNOWFALL
(INCHES)
 TODAY             0.0              T  1999    0.0     0.0    0.0
 MONTH TO DATE     0.0                         0.8    -0.8    0.0
 SINCE MAR 1       4.2                        11.1    -6.9   12.4
 SINCE JUL 1      38.8                        46.6    -7.8   26.1
 SNOW DEPTH (IN)     0                                          0

DEGREE DAYS
 HEATING
  TODAY             13                          17      -4      8
  MONTH TO DATE    488                         646    -158    523
  SINCE MAR 1     2120                        2851    -731   2448
  SINCE JUL 1     8054                       10469   -2415   8646

 COOLING
  TODAY              0                           0       0      0
  MONTH TO DATE      0                           0       0      0
  SINCE MAR 1        0                           0       0      0
  SINCE JAN 1        0                           0       0      0
...................................................................

WIND (MPH)
 HIGHEST WIND SPEED    22     HIGHEST WIND DIRECTION     90
 HIGHEST GUST SPEED    31     HIGHEST GUST DIRECTION    100
 AVERAGE WIND SPEED    MM

SKY COVER
  POSSIBLE SUNSHINE  MM            AVERAGE SKY COVER MM

WEATHER CONDITIONS
 THE FOLLOWING WEATHER WAS RECORDED TODAY.
RAIN


RELATIVE HUMIDITY
 HIGHEST RH     MM PERCENT       MM
 LOWEST  RH     MM PERCENT       MM
 AVERAGE RH     MM PERCENT       MM
...................................................................

THE KING SALMON CLIMATE NORMALS FOR TOMORROW
                        NORMAL    RECORD   YEAR
 MAXIMUM TEMPERATURE      58        79     1996
 MINIMUM TEMPERATURE      38        30     1956

SUNRISE AND SUNSET
 MAY 31 2016..........SUNRISE  5:29 AM      SUNSET 11:22 PM
 JUN 1 2016..........SUNRISE  5:27 AM      SUNSET 11:24 PM

-  INDICATES NEGATIVE NUMBERS.
R  INDICATES RECORD HAS BEEN SET OR TIED.
MM INDICATES DATA IS MISSING.
T  INDICATES TRACE OF PRECIPITATION.

&&
-------------------------------------------------------------------

AMOUNT OF DAYLIGHT TODAY  (HOUR:MIN)........17 HOURS 53 MINUTES
GAIN/LOSS SINCE YESTERDAY (HOUR:MIN:SEC)....+0:02:57

$$
FS MAY 16
