000
CDAK48 PAFC 260047
CLIAKN


CLIMATE REPORT
NATIONAL WEATHER SERVICE ANCHORAGE, AK
447 PM AKDT MON SEP 25 2017


...................................

...THE KING SALMON CLIMATE SUMMARY FOR SEPTEMBER 25 2017...
VALID TODAY AS OF 0400 PM LOCAL TIME.

CLIMATE NORMAL PERIOD 1981 TO 2010
CLIMATE RECORD PERIOD 1917 TO 2017


WEATHER ITEM   OBSERVED TIME   RECORD YEAR NORMAL DEPARTURE LAST
                VALUE   (LST)  VALUE       VALUE  FROM      YEAR
                                                  NORMAL
..................................................................
TEMPERATURE (F)
 TODAY
  MAXIMUM         56        MM  67    1944  52      4       53
  MINIMUM         33        MM  17    1983  36     -3       29
  AVERAGE         45                        44      1       41

PRECIPITATION (IN)
  TODAY            T             0.77 1964   0.10  -0.10     0.00
  MONTH TO DATE    3.94                      2.69   1.25     4.80
  SINCE SEP 1      3.94                      2.69   1.25     4.80
  SINCE JAN 1     14.63                     14.29   0.34    22.77

SNOWFALL (IN)
  TODAY            0.0          MM      MM   0.1   -0.1      0.0
  MONTH TO DATE    T                         0.1   -0.1      0.0
  SINCE SEP 1      T                         0.1   -0.1      0.0
  SINCE JUL 1      T                         0.1   -0.1      0.0
  SNOW DEPTH       0

DEGREE DAYS
 HEATING
  TODAY           20                        21     -1       24
  MONTH TO DATE  387                       409    -22      310
  SINCE SEP 1    387                       409    -22      310
  SINCE JUL 1    884                      1025   -141      627

 COOLING
  TODAY            0                         0      0        0
  MONTH TO DATE    0                         0      0        0
  SINCE SEP 1      0                         0      0        0
  SINCE JAN 1      1                         1      0        0
..................................................................


WIND (MPH)
  RESULTANT WIND SPEED   4   RESULTANT WIND DIRECTION   E (90)
  HIGHEST WIND SPEED    13   HIGHEST WIND DIRECTION     E (90)
  HIGHEST GUST SPEED    MM   HIGHEST GUST DIRECTION    MM
  AVERAGE WIND SPEED     4.8



WEATHER CONDITIONS
 THE FOLLOWING WEATHER WAS RECORDED TODAY.
  LIGHT SNOW


RELATIVE HUMIDITY (PERCENT)
 HIGHEST   100
 LOWEST     43
 AVERAGE    72

..........................................................


THE KING SALMON CLIMATE NORMALS FOR TOMORROW
                         NORMAL    RECORD    YEAR
 MAXIMUM TEMPERATURE (F)   51        63      1942
 MINIMUM TEMPERATURE (F)   35        15      1983


SUNRISE AND SUNSET
SEPTEMBER 25 2017.....SUNRISE   819 AM AKDT  SUNSET   816 PM AKDT
SEPTEMBER 26 2017.....SUNRISE   821 AM AKDT  SUNSET   813 PM AKDT


-  INDICATES NEGATIVE NUMBERS.
R  INDICATES RECORD WAS SET OR TIED.
MM INDICATES DATA IS MISSING.
T  INDICATES TRACE AMOUNT.




$$
