832
CDAK48 PAKN 131013
CLIAKN

CLIMATE REPORT
NATIONAL WEATHER SERVICE KING SALMON, AK
113 AM AKST SAT FEB 13 2016

...................................
...THE KING SALMON AP CLIMATE SUMMARY FOR FEBRUARY 12 2016...

CLIMATE NORMAL PERIOD  1981 TO  2010
CLIMATE RECORD PERIOD  1917 TO  2016

WEATHER ITEM   OBSERVED TIME    RECORD YEAR NORMAL DEPARTURE LAST
               VALUE    (LST)   VALUE       VALUE  FROM      YEAR
                                                   NORMAL
...................................................................
TEMPERATURE
YESTERDAY
 MAXIMUM            45  0108 PM    54  1986     26      19     47
 MINIMUM            27  1027 AM   -25  1964     11      16     29
 AVERAGE            36                          18      18     38

PRECIPITATION
(INCHES)
 YESTERDAY        0.00           0.75  1929   0.03   -0.03   0.00
 MONTH TO DATE    0.24                        0.34   -0.10   0.01
 SINCE DEC 1      3.07                        2.59    0.48   2.49
 SINCE JAN 1      0.72                        1.36   -0.64   0.53

SNOWFALL
(INCHES)
 YESTERDAY         0.0            3.5  2013    0.2    -0.2    0.0
 MONTH TO DATE     1.3                         2.7    -1.4      T
 SINCE DEC 1      18.1                        22.4    -4.3    8.2
 SINCE JUL 1      31.2                        32.2    -1.0   11.7
 SNOW DEPTH (IN)     0                                          T

DEGREE DAYS
 HEATING
  YESTERDAY         29                          47     -18     27
  MONTH TO DATE    362                         570    -208    576
  SINCE DEC 1     2651                        3521    -870   2959
  SINCE JUL 1     5429                        6896   -1467   5711

 COOLING
  YESTERDAY          0                           0       0      0
  MONTH TO DATE      0                           0       0      0
  SINCE DEC 1        0                           0       0      0
  SINCE JAN 1        0                           0       0      0
...................................................................

WIND (MPH)
 HIGHEST WIND SPEED    12     HIGHEST WIND DIRECTION     50
 HIGHEST GUST SPEED    13     HIGHEST GUST DIRECTION     40
 AVERAGE WIND SPEED   5.5

SKY COVER
  POSSIBLE SUNSHINE    MM          AVERAGE SKY COVER     MM

WEATHER CONDITIONS
 THE FOLLOWING WEATHER WAS RECORDED YESTERDAY.
 NO SIGNIFICANT WEATHER WAS OBSERVED.

RELATIVE HUMIDITY
 HIGHEST RH     MM PERCENT       MM
 LOWEST  RH     MM PERCENT       MM
 AVERAGE RH     MM PERCENT       MM
...................................................................

THE KING SALMON CLIMATE NORMALS FOR TODAY
                           NORMAL    RECORD   YEAR
 MAXIMUM TEMPERATURE (F)     27        52     1986
 MINIMUM TEMPERATURE (F)     11       -22     1956

SUNRISE AND SUNSET
 FEB 13 2016..........SUNRISE  9:06 AM      SUNSET  6:17 PM
 FEB 14 2016..........SUNRISE  9:04 AM      SUNSET  6:20 PM

-  INDICATES NEGATIVE NUMBERS.
R  INDICATES RECORD HAS BEEN SET OR TIED.
MM INDICATES DATA IS MISSING.
T  INDICATES TRACE OF PRECIPITATION.

&&
-------------------------------------------------------------------

AMOUNT OF DAYLIGHT TODAY  (HOUR:MIN)........9 HOURS 11 MINUTES
GAIN/LOSS SINCE YESTERDAY (HOUR:MIN:SEC)....+0:04:58

$$
JML FEB 16
