000
CDAK48 PAKN 281011
CLIAKN

CLIMATE REPORT
NATIONAL WEATHER SERVICE KING SALMON, AK
111 AM AKST SAT FEB 28 2015

...................................
...THE KING SALMON AP CLIMATE SUMMARY FOR FEBRUARY 27 2015...

CLIMATE NORMAL PERIOD  1981 TO  2010
CLIMATE RECORD PERIOD  1917 TO  2015

WEATHER ITEM   OBSERVED TIME    RECORD YEAR NORMAL DEPARTURE LAST
               VALUE    (LST)   VALUE       VALUE  FROM      YEAR
                                                   NORMAL
...................................................................
TEMPERATURE
YESTERDAY
 MAXIMUM            37  0425 PM    57  1991     29       8     45
 MINIMUM            13  0727 AM   -40  1954     13       0     36
 AVERAGE            25                          21       4     41

PRECIPITATION
(INCHES)
 YESTERDAY        0.03           0.31  2009   0.03    0.00      T
 MONTH TO DATE    0.26                        0.74   -0.48   0.06
 SINCE DEC 1      2.74                        2.99   -0.25   2.94
 SINCE JAN 1      0.78                        1.76   -0.98   1.81

SNOWFALL
(INCHES)
 YESTERDAY         2.0            3.0  1929    0.2     1.8    0.0
 MONTH TO DATE     2.0                         5.8    -3.8    1.3
 SINCE DEC 1      10.2                        25.5   -15.3   15.1
 SINCE JUL 1      13.7                        35.3   -21.6   26.7
 SNOW DEPTH (IN)     T                                          0

DEGREE DAYS
 HEATING
  YESTERDAY         40                          44      -4     24
  MONTH TO DATE   1037                        1248    -211   1158
  SINCE DEC 1     3420                        4199    -779   3425
  SINCE JUL 1     6171                        7574   -1403   6331

 COOLING
  YESTERDAY          0                           0       0      0
  MONTH TO DATE      0                           0       0      0
  SINCE DEC 1        0                           0       0      0
  SINCE JAN 1        0                           0       0      0
...................................................................

WIND (MPH)
 HIGHEST WIND SPEED     8     HIGHEST WIND DIRECTION     40
 HIGHEST GUST SPEED    10     HIGHEST GUST DIRECTION     40
 AVERAGE WIND SPEED   1.9

SKY COVER
  POSSIBLE SUNSHINE    MM          AVERAGE SKY COVER     MM

WEATHER CONDITIONS
 THE FOLLOWING WEATHER WAS RECORDED YESTERDAY.
  SNOW


RELATIVE HUMIDITY
 HIGHEST RH     MM PERCENT       MM
 LOWEST  RH     MM PERCENT       MM
 AVERAGE RH     MM PERCENT       MM
...................................................................

THE KING SALMON CLIMATE NORMALS FOR TODAY
                           NORMAL    RECORD   YEAR
 MAXIMUM TEMPERATURE (F)     30        51     1991
 MINIMUM TEMPERATURE (F)     13       -31     1956

SUNRISE AND SUNSET
 FEB 28 2015..........SUNRISE  8:26 AM      SUNSET  6:55 PM
 MAR 1 2015..........SUNRISE  8:23 AM      SUNSET  6:57 PM

-  INDICATES NEGATIVE NUMBERS.
R  INDICATES RECORD HAS BEEN SET OR TIED.
MM INDICATES DATA IS MISSING.
T  INDICATES TRACE OF PRECIPITATION.

&&
-------------------------------------------------------------------

AMOUNT OF DAYLIGHT TODAY  (HOUR:MIN)........10 HOURS 29 MINUTES
GAIN/LOSS SINCE YESTERDAY (HOUR:MIN:SEC)....+0:05:09

$$
FS FEB 15
