000
CDAK48 PAFC 181303
CLIAKN


CLIMATE REPORT
NATIONAL WEATHER SERVICE ANCHORAGE, AK
403 AM AKST THU JAN 18 2018


...................................

...THE KING SALMON CLIMATE SUMMARY FOR JANUARY 17 2018...

CLIMATE NORMAL PERIOD 1981 TO 2010
CLIMATE RECORD PERIOD 1917 TO 2018


WEATHER ITEM   OBSERVED TIME   RECORD YEAR NORMAL DEPARTURE LAST
                VALUE   (LST)  VALUE       VALUE  FROM      YEAR
                                                  NORMAL
..................................................................
TEMPERATURE (F)
 YESTERDAY
  MAXIMUM         31    406 AM  47    1963  23      8      -10
  MINIMUM         29    807 PM -34    1925   9     20      -19
  AVERAGE         30                        16     14      -14

PRECIPITATION (IN)
  YESTERDAY        0.35          0.63 2002   0.04   0.31     0.00
  MONTH TO DATE    1.36                      0.55   0.81     0.01
  SINCE SEP 1     11.66                      8.44   3.22     7.99
  SINCE JAN 1      1.36                      0.55   0.81     0.01

SNOWFALL (IN)
  YESTERDAY        2.8          MM      MM   0.4    2.4      0.0
  MONTH TO DATE    3.2                       5.4   -2.2      0.5
  SINCE SEP 1     11.3                      24.7  -13.4     10.6
  SINCE JUL 1     11.3                      24.7  -13.4     10.6
  SNOW DEPTH       3

DEGREE DAYS
 HEATING
  YESTERDAY       35                        49    -14       79
  MONTH TO DATE  566                       829   -263      926
  SINCE DEC 1   1621                      2267   -646     2348
  SINCE JUL 1   4557                      5644  -1087     5074

 COOLING
  YESTERDAY        0                         0      0        0
  MONTH TO DATE    0                         0      0        0
  SINCE DEC 1      0                         0      0        0
  SINCE JAN 1      0                         0      0        0
..................................................................


WIND (MPH)
  RESULTANT WIND SPEED  14   RESULTANT WIND DIRECTION   N (350)
  HIGHEST WIND SPEED    21   HIGHEST WIND DIRECTION     N (360)
  HIGHEST GUST SPEED    26   HIGHEST GUST DIRECTION     N (10)
  AVERAGE WIND SPEED    13.2



WEATHER CONDITIONS
 THE FOLLOWING WEATHER WAS RECORDED YESTERDAY.
  FREEZING RAIN
  LT FREEZING RAIN
  SNOW
  LIGHT SNOW
  FOG


RELATIVE HUMIDITY (PERCENT)
 HIGHEST   100
 LOWEST     92
 AVERAGE    96

..........................................................


THE KING SALMON CLIMATE NORMALS FOR TODAY
                         NORMAL    RECORD    YEAR
 MAXIMUM TEMPERATURE (F)   23        43      1963
                                             1937
 MINIMUM TEMPERATURE (F)    9       -31      1947


SUNRISE AND SUNSET
JANUARY 18 2018.......SUNRISE  1000 AM AKST  SUNSET   515 PM AKST
JANUARY 19 2018.......SUNRISE   958 AM AKST  SUNSET   518 PM AKST


-  INDICATES NEGATIVE NUMBERS.
R  INDICATES RECORD WAS SET OR TIED.
MM INDICATES DATA IS MISSING.
T  INDICATES TRACE AMOUNT.




$$
