404
CDAK48 PAFC 030107
CLIAKN


CLIMATE REPORT
NATIONAL WEATHER SERVICE ANCHORAGE, AK
406 PM AKST FRI DEC 2 2016


...................................

...THE KING SALMON CLIMATE SUMMARY FOR DECEMBER 2 2016...
VALID TODAY AS OF 0400 PM LOCAL TIME.

CLIMATE NORMAL PERIOD 1981 TO 2010
CLIMATE RECORD PERIOD 1917 TO 2016


WEATHER ITEM   OBSERVED TIME   RECORD YEAR NORMAL DEPARTURE LAST
                VALUE   (LST)  VALUE       VALUE  FROM      YEAR
                                                  NORMAL
..................................................................
TEMPERATURE (F)
 TODAY
  MAXIMUM          1    100 AM  48    2002  28    -27       18
  MINIMUM        -21   1000 AM -30    1987  12    -33        9
  AVERAGE        -10                        20    -30       14

PRECIPITATION (IN)
  TODAY            0.00          0.50 1929   0.04  -0.04    MM
  MONTH TO DATE    0.10                      0.09   0.01    MM
  SINCE DEC 1      0.10                      0.09   0.01    MM
  SINCE JAN 1     24.96                     18.35   6.61    22.34

SNOWFALL (IN)
  TODAY            0.0           4.3  1990   0.3   -0.3     MM
  MONTH TO DATE    1.0                       0.7    0.3     MM
  SINCE DEC 1      1.0                       0.7    0.3     MM
  SINCE JUL 1      5.6                      10.5   -4.9     13.1
  SNOW DEPTH       3

DEGREE DAYS
 HEATING
  TODAY           75                        45     30       51
  MONTH TO DATE  138                        90     48       87
  SINCE DEC 1    138                        90     48       87
  SINCE JUL 1   2864                      3467   -603     2684

 COOLING
  TODAY            0                         0      0        0
  MONTH TO DATE    0                         0      0        0
  SINCE DEC 1      0                         0      0        0
  SINCE JAN 1      0                         1     -1        2
..................................................................


WIND (MPH)
  RESULTANT WIND SPEED   5   RESULTANT WIND DIRECTION  NW (330)
  HIGHEST WIND SPEED    16   HIGHEST WIND DIRECTION     N (340)
  HIGHEST GUST SPEED    MM   HIGHEST GUST DIRECTION    MM
  AVERAGE WIND SPEED     5.6



WEATHER CONDITIONS
 THE FOLLOWING WEATHER WAS RECORDED TODAY.
  NO SIGNIFICANT WEATHER WAS OBSERVED.


RELATIVE HUMIDITY (PERCENT)
 HIGHEST    81
 LOWEST     64
 AVERAGE    73

..........................................................


THE KING SALMON CLIMATE NORMALS FOR TOMORROW
                         NORMAL    RECORD    YEAR
 MAXIMUM TEMPERATURE (F)   28        51      2011
 MINIMUM TEMPERATURE (F)   12       -32      1987


SUNRISE AND SUNSET
DECEMBER  2 2016......SUNRISE   955 AM AKST  SUNSET   438 PM AKST
DECEMBER  3 2016......SUNRISE   956 AM AKST  SUNSET   437 PM AKST


-  INDICATES NEGATIVE NUMBERS.
R  INDICATES RECORD WAS SET OR TIED.
MM INDICATES DATA IS MISSING.
T  INDICATES TRACE AMOUNT.




$$
