000
CDAK48 PAKN 281157
CLIAKN


CLIMATE REPORT
NATIONAL WEATHER SERVICE ANCHORAGE, AK
357 AM AKDT WED JUN 28 2017


...................................

...THE KING SALMON CLIMATE SUMMARY FOR JUNE 27 2017...

CLIMATE NORMAL PERIOD 1981 TO 2010
CLIMATE RECORD PERIOD 1917 TO 2017


WEATHER ITEM   OBSERVED TIME   RECORD YEAR NORMAL DEPARTURE LAST
                VALUE   (LST)  VALUE       VALUE  FROM      YEAR
                                                  NORMAL
..................................................................
TEMPERATURE (F)
 YESTERDAY
  MAXIMUM         57        MM  88    1953  63     -6       73
  MINIMUM         50        MM  35    1985  45      5       51
  AVERAGE         54                        54      0       62

PRECIPITATION (IN)
  YESTERDAY        0.44          0.81 1941   0.06   0.38      T
  MONTH TO DATE    2.34                      1.46   0.88     2.28
  SINCE JUN 1      2.34                      1.46   0.88     2.28
  SINCE JAN 1      5.41                      6.16  -0.75     9.69

SNOWFALL (IN)
  YESTERDAY        0.0          MM      MM   0.0    0.0      0.0
  MONTH TO DATE    0.0                       0.0    0.0      0.0
  SINCE JUN 1      0.0                       0.0    0.0      0.0
  SINCE JUL 1     26.0                      46.6  -20.6     13.1
  SNOW DEPTH       0

DEGREE DAYS
 HEATING
  YESTERDAY       11                        11      0        3
  MONTH TO DATE  304                       374    -70      240
  SINCE JUN 1    304                       374    -70      240
  SINCE JUL 1  10445                     10845   -400     7979

 COOLING
  YESTERDAY        0                         0      0        0
  MONTH TO DATE    0                         0      0        0
  SINCE JUN 1      0                         0      0        0
  SINCE JAN 1      0                         0      0        0
..................................................................


WIND (MPH)
  RESULTANT WIND SPEED   3   RESULTANT WIND DIRECTION   S (160)
  HIGHEST WIND SPEED    14   HIGHEST WIND DIRECTION     S (180)
  HIGHEST GUST SPEED    MM   HIGHEST GUST DIRECTION    MM
  AVERAGE WIND SPEED     5.4



WEATHER CONDITIONS
 THE FOLLOWING WEATHER WAS RECORDED YESTERDAY.
  LIGHT RAIN
  FOG


RELATIVE HUMIDITY (PERCENT)
 HIGHEST   100
 LOWEST     80
 AVERAGE    90

..........................................................


THE KING SALMON CLIMATE NORMALS FOR TODAY
                         NORMAL    RECORD    YEAR
 MAXIMUM TEMPERATURE (F)   63        83      1997
 MINIMUM TEMPERATURE (F)   45        35      1965


SUNRISE AND SUNSET
JUNE 28 2017..........SUNRISE   520 AM AKDT  SUNSET  1139 PM AKDT
JUNE 29 2017..........SUNRISE   521 AM AKDT  SUNSET  1139 PM AKDT


-  INDICATES NEGATIVE NUMBERS.
R  INDICATES RECORD WAS SET OR TIED.
MM INDICATES DATA IS MISSING.
T  INDICATES TRACE AMOUNT.




$$
