000
CDAK48 PAKN 251302
CLIAKN


CLIMATE REPORT
NATIONAL WEATHER SERVICE ANCHORAGE, AK
502 AM AKDT SAT MAR 25 2017


...................................

...THE KING SALMON CLIMATE SUMMARY FOR MARCH 24 2017...

CLIMATE NORMAL PERIOD 1981 TO 2010
CLIMATE RECORD PERIOD 1917 TO 2017


WEATHER ITEM   OBSERVED TIME   RECORD YEAR NORMAL DEPARTURE LAST
                VALUE   (LST)  VALUE       VALUE  FROM      YEAR
                                                  NORMAL
..................................................................
TEMPERATURE (F)
 YESTERDAY
  MAXIMUM         25    535 PM  52    1979  34     -9       44
                                      1941
  MINIMUM          2    710 AM -27    2007  17    -15       35
  AVERAGE         14                        26    -12       40

PRECIPITATION (IN)
  YESTERDAY        0.00          0.49 1968   0.02  -0.02     0.27
  MONTH TO DATE    0.00                      0.54  -0.54     0.58
  SINCE MAR 1      0.00                      0.54  -0.54     0.58
  SINCE JAN 1      1.20                      2.32  -1.12     2.02

SNOWFALL (IN)
  YESTERDAY        0.0          MM      MM   0.2   -0.2     MM
  MONTH TO DATE    0.0                       5.1   -5.1      0.0
  SINCE MAR 1      0.0                       5.1   -5.1      0.0
  SINCE JUL 1     22.7                      40.6  -17.9     13.1
  SNOW DEPTH       T

DEGREE DAYS
 HEATING
  YESTERDAY       51                        39     12       25
  MONTH TO DATE 1313                       999    314      766
  SINCE MAR 1   1313                       999    314      766
  SINCE JUL 1   8446                      8619   -173     6457

 COOLING
  YESTERDAY        0                         0      0        0
  MONTH TO DATE    0                         0      0        0
  SINCE MAR 1      0                         0      0        0
  SINCE JAN 1      0                         0      0        0
..................................................................


WIND (MPH)
  RESULTANT WIND SPEED   9   RESULTANT WIND DIRECTION   N (10)
  HIGHEST WIND SPEED    17   HIGHEST WIND DIRECTION     N (360)
  HIGHEST GUST SPEED    21   HIGHEST GUST DIRECTION     N (350)
  AVERAGE WIND SPEED     9.3



WEATHER CONDITIONS
 THE FOLLOWING WEATHER WAS RECORDED YESTERDAY.
  NO SIGNIFICANT WEATHER WAS OBSERVED.


RELATIVE HUMIDITY (PERCENT)
 HIGHEST    86
 LOWEST     46
 AVERAGE    66

..........................................................


THE KING SALMON CLIMATE NORMALS FOR TODAY
                         NORMAL    RECORD    YEAR
 MAXIMUM TEMPERATURE (F)   35        54      1934
 MINIMUM TEMPERATURE (F)   18       -20      1975


SUNRISE AND SUNSET
MARCH 25 2017.........SUNRISE   812 AM AKDT  SUNSET   854 PM AKDT
MARCH 26 2017.........SUNRISE   810 AM AKDT  SUNSET   856 PM AKDT


-  INDICATES NEGATIVE NUMBERS.
R  INDICATES RECORD WAS SET OR TIED.
MM INDICATES DATA IS MISSING.
T  INDICATES TRACE AMOUNT.




$$
