000
CDAK48 PAKN 210908
CLIAKN

CLIMATE REPORT
NATIONAL WEATHER SERVICE KING SALMON, AK
108 AM AKDT MON APR 21 2014

...................................
...THE KING SALMON AP CLIMATE SUMMARY FOR APRIL 20 2014...

CLIMATE NORMAL PERIOD  1981 TO  2010
CLIMATE RECORD PERIOD  1949 TO  2014

WEATHER ITEM   OBSERVED TIME    RECORD YEAR NORMAL DEPARTURE LAST
               VALUE    (LST)   VALUE       VALUE  FROM      YEAR
                                                   NORMAL
...................................................................
TEMPERATURE
YESTERDAY
 MAXIMUM            59R 0336 PM    57  1979     44      15     48
 MINIMUM            32  0712 AM     3  1972     27       5     18
 AVERAGE            46                          36      10     33

PRECIPITATION
(INCHES)
 YESTERDAY        0.00           1.21  1963   0.04   -0.04   0.00
 MONTH TO DATE    0.42                        0.62   -0.20   0.06
 SINCE MAR 1      1.18                        1.32   -0.14   1.56
 SINCE JAN 1      2.99                        3.10   -0.11   5.89

SNOWFALL
(INCHES)
 YESTERDAY         0.0            1.6  2005    0.1    -0.1    0.0
 MONTH TO DATE     0.5                         3.1    -2.6    0.8
 SINCE MAR 1       9.3                         9.5    -0.2   12.1
 SINCE JUL 1      36.0                        45.0    -9.0   74.5
 SNOW DEPTH (IN)     0                                          0

DEGREE DAYS
 HEATING
  YESTERDAY         19                          30     -11     32
  MONTH TO DATE    579                         666     -87    818
  SINCE MAR 1     1828                        1931    -103   2166
  SINCE JUL 1     8183                        9549   -1366  10031

 COOLING
  YESTERDAY          0                           0       0      0
  MONTH TO DATE      0                           0       0      0
  SINCE MAR 1        0                           0       0      0
  SINCE JAN 1        0                           0       0      0
...................................................................

WIND (MPH)
 HIGHEST WIND SPEED    16     HIGHEST WIND DIRECTION    280
 HIGHEST GUST SPEED    20     HIGHEST GUST DIRECTION    290
 AVERAGE WIND SPEED   5.6

SKY COVER
  POSSIBLE SUNSHINE    MM          AVERAGE SKY COVER     MM

WEATHER CONDITIONS
 THE FOLLOWING WEATHER WAS RECORDED YESTERDAY.
  NO SIGNIFICANT WEATHER WAS OBSERVED.

RELATIVE HUMIDITY
 HIGHEST RH     MM PERCENT       MM
 LOWEST  RH     MM PERCENT       MM
 AVERAGE RH     MM PERCENT       MM
...................................................................

THE KING SALMON CLIMATE NORMALS FOR TODAY
                           NORMAL    RECORD   YEAR
 MAXIMUM TEMPERATURE (F)     45        57     1979
 MINIMUM TEMPERATURE (F)     27        -1     1972

SUNRISE AND SUNSET
 APR 21 2014..........SUNRISE  6:57 AM      SUNSET  9:56 PM
 APR 22 2014..........SUNRISE  6:54 AM      SUNSET  9:58 PM

-  INDICATES NEGATIVE NUMBERS.
R  INDICATES RECORD HAS BEEN SET OR TIED.
MM INDICATES DATA IS MISSING.
T  INDICATES TRACE OF PRECIPITATION.

&&
-------------------------------------------------------------------

AMOUNT OF DAYLIGHT TODAY  (HOUR:MIN)........14 HOURS 59 MINUTES
GAIN/LOSS SINCE YESTERDAY (HOUR:MIN:SEC)....+0:05:02

$$
DJH APR 14
