000
CDUS45 KBOU 260725
CLIAKO


CLIMATE REPORT
NATIONAL WEATHER SERVICE DENVER/BOULDER CO
125 AM MDT FRI AUG 26 2016


...................................

...THE AKRON CO CLIMATE SUMMARY FOR AUGUST 25 2016...

CLIMATE NORMAL PERIOD 1981 TO 2010
CLIMATE RECORD PERIOD 9999 TO 9999


WEATHER ITEM   OBSERVED TIME   RECORD YEAR NORMAL DEPARTURE LAST
                VALUE   (LST)  VALUE       VALUE  FROM      YEAR
                                                  NORMAL
..................................................................
TEMPERATURE (F)
 YESTERDAY
  MAXIMUM         77    305 PM 100    2011  85     -8
  MINIMUM         47    612 AM  44    1964  57    -10
  AVERAGE         62                        71     -9

PRECIPITATION (IN)
  YESTERDAY        0.00          0.91 1940   0.06  -0.06     0.00
  MONTH TO DATE    1.36                      1.95  -0.59     0.64
  SINCE JUN 1      7.99                      6.96   1.03     3.51
  SINCE JAN 1     14.50                     13.14   1.36    11.52

DEGREE DAYS
 HEATING
  YESTERDAY        3
  MONTH TO DATE   15

 COOLING
  YESTERDAY        0
  MONTH TO DATE  181
..................................................................


WIND (MPH)
  HIGHEST WIND SPEED    21   HIGHEST WIND DIRECTION    SE (140)
  HIGHEST GUST SPEED    26   HIGHEST GUST DIRECTION    SE (130)




RELATIVE HUMIDITY (PERCENT)
 HIGHEST    67
 LOWEST     27
 AVERAGE    47

..........................................................


THE AKRON CO CLIMATE NORMALS FOR TODAY
                         NORMAL    RECORD    YEAR
 MAXIMUM TEMPERATURE (F)   84        99      2015
 MINIMUM TEMPERATURE (F)   57        47      1967


SUNRISE AND SUNSET
AUGUST 26 2016........SUNRISE   615 AM MDT   SUNSET   733 PM MDT
AUGUST 27 2016........SUNRISE   616 AM MDT   SUNSET   731 PM MDT


-  INDICATES NEGATIVE NUMBERS.
R  INDICATES RECORD WAS SET OR TIED.
MM INDICATES DATA IS MISSING.
T  INDICATES TRACE AMOUNT.




$$
