000
CDUS45 KBOU 050725
CLIAKO


CLIMATE REPORT
NATIONAL WEATHER SERVICE DENVER/BOULDER CO
125 AM MDT THU MAY 5 2016


...................................

...THE AKRON CO CLIMATE SUMMARY FOR MAY 4 2016...

CLIMATE NORMAL PERIOD 1981 TO 2010
CLIMATE RECORD PERIOD 9999 TO 9999


WEATHER ITEM   OBSERVED TIME   RECORD YEAR NORMAL DEPARTURE LAST
                VALUE   (LST)  VALUE       VALUE  FROM      YEAR
                                                  NORMAL
..................................................................
TEMPERATURE (F)
 YESTERDAY
  MAXIMUM         73    440 PM  87    2012  67      6
                                      2000
  MINIMUM         41    444 AM  26    1955  40      1
  AVERAGE         57                        53      4

PRECIPITATION (IN)
  YESTERDAY        0.00          0.94 1987   0.09  -0.09      T
  MONTH TO DATE    0.02                      0.32  -0.30     0.04
  SINCE MAR 1      3.30                      2.84   0.46     1.75
  SINCE JAN 1      3.41                      3.58  -0.17     2.03

DEGREE DAYS
 HEATING
  YESTERDAY        8
  MONTH TO DATE   73

 COOLING
  YESTERDAY        0
  MONTH TO DATE    0
..................................................................


WIND (MPH)
  HIGHEST WIND SPEED    18   HIGHEST WIND DIRECTION     W (270)
  HIGHEST GUST SPEED    21   HIGHEST GUST DIRECTION     W (270)




RELATIVE HUMIDITY (PERCENT)
 HIGHEST    76
 LOWEST     27
 AVERAGE    52

..........................................................


THE AKRON CO CLIMATE NORMALS FOR TODAY
                         NORMAL    RECORD    YEAR
 MAXIMUM TEMPERATURE (F)   67        90      2004
 MINIMUM TEMPERATURE (F)   40        23      1944


SUNRISE AND SUNSET
MAY  5 2016...........SUNRISE   547 AM MDT   SUNSET   753 PM MDT
MAY  6 2016...........SUNRISE   546 AM MDT   SUNSET   754 PM MDT


-  INDICATES NEGATIVE NUMBERS.
R  INDICATES RECORD WAS SET OR TIED.
MM INDICATES DATA IS MISSING.
T  INDICATES TRACE AMOUNT.




$$
