000
CDUS45 KBOU 240725
CLIAKO


CLIMATE REPORT
NATIONAL WEATHER SERVICE DENVER/BOULDER CO
125 AM MDT FRI MAR 24 2017


...................................

...THE AKRON CO CLIMATE SUMMARY FOR MARCH 23 2017...

CLIMATE NORMAL PERIOD 1981 TO 2010
CLIMATE RECORD PERIOD 9999 TO 9999


WEATHER ITEM   OBSERVED TIME   RECORD YEAR NORMAL DEPARTURE LAST
                VALUE   (LST)  VALUE       VALUE  FROM      YEAR
                                                  NORMAL
..................................................................
TEMPERATURE (F)
 YESTERDAY
  MAXIMUM         81R   212 PM  80    1967  54     27
  MINIMUM         41   1200 AM   2    1965  28     13
  AVERAGE         61                        41     20

PRECIPITATION (IN)
  YESTERDAY        0.02          1.09 2013   0.03  -0.01     0.07
  MONTH TO DATE    0.03                      0.59  -0.56     0.22
  SINCE MAR 1      0.03                      0.59  -0.56     0.22
  SINCE JAN 1      0.14                      1.33  -1.19     0.33

DEGREE DAYS
 HEATING
  YESTERDAY        4
  MONTH TO DATE  400

 COOLING
  YESTERDAY        0
  MONTH TO DATE    0
..................................................................


WIND (MPH)
  HIGHEST WIND SPEED    46   HIGHEST WIND DIRECTION     N (360)
  HIGHEST GUST SPEED    56   HIGHEST GUST DIRECTION     N (360)




RELATIVE HUMIDITY (PERCENT)
 HIGHEST    89
 LOWEST      6
 AVERAGE    48

..........................................................


THE AKRON CO CLIMATE NORMALS FOR TODAY
                         NORMAL    RECORD    YEAR
 MAXIMUM TEMPERATURE (F)   55        76      2004
 MINIMUM TEMPERATURE (F)   28         0      1965


SUNRISE AND SUNSET
MARCH 24 2017.........SUNRISE   649 AM MDT   SUNSET   709 PM MDT
MARCH 25 2017.........SUNRISE   648 AM MDT   SUNSET   710 PM MDT


-  INDICATES NEGATIVE NUMBERS.
R  INDICATES RECORD WAS SET OR TIED.
MM INDICATES DATA IS MISSING.
T  INDICATES TRACE AMOUNT.




$$
