000
CDUS45 KBOU 250725
CLIAKO


CLIMATE REPORT
NATIONAL WEATHER SERVICE BOULDER, CO
125 AM MDT MON MAY 25 2015


...................................

...THE AKRON CO CLIMATE SUMMARY FOR MAY 24 2015...

CLIMATE NORMAL PERIOD 1981 TO 2010
CLIMATE RECORD PERIOD 9999 TO 9999


WEATHER ITEM   OBSERVED TIME   RECORD YEAR NORMAL DEPARTURE LAST
                VALUE   (LST)  VALUE       VALUE  FROM      YEAR
                                                  NORMAL
..................................................................
TEMPERATURE (F)
 YESTERDAY
  MAXIMUM         65   1227 PM  92    1967  73     -8
  MINIMUM         44    541 AM  36    1946  46     -2
  AVERAGE         55                        60     -5

PRECIPITATION (IN)
  YESTERDAY        0.22          2.27 1948   0.10   0.12     0.00
  MONTH TO DATE    5.53                      2.19   3.34     2.83
  SINCE MAR 1      7.24                      4.71   2.53     4.02
  SINCE JAN 1      7.52                      5.45   2.07     4.45

DEGREE DAYS
 HEATING
  YESTERDAY       10
  MONTH TO DATE  327

 COOLING
  YESTERDAY        0
  MONTH TO DATE    0
..................................................................


WIND (MPH)
  HIGHEST WIND SPEED    39   HIGHEST WIND DIRECTION     W (260)
  HIGHEST GUST SPEED    46   HIGHEST GUST DIRECTION     W (260)




RELATIVE HUMIDITY (PERCENT)
 HIGHEST   100
 LOWEST     56
 AVERAGE    78

..........................................................


THE AKRON CO CLIMATE NORMALS FOR TODAY
                         NORMAL    RECORD    YEAR
 MAXIMUM TEMPERATURE (F)   73        93      1964
 MINIMUM TEMPERATURE (F)   47        32      1992


SUNRISE AND SUNSET
MAY 25 2015...........SUNRISE   529 AM MDT   SUNSET   811 PM MDT
MAY 26 2015...........SUNRISE   529 AM MDT   SUNSET   811 PM MDT


-  INDICATES NEGATIVE NUMBERS.
R  INDICATES RECORD WAS SET OR TIED.
MM INDICATES DATA IS MISSING.
T  INDICATES TRACE AMOUNT.




$$
