000
CDUS45 KBOU 262141
CLIAKO


CLIMATE REPORT
NATIONAL WEATHER SERVICE DENVER/BOULDER CO
340 PM MDT MON SEP 26 2016


...................................

...THE AKRON CO CLIMATE SUMMARY FOR SEPTEMBER 25 2016...

CLIMATE NORMAL PERIOD 1981 TO 2010
CLIMATE RECORD PERIOD 9999 TO 9999


WEATHER ITEM   OBSERVED TIME   RECORD YEAR NORMAL DEPARTURE LAST
                VALUE   (LST)  VALUE       VALUE  FROM      YEAR
                                                  NORMAL
..................................................................
TEMPERATURE (F)
 YESTERDAY
  MAXIMUM         68    315 PM  90    1964  73     -5
  MINIMUM         41    612 AM  26    1942  45     -4
  AVERAGE         55                        59     -4

PRECIPITATION (IN)
  YESTERDAY        0.00          0.50 1973   0.03  -0.03     0.00
  MONTH TO DATE    1.37                      0.97   0.40     0.02
  SINCE SEP 1      1.37                      0.97   0.40     0.02
  SINCE JAN 1     16.10                     14.46   1.64    11.58

DEGREE DAYS
 HEATING
  YESTERDAY       10
  MONTH TO DATE   64

 COOLING
  YESTERDAY        0
  MONTH TO DATE   83
..................................................................


WIND (MPH)
  HIGHEST WIND SPEED    24   HIGHEST WIND DIRECTION     N (350)
  HIGHEST GUST SPEED    31   HIGHEST GUST DIRECTION     N (10)




RELATIVE HUMIDITY (PERCENT)
 HIGHEST    76
 LOWEST     26
 AVERAGE    51

..........................................................


THE AKRON CO CLIMATE NORMALS FOR TODAY
                         NORMAL    RECORD    YEAR
 MAXIMUM TEMPERATURE (F)   72        90      2008
 MINIMUM TEMPERATURE (F)   44        17      1942


SUNRISE AND SUNSET
SEPTEMBER 26 2016.....SUNRISE   645 AM MDT   SUNSET   642 PM MDT
SEPTEMBER 27 2016.....SUNRISE   646 AM MDT   SUNSET   641 PM MDT


-  INDICATES NEGATIVE NUMBERS.
R  INDICATES RECORD WAS SET OR TIED.
MM INDICATES DATA IS MISSING.
T  INDICATES TRACE AMOUNT.




$$
