000
CDUS41 KALY 290653
CLIALB


CLIMATE REPORT
NATIONAL WEATHER SERVICE ALBANY NY
252 AM EDT SUN MAR 29 2015


...................................

...THE ALBANY NY CLIMATE SUMMARY FOR MARCH 28 2015...

CLIMATE NORMAL PERIOD 1981 TO 2010
CLIMATE RECORD PERIOD 1874 TO 2015


WEATHER ITEM   OBSERVED TIME   RECORD YEAR NORMAL DEPARTURE LAST
                VALUE   (LST)  VALUE       VALUE  FROM      YEAR
                                                  NORMAL
..................................................................
TEMPERATURE (F)
 YESTERDAY
  MAXIMUM         32   1229 AM  85    1945  50    -18       47
  MINIMUM         22   1159 PM   3    1923  30     -8       35
  AVERAGE         27                        40    -13       41

PRECIPITATION (IN)
  YESTERDAY        0.06          1.73 1932   0.10  -0.04     0.65
  MONTH TO DATE    1.25                      2.89  -1.64     1.63
  SINCE MAR 1      1.25                      2.89  -1.64     1.63
  SINCE JAN 1      5.57                      7.68  -2.11     7.42

SNOWFALL (IN)
  YESTERDAY        1.9          14.2  1932   0.2    1.7       T
  MONTH TO DATE    5.2                       9.6   -4.4      5.9
  SINCE MAR 1      5.2                       9.6   -4.4      5.9
  SINCE JUL 1     75.8                      56.1   19.7     71.1
  SNOW DEPTH       1

DEGREE DAYS
 HEATING
  YESTERDAY       38                        25     13       24
  MONTH TO DATE  994                       855    139     1075
  SINCE MAR 1    994                       855    139     1075
  SINCE JUL 1   6124                      5799    325     6192

 COOLING
  YESTERDAY        0                         0      0        0
  MONTH TO DATE    0                         0      0        0
  SINCE MAR 1      0                         0      0        0
  SINCE JAN 1      0                         0      0        0
..................................................................


WIND (MPH)
  HIGHEST WIND SPEED    21   HIGHEST WIND DIRECTION    NW (310)
  HIGHEST GUST SPEED    26   HIGHEST GUST DIRECTION    NW (310)
  AVERAGE WIND SPEED    10.9


SKY COVER
  AVERAGE SKY COVER 1.0



RELATIVE HUMIDITY (PERCENT)
 HIGHEST    81
 LOWEST     50
 AVERAGE    66

..........................................................


THE ALBANY NY CLIMATE NORMALS FOR TODAY
                         NORMAL    RECORD    YEAR
 MAXIMUM TEMPERATURE (F)   50        85      1946
 MINIMUM TEMPERATURE (F)   31         0      1923


SUNRISE AND SUNSET
MARCH 29 2015.........SUNRISE   643 AM EDT   SUNSET   718 PM EDT
MARCH 30 2015.........SUNRISE   641 AM EDT   SUNSET   719 PM EDT


-  INDICATES NEGATIVE NUMBERS.
R  INDICATES RECORD WAS SET OR TIED.
MM INDICATES DATA IS MISSING.
T  INDICATES TRACE AMOUNT.




$$
