000
CDUS45 KPUB 180043
CLIALS


CLIMATE REPORT
NATIONAL WEATHER SERVICE PUEBLO
543 PM MST WED DEC 17 2014


...................................

...THE ALAMOSA CO CLIMATE SUMMARY FOR DECEMBER 17 2014...
VALID TODAY AS OF 0500 PM LOCAL TIME.

CLIMATE NORMAL PERIOD 1981 TO 2010
CLIMATE RECORD PERIOD 1932 TO 2014


WEATHER ITEM   OBSERVED TIME   RECORD YEAR NORMAL DEPARTURE LAST
                VALUE   (LST)  VALUE       VALUE  FROM      YEAR
                                                  NORMAL
..................................................................
TEMPERATURE (F)
 TODAY
  MAXIMUM         30    310 PM  56    1946  34     -4       27
  MINIMUM         13    528 AM -24    1943   0     13       -7
  AVERAGE         22                        17      5       10

PRECIPITATION (IN)
  TODAY            0.02          0.20 1990   0.01   0.01     0.00
  MONTH TO DATE    0.15                      0.20  -0.05     0.03
  SINCE DEC 1      0.15                      0.20  -0.05     0.03
  SINCE JAN 1      5.48                      7.16  -1.68    10.04

SNOWFALL (IN)
  TODAY            0.2           3.3  1990   0.2    0.0      0.0
  MONTH TO DATE    0.5                       2.6   -2.1      0.7
  SINCE DEC 1      0.5                       2.6   -2.1      0.7
  SINCE JUL 1      2.1                       8.4   -6.3     22.3
  SNOW DEPTH       T

DEGREE DAYS
 HEATING
  TODAY           43                        48     -5       55
  MONTH TO DATE  622                       779   -157      989
  SINCE DEC 1    622                       779   -157      989
  SINCE JUL 1   2465                      2954   -489     3089

 COOLING
  TODAY            0                         0      0        0
  MONTH TO DATE    0                         0      0        0
  SINCE DEC 1      0                         0      0        0
  SINCE JAN 1     60                        51      9      113
..................................................................


WIND (MPH)
  HIGHEST WIND SPEED     7   HIGHEST WIND DIRECTION    NW (310)
  HIGHEST GUST SPEED     8   HIGHEST GUST DIRECTION    NW (310)
  AVERAGE WIND SPEED     2.7


SKY COVER
  POSSIBLE SUNSHINE  MM
  AVERAGE SKY COVER 0.7


WEATHER CONDITIONS
 THE FOLLOWING WEATHER WAS RECORDED TODAY.
  LIGHT SNOW
  FOG
  HAZE


RELATIVE HUMIDITY (PERCENT)
 HIGHEST    88           400 AM
 LOWEST     63          1100 AM
 AVERAGE    76

..........................................................


THE ALAMOSA CO CLIMATE NORMALS FOR TOMORROW
                         NORMAL    RECORD    YEAR
 MAXIMUM TEMPERATURE (F)   34        53      1980
 MINIMUM TEMPERATURE (F)    0       -25      1964
                                             1943


SUNRISE AND SUNSET
DECEMBER 17 2014......SUNRISE   712 AM MST   SUNSET   447 PM MST
DECEMBER 18 2014......SUNRISE   713 AM MST   SUNSET   448 PM MST


-  INDICATES NEGATIVE NUMBERS.
R  INDICATES RECORD WAS SET OR TIED.
MM INDICATES DATA IS MISSING.
T  INDICATES TRACE AMOUNT.




$$
