000
CDUS45 KPUB 032320
CLIALS


CLIMATE REPORT
NATIONAL WEATHER SERVICE PUEBLO
520 PM MDT MON AUG 3 2015


...................................

...THE ALAMOSA CO CLIMATE SUMMARY FOR AUGUST 3 2015...
VALID TODAY AS OF 0500 PM LOCAL TIME.

CLIMATE NORMAL PERIOD 1981 TO 2010
CLIMATE RECORD PERIOD 1932 TO 2015


WEATHER ITEM   OBSERVED TIME   RECORD YEAR NORMAL DEPARTURE LAST
                VALUE   (LST)  VALUE       VALUE  FROM      YEAR
                                                  NORMAL
..................................................................
TEMPERATURE (F)
 TODAY
  MAXIMUM         75    144 PM  88    2008  81     -6       78
                                      2005
                                      2000
  MINIMUM         55    537 AM  38    1990  48      7       47
  AVERAGE         65                        64      1       63

PRECIPITATION (IN)
  TODAY            0.03          0.59 1970   0.04  -0.01     0.00
  MONTH TO DATE    0.11                      0.12  -0.01      T
  SINCE JUN 1      2.64                      1.58   1.06     1.54
  SINCE JAN 1      6.58                      3.80   2.78     3.35

SNOWFALL (IN)
  TODAY            0.0           0.0  2002   0.0    0.0      0.0
  MONTH TO DATE    0.0                       0.0    0.0      0.0
  SINCE JUN 1      0.0                       0.0    0.0      0.0
  SINCE JUL 1      0.0                       0.0    0.0      0.0
  SNOW DEPTH       0

DEGREE DAYS
 HEATING
  TODAY            0                         1     -1        2
  MONTH TO DATE    1                         3     -2       11
  SINCE JUN 1    121                       216    -95      159
  SINCE JUL 1     45                        48     -3       33

 COOLING
  TODAY            0                         1     -1        0
  MONTH TO DATE    1                         3     -2        0
  SINCE JUN 1     50                        41      9       57
  SINCE JAN 1     50                        41      9       57
..................................................................


WIND (MPH)
  HIGHEST WIND SPEED    20   HIGHEST WIND DIRECTION    NW (320)
  HIGHEST GUST SPEED    26   HIGHEST GUST DIRECTION    NW (320)
  AVERAGE WIND SPEED     2.5


SKY COVER
  POSSIBLE SUNSHINE  MM
  AVERAGE SKY COVER 0.8


WEATHER CONDITIONS
 THE FOLLOWING WEATHER WAS RECORDED TODAY.
  THUNDERSTORM
  LIGHT RAIN


RELATIVE HUMIDITY (PERCENT)
 HIGHEST    93          1200 AM
 LOWEST     41           100 PM
 AVERAGE    67

..........................................................


THE ALAMOSA CO CLIMATE NORMALS FOR TOMORROW
                         NORMAL    RECORD    YEAR
 MAXIMUM TEMPERATURE (F)   81        88      2008
                                             1980
 MINIMUM TEMPERATURE (F)   48        39      1950


SUNRISE AND SUNSET
AUGUST  3 2015........SUNRISE   609 AM MDT   SUNSET   810 PM MDT
AUGUST  4 2015........SUNRISE   610 AM MDT   SUNSET   809 PM MDT


-  INDICATES NEGATIVE NUMBERS.
R  INDICATES RECORD WAS SET OR TIED.
MM INDICATES DATA IS MISSING.
T  INDICATES TRACE AMOUNT.




$$
