000
CDUS45 KPUB 210027
CLIALS


CLIMATE REPORT
NATIONAL WEATHER SERVICE PUEBLO
527 PM MST MON FEB 20 2017


...................................

...THE ALAMOSA CO CLIMATE SUMMARY FOR FEBRUARY 20 2017...
VALID TODAY AS OF 0500 PM LOCAL TIME.

CLIMATE NORMAL PERIOD 1981 TO 2010
CLIMATE RECORD PERIOD 1932 TO 2017


WEATHER ITEM   OBSERVED TIME   RECORD YEAR NORMAL DEPARTURE LAST
                VALUE   (LST)  VALUE       VALUE  FROM      YEAR
                                                  NORMAL
..................................................................
TEMPERATURE (F)
 TODAY
  MAXIMUM         49    432 PM  64    1935  42      7       61
  MINIMUM         25    700 AM -19    1955   8     17       19
  AVERAGE         37                        25     12       40

PRECIPITATION (IN)
  TODAY            0.00          0.16 1938   0.01  -0.01     0.00
  MONTH TO DATE    0.27                      0.18   0.09     0.15
  SINCE DEC 1      2.71                      0.79   1.92     0.98
  SINCE JAN 1      1.63                      0.44   1.19     0.73

SNOWFALL (IN)
  TODAY            0.0           2.7  1938   0.2   -0.2      0.0
  MONTH TO DATE    2.1                       2.8   -0.7      1.7
  SINCE DEC 1     34.2                      11.3   22.9     12.1
  SINCE JUL 1     35.2                      17.1   18.1     16.4
  SNOW DEPTH       0

DEGREE DAYS
 HEATING
  TODAY           28                        40    -12       25
  MONTH TO DATE  708                       874   -166      753
  SINCE DEC 1   3645                      3846   -201     3689
  SINCE JUL 1   5509                      6021   -512     5467

 COOLING
  TODAY            0                         0      0        0
  MONTH TO DATE    0                         0      0        0
  SINCE DEC 1      0                         0      0        0
  SINCE JAN 1      0                         0      0        0
..................................................................


WIND (MPH)
  HIGHEST WIND SPEED    13   HIGHEST WIND DIRECTION    NW (320)
  HIGHEST GUST SPEED    15   HIGHEST GUST DIRECTION    NW (320)
  AVERAGE WIND SPEED     5.3


SKY COVER
  POSSIBLE SUNSHINE  MM
  AVERAGE SKY COVER 0.2


WEATHER CONDITIONS
 THE FOLLOWING WEATHER WAS RECORDED TODAY.
  NO SIGNIFICANT WEATHER WAS OBSERVED.


RELATIVE HUMIDITY (PERCENT)
 HIGHEST    92           100 AM
 LOWEST     29           300 PM
 AVERAGE    61

..........................................................


THE ALAMOSA CO CLIMATE NORMALS FOR TOMORROW
                         NORMAL    RECORD    YEAR
 MAXIMUM TEMPERATURE (F)   42        59      1935
 MINIMUM TEMPERATURE (F)    8       -20      1939


SUNRISE AND SUNSET
FEBRUARY 20 2017......SUNRISE   646 AM MST   SUNSET   549 PM MST
FEBRUARY 21 2017......SUNRISE   645 AM MST   SUNSET   550 PM MST


-  INDICATES NEGATIVE NUMBERS.
R  INDICATES RECORD WAS SET OR TIED.
MM INDICATES DATA IS MISSING.
T  INDICATES TRACE AMOUNT.




$$
