000
CDUS45 KPUB 010032
CLIALS


CLIMATE REPORT
NATIONAL WEATHER SERVICE PUEBLO
631 PM MDT WED AUG 31 2016


...................................

...THE ALAMOSA CO CLIMATE SUMMARY FOR AUGUST 31 2016...
VALID TODAY AS OF 0500 PM LOCAL TIME.

CLIMATE NORMAL PERIOD 1981 TO 2010
CLIMATE RECORD PERIOD 1932 TO 2016


WEATHER ITEM   OBSERVED TIME   RECORD YEAR NORMAL DEPARTURE LAST
                VALUE   (LST)  VALUE       VALUE  FROM      YEAR
                                                  NORMAL
..................................................................
TEMPERATURE (F)
 TODAY
  MAXIMUM         79    257 PM  88    2011  77      2       79
  MINIMUM         42    543 AM  31    1944  43     -1       51
  AVERAGE         61                        60      1       65

PRECIPITATION (IN)
  TODAY            0.00          0.34 2001   0.04  -0.04     0.04
  MONTH TO DATE    2.15                      1.27   0.88     0.50
  SINCE JUN 1      2.97                      2.73   0.24     3.03
  SINCE JAN 1      7.34                      4.95   2.39     6.97

SNOWFALL (IN)
  TODAY            0.0           0.0  2002   0.0    0.0      0.0
  MONTH TO DATE    0.0                       0.0    0.0      0.0
  SINCE JUN 1      0.0                       0.0    0.0      0.0
  SINCE JUL 1      0.0                       0.0    0.0      0.0
  SNOW DEPTH       0

DEGREE DAYS
 HEATING
  TODAY            4                         5     -1        0
  MONTH TO DATE  131                        84     47       48
  SINCE JUN 1    200                       297    -97      168
  SINCE JUL 1    144                       129     15       92

 COOLING
  TODAY            0                         0      0        0
  MONTH TO DATE    9                        13     -4       25
  SINCE JUN 1    115                        51     64       74
  SINCE JAN 1    115                        51     64       74
..................................................................


WIND (MPH)
  HIGHEST WIND SPEED    14   HIGHEST WIND DIRECTION    SE (140)
  HIGHEST GUST SPEED    20   HIGHEST GUST DIRECTION    SE (140)
  AVERAGE WIND SPEED     3.4


SKY COVER
  POSSIBLE SUNSHINE  MM
  AVERAGE SKY COVER 0.1


WEATHER CONDITIONS
 THE FOLLOWING WEATHER WAS RECORDED TODAY.
  NO SIGNIFICANT WEATHER WAS OBSERVED.


RELATIVE HUMIDITY (PERCENT)
 HIGHEST    92           500 AM
 LOWEST     22           400 PM
 AVERAGE    57

..........................................................


THE ALAMOSA CO CLIMATE NORMALS FOR TOMORROW
                         NORMAL    RECORD    YEAR
 MAXIMUM TEMPERATURE (F)   77        86      1990
                                             1948
 MINIMUM TEMPERATURE (F)   43        29      1962


SUNRISE AND SUNSET
AUGUST 31 2016........SUNRISE   633 AM MDT   SUNSET   733 PM MDT
SEPTEMBER  1 2016.....SUNRISE   634 AM MDT   SUNSET   731 PM MDT


-  INDICATES NEGATIVE NUMBERS.
R  INDICATES RECORD WAS SET OR TIED.
MM INDICATES DATA IS MISSING.
T  INDICATES TRACE AMOUNT.




$$
