000
CDUS45 KPUB 211146
CLIALS


CLIMATE REPORT
NATIONAL WEATHER SERVICE PUEBLO
446 AM MST TUE NOV 21 2017


...................................

...THE ALAMOSA CO CLIMATE SUMMARY FOR NOVEMBER 20 2017...

CLIMATE NORMAL PERIOD 1981 TO 2010
CLIMATE RECORD PERIOD 1932 TO 2017


WEATHER ITEM   OBSERVED TIME   RECORD YEAR NORMAL DEPARTURE LAST
                VALUE   (LST)  VALUE       VALUE  FROM      YEAR
                                                  NORMAL
..................................................................
TEMPERATURE (F)
 YESTERDAY
  MAXIMUM         51    302 PM  65    1989  44      7       58
  MINIMUM          6    434 AM -14    1964  10     -4       11
  AVERAGE         29                        27      2       35

PRECIPITATION (IN)
  YESTERDAY        0.00          0.22 1940   0.01  -0.01     0.00
  MONTH TO DATE    0.05                      0.30  -0.25     0.17
  SINCE SEP 1      1.86                      1.89  -0.03     0.47
  SINCE JAN 1     10.55                      6.84   3.71     7.82

SNOWFALL (IN)
  YESTERDAY        0.0           5.0  1940   0.1   -0.1      0.0
  MONTH TO DATE    0.2                       2.4   -2.2       T
  SINCE SEP 1      0.2                       4.5   -4.3       T
  SINCE JUL 1      0.2                       4.5   -4.3       T
  SNOW DEPTH       0

DEGREE DAYS
 HEATING
  YESTERDAY       36                        38     -2       30
  MONTH TO DATE  511                       660   -149      542
  SINCE SEP 1   1387                      1641   -254     1321
  SINCE JUL 1   1486                      1770   -284     1465

 COOLING
  YESTERDAY        0                         0      0        0
  MONTH TO DATE    0                         0      0        0
  SINCE SEP 1      0                         0      0        0
  SINCE JAN 1     76                        51     25      115
..................................................................


WIND (MPH)
  HIGHEST WIND SPEED    10   HIGHEST WIND DIRECTION     E (110)
  HIGHEST GUST SPEED    13   HIGHEST GUST DIRECTION    SE (120)
  AVERAGE WIND SPEED     2.8


SKY COVER
  POSSIBLE SUNSHINE  MM
  AVERAGE SKY COVER 0.0


WEATHER CONDITIONS
 THE FOLLOWING WEATHER WAS RECORDED YESTERDAY.
  NO SIGNIFICANT WEATHER WAS OBSERVED.


RELATIVE HUMIDITY (PERCENT)
 HIGHEST    88           300 AM
 LOWEST     12           300 PM
 AVERAGE    50

..........................................................


THE ALAMOSA CO CLIMATE NORMALS FOR TODAY
                         NORMAL    RECORD    YEAR
 MAXIMUM TEMPERATURE (F)   44        61      1989
 MINIMUM TEMPERATURE (F)   10       -12      1964


SUNRISE AND SUNSET
NOVEMBER 21 2017......SUNRISE   650 AM MST   SUNSET   449 PM MST
NOVEMBER 22 2017......SUNRISE   651 AM MST   SUNSET   448 PM MST


-  INDICATES NEGATIVE NUMBERS.
R  INDICATES RECORD WAS SET OR TIED.
MM INDICATES DATA IS MISSING.
T  INDICATES TRACE AMOUNT.




$$
