000
CDUS45 KPUB 231401
CLIALS


CLIMATE REPORT
NATIONAL WEATHER SERVICE PUEBLO
701 AM MST FRI FEB 23 2018


...................................

...THE ALAMOSA CO CLIMATE SUMMARY FOR FEBRUARY 22 2018...

CLIMATE NORMAL PERIOD 1981 TO 2010
CLIMATE RECORD PERIOD 1932 TO 2018


WEATHER ITEM   OBSERVED TIME   RECORD YEAR NORMAL DEPARTURE LAST
                VALUE   (LST)  VALUE       VALUE  FROM      YEAR
                                                  NORMAL
..................................................................
TEMPERATURE (F)
 YESTERDAY
  MAXIMUM         36    219 PM  60    1982  42     -6       53
                                      1958
  MINIMUM         10   1134 PM -20    1939   9      1       33
  AVERAGE         23                        26     -3       43

PRECIPITATION (IN)
  YESTERDAY        T             0.49 2015   0.01  -0.01     0.00
  MONTH TO DATE    0.23                      0.20   0.03     0.27
  SINCE DEC 1      0.45                      0.81  -0.36     2.71
  SINCE JAN 1      0.31                      0.46  -0.15     1.63

SNOWFALL (IN)
  YESTERDAY        0.2           9.2  2015   0.1    0.1      0.0
  MONTH TO DATE    3.7                       3.0    0.7      2.1
  SINCE DEC 1      6.5                      11.5   -5.0     34.2
  SINCE JUL 1      6.9                      17.3  -10.4     35.2
  SNOW DEPTH       0

DEGREE DAYS
 HEATING
  YESTERDAY       42                        39      3       22
  MONTH TO DATE  773                       953   -180      755
  SINCE DEC 1   3268                      3925   -657     3692
  SINCE JUL 1   5034                      6100  -1066     5556

 COOLING
  YESTERDAY        0                         0      0        0
  MONTH TO DATE    0                         0      0        0
  SINCE DEC 1      0                         0      0        0
  SINCE JAN 1      0                         0      0        0
..................................................................


WIND (MPH)
  HIGHEST WIND SPEED    32   HIGHEST WIND DIRECTION    SW (210)
  HIGHEST GUST SPEED    44   HIGHEST GUST DIRECTION    SW (210)
  AVERAGE WIND SPEED    16.1


SKY COVER
  POSSIBLE SUNSHINE  MM
  AVERAGE SKY COVER 0.2


WEATHER CONDITIONS
 THE FOLLOWING WEATHER WAS RECORDED YESTERDAY.
  LIGHT SNOW
  FOG


RELATIVE HUMIDITY (PERCENT)
 HIGHEST    88           300 AM
 LOWEST     32           100 PM
 AVERAGE    60

..........................................................


THE ALAMOSA CO CLIMATE NORMALS FOR TODAY
                         NORMAL    RECORD    YEAR
 MAXIMUM TEMPERATURE (F)   43        59      2002
                                             1995
 MINIMUM TEMPERATURE (F)    9       -23      1960


SUNRISE AND SUNSET
FEBRUARY 23 2018......SUNRISE   643 AM MST   SUNSET   551 PM MST
FEBRUARY 24 2018......SUNRISE   641 AM MST   SUNSET   552 PM MST


-  INDICATES NEGATIVE NUMBERS.
R  INDICATES RECORD WAS SET OR TIED.
MM INDICATES DATA IS MISSING.
T  INDICATES TRACE AMOUNT.




$$
