705
CDUS45 KPUB 281040
CLIALS


CLIMATE REPORT
NATIONAL WEATHER SERVICE PUEBLO
440 AM MDT TUE MAR 28 2017


...................................

...THE ALAMOSA CO CLIMATE SUMMARY FOR MARCH 27 2017...

CLIMATE NORMAL PERIOD 1981 TO 2010
CLIMATE RECORD PERIOD 1932 TO 2017


WEATHER ITEM   OBSERVED TIME   RECORD YEAR NORMAL DEPARTURE LAST
                VALUE   (LST)  VALUE       VALUE  FROM      YEAR
                                                  NORMAL
..................................................................
TEMPERATURE (F)
 YESTERDAY
  MAXIMUM         60    218 PM  69    2015  54      6       34
                                      2012
  MINIMUM         24    550 AM  -3    2016  20      4       -3
  AVERAGE         42                        37      5       16

PRECIPITATION (IN)
  YESTERDAY        T             0.81 1973   0.02  -0.02     0.00
  MONTH TO DATE    0.43                      0.45  -0.02     0.48
  SINCE MAR 1      0.43                      0.45  -0.02     0.48
  SINCE JAN 1      2.08                      0.97   1.11     1.46

SNOWFALL (IN)
  YESTERDAY        0.0          11.4  1973   0.2   -0.2      0.0
  MONTH TO DATE    0.3                       4.3   -4.0      7.0
  SINCE MAR 1      0.3                       4.3   -4.0      7.0
  SINCE JUL 1     35.8                      22.4   13.4     25.8
  SNOW DEPTH       0

DEGREE DAYS
 HEATING
  YESTERDAY       23                        28     -5       49
  MONTH TO DATE  648                       865   -217      788
  SINCE MAR 1    648                       865   -217      788
  SINCE JUL 1   6437                      7194   -757     6554

 COOLING
  YESTERDAY        0                         0      0        0
  MONTH TO DATE    0                         0      0        0
  SINCE MAR 1      0                         0      0        0
  SINCE JAN 1      0                         0      0        0
..................................................................


WIND (MPH)
  HIGHEST WIND SPEED    25   HIGHEST WIND DIRECTION    SW (230)
  HIGHEST GUST SPEED    33   HIGHEST GUST DIRECTION     S (200)
  AVERAGE WIND SPEED    10.0


SKY COVER
  POSSIBLE SUNSHINE  MM
  AVERAGE SKY COVER 0.4


WEATHER CONDITIONS
 THE FOLLOWING WEATHER WAS RECORDED YESTERDAY.
  LIGHT RAIN


RELATIVE HUMIDITY (PERCENT)
 HIGHEST    92           100 AM
 LOWEST     24           200 PM
 AVERAGE    58

..........................................................


THE ALAMOSA CO CLIMATE NORMALS FOR TODAY
                         NORMAL    RECORD    YEAR
 MAXIMUM TEMPERATURE (F)   54        71      2015
 MINIMUM TEMPERATURE (F)   20        -5      1984
                                             1970


SUNRISE AND SUNSET
MARCH 28 2017.........SUNRISE   654 AM MDT   SUNSET   723 PM MDT
MARCH 29 2017.........SUNRISE   653 AM MDT   SUNSET   724 PM MDT


-  INDICATES NEGATIVE NUMBERS.
R  INDICATES RECORD WAS SET OR TIED.
MM INDICATES DATA IS MISSING.
T  INDICATES TRACE AMOUNT.




$$
