000
CDUS45 KPUB 301052
CLIALS


CLIMATE REPORT
NATIONAL WEATHER SERVICE PUEBLO
452 AM MDT MON MAR 30 2015


...................................

...THE ALAMOSA CO CLIMATE SUMMARY FOR MARCH 29 2015...

CLIMATE NORMAL PERIOD 1981 TO 2010
CLIMATE RECORD PERIOD 1932 TO 2015


WEATHER ITEM   OBSERVED TIME   RECORD YEAR NORMAL DEPARTURE LAST
                VALUE   (LST)  VALUE       VALUE  FROM      YEAR
                                                  NORMAL
..................................................................
TEMPERATURE (F)
 YESTERDAY
  MAXIMUM         69R   232 PM  69    1986  54     15       62
                                      1943
  MINIMUM         30    420 AM  -4    1951  20     10       13
  AVERAGE         50                        37     13       38

PRECIPITATION (IN)
  YESTERDAY        0.00          0.26 1985   0.02  -0.02     0.00
  MONTH TO DATE    0.40                      0.49  -0.09     0.40
  SINCE MAR 1      0.40                      0.49  -0.09     0.40
  SINCE JAN 1      1.74                      1.01   0.73     0.52

SNOWFALL (IN)
  YESTERDAY        0.0           5.9  1985   0.2   -0.2      0.0
  MONTH TO DATE    T                         4.6   -4.6      3.4
  SINCE MAR 1      T                         4.6   -4.6      3.4
  SINCE JUL 1     23.1                      22.7    0.4     31.5
  SNOW DEPTH       0

DEGREE DAYS
 HEATING
  YESTERDAY       15                        28    -13       27
  MONTH TO DATE  752                       921   -169      826
  SINCE MAR 1    752                       921   -169      826
  SINCE JUL 1   6244                      7250  -1006     7394

 COOLING
  YESTERDAY        0                         0      0        0
  MONTH TO DATE    0                         0      0        0
  SINCE MAR 1      0                         0      0        0
  SINCE JAN 1      0                         0      0        0
..................................................................


WIND (MPH)
  HIGHEST WIND SPEED    24   HIGHEST WIND DIRECTION    SW (230)
  HIGHEST GUST SPEED    31   HIGHEST GUST DIRECTION     W (260)
  AVERAGE WIND SPEED     9.4


SKY COVER
  POSSIBLE SUNSHINE  MM
  AVERAGE SKY COVER 0.1


WEATHER CONDITIONS
 THE FOLLOWING WEATHER WAS RECORDED YESTERDAY.
  NO SIGNIFICANT WEATHER WAS OBSERVED.


RELATIVE HUMIDITY (PERCENT)
 HIGHEST    59           400 AM
 LOWEST     10           200 PM
 AVERAGE    35

..........................................................


THE ALAMOSA CO CLIMATE NORMALS FOR TODAY
                         NORMAL    RECORD    YEAR
 MAXIMUM TEMPERATURE (F)   54        70      1943
 MINIMUM TEMPERATURE (F)   20        -2      1937


SUNRISE AND SUNSET
MARCH 30 2015.........SUNRISE   652 AM MDT   SUNSET   724 PM MDT
MARCH 31 2015.........SUNRISE   651 AM MDT   SUNSET   725 PM MDT


-  INDICATES NEGATIVE NUMBERS.
R  INDICATES RECORD WAS SET OR TIED.
MM INDICATES DATA IS MISSING.
T  INDICATES TRACE AMOUNT.




$$
