270
CDUS45 KPUB 290039
CLIALS


CLIMATE REPORT
NATIONAL WEATHER SERVICE PUEBLO
639 PM MDT SUN MAY 28 2017


...................................

...THE ALAMOSA CO CLIMATE SUMMARY FOR MAY 28 2017...
VALID TODAY AS OF 0500 PM LOCAL TIME.

CLIMATE NORMAL PERIOD 1981 TO 2010
CLIMATE RECORD PERIOD 1932 TO 2017


WEATHER ITEM   OBSERVED TIME   RECORD YEAR NORMAL DEPARTURE LAST
                VALUE   (LST)  VALUE       VALUE  FROM      YEAR
                                                  NORMAL
..................................................................
TEMPERATURE (F)
 TODAY
  MAXIMUM         68    322 PM  86    2000  73     -5       66
  MINIMUM         30    514 AM  21    2012  36     -6       31
  AVERAGE         49                        55     -6       49

PRECIPITATION (IN)
  TODAY            0.00          0.44 1934   0.02  -0.02     0.00
  MONTH TO DATE    1.24                      0.53   0.71     1.12
  SINCE MAR 1      2.60                      1.65   0.95     3.39
  SINCE JAN 1      4.25                      2.17   2.08     4.37

SNOWFALL (IN)
  TODAY            0.0           T    1962   0.0    0.0      0.0
  MONTH TO DATE    1.1                       0.9    0.2      0.8
  SINCE MAR 1      6.7                       9.5   -2.8     24.2
  SINCE JUL 1     42.2                      27.6   14.6     43.0
  SNOW DEPTH       0

DEGREE DAYS
 HEATING
  TODAY           16                        10      6       16
  MONTH TO DATE  416                       397     19      414
  SINCE MAR 1   1791                      2068   -277     2016
  SINCE JUL 1   7580                      8397   -817     7782

 COOLING
  TODAY            0                         0      0        0
  MONTH TO DATE    0                         0      0        0
  SINCE MAR 1      0                         0      0        0
  SINCE JAN 1      0                         0      0        0
..................................................................


WIND (MPH)
  HIGHEST WIND SPEED    12   HIGHEST WIND DIRECTION    SE (140)
  HIGHEST GUST SPEED    18   HIGHEST GUST DIRECTION    SE (130)
  AVERAGE WIND SPEED     5.1


SKY COVER
  POSSIBLE SUNSHINE  MM
  AVERAGE SKY COVER 0.0


WEATHER CONDITIONS
 THE FOLLOWING WEATHER WAS RECORDED TODAY.
  NO SIGNIFICANT WEATHER WAS OBSERVED.


RELATIVE HUMIDITY (PERCENT)
 HIGHEST    92           500 AM
 LOWEST      9           300 PM
 AVERAGE    51

..........................................................


THE ALAMOSA CO CLIMATE NORMALS FOR TOMORROW
                         NORMAL    RECORD    YEAR
 MAXIMUM TEMPERATURE (F)   73        89      2000
 MINIMUM TEMPERATURE (F)   37        24      1996


SUNRISE AND SUNSET
MAY 28 2017...........SUNRISE   546 AM MDT   SUNSET   816 PM MDT
MAY 29 2017...........SUNRISE   545 AM MDT   SUNSET   817 PM MDT


-  INDICATES NEGATIVE NUMBERS.
R  INDICATES RECORD WAS SET OR TIED.
MM INDICATES DATA IS MISSING.
T  INDICATES TRACE AMOUNT.




$$
