000
CDUS45 KPUB 241430
CLIALS


CLIMATE REPORT
NATIONAL WEATHER SERVICE PUEBLO
730 AM MST TUE JAN 24 2017


...................................

...THE ALAMOSA CO CLIMATE SUMMARY FOR JANUARY 23 2017...

CLIMATE NORMAL PERIOD 1981 TO 2010
CLIMATE RECORD PERIOD 1932 TO 2017


WEATHER ITEM   OBSERVED TIME   RECORD YEAR NORMAL DEPARTURE LAST
                VALUE   (LST)  VALUE       VALUE  FROM      YEAR
                                                  NORMAL
..................................................................
TEMPERATURE (F)
 YESTERDAY
  MAXIMUM         39    248 PM  55    1950  35      4       35
  MINIMUM         15    224 AM -29    1984  -1     16       -5
                                      1940
  AVERAGE         27                        17     10       15

PRECIPITATION (IN)
  YESTERDAY        T             0.08 1977   0.01  -0.01     0.00
  MONTH TO DATE    1.28                      0.19   1.09     0.57
  SINCE DEC 1      2.36                      0.54   1.82     0.82
  SINCE JAN 1      1.28                      0.19   1.09     0.57

SNOWFALL (IN)
  YESTERDAY        0.2           1.2  1969   0.1    0.1      0.0
  MONTH TO DATE   18.0                       2.8   15.2      6.7
  SINCE DEC 1     28.2                       7.3   20.9     10.1
  SINCE JUL 1     29.2                      13.1   16.1     14.4
  SNOW DEPTH       3

DEGREE DAYS
 HEATING
  YESTERDAY       38                        48    -10       50
  MONTH TO DATE 1031                      1125    -94     1235
  SINCE DEC 1   2475                      2587   -112     2568
  SINCE JUL 1   4339                      4762   -423     4346

 COOLING
  YESTERDAY        0                         0      0        0
  MONTH TO DATE    0                         0      0        0
  SINCE DEC 1      0                         0      0        0
  SINCE JAN 1      0                         0      0        0
..................................................................


WIND (MPH)
  HIGHEST WIND SPEED    35   HIGHEST WIND DIRECTION     S (190)
  HIGHEST GUST SPEED    43   HIGHEST GUST DIRECTION     S (190)
  AVERAGE WIND SPEED    15.8


SKY COVER
  POSSIBLE SUNSHINE  MM
  AVERAGE SKY COVER 0.5


WEATHER CONDITIONS
 THE FOLLOWING WEATHER WAS RECORDED YESTERDAY.
  LIGHT SNOW
  FOG
  HAZE


RELATIVE HUMIDITY (PERCENT)
 HIGHEST   100          1100 PM
 LOWEST     59           300 PM
 AVERAGE    80

..........................................................


THE ALAMOSA CO CLIMATE NORMALS FOR TODAY
                         NORMAL    RECORD    YEAR
 MAXIMUM TEMPERATURE (F)   35        54      1981
 MINIMUM TEMPERATURE (F)   -1       -25      1979


SUNRISE AND SUNSET
JANUARY 24 2017.......SUNRISE   712 AM MST   SUNSET   519 PM MST
JANUARY 25 2017.......SUNRISE   712 AM MST   SUNSET   520 PM MST


-  INDICATES NEGATIVE NUMBERS.
R  INDICATES RECORD WAS SET OR TIED.
MM INDICATES DATA IS MISSING.
T  INDICATES TRACE AMOUNT.




$$
