000
CDUS45 KPUB 022336
CLIALS


CLIMATE REPORT
NATIONAL WEATHER SERVICE PUEBLO
536 PM MDT TUE SEP 2 2014


...................................

...THE ALAMOSA CO CLIMATE SUMMARY FOR SEPTEMBER 2 2014...
VALID TODAY AS OF 0500 PM LOCAL TIME.

CLIMATE NORMAL PERIOD 1981 TO 2010
CLIMATE RECORD PERIOD 1932 TO 2014


WEATHER ITEM   OBSERVED TIME   RECORD YEAR NORMAL DEPARTURE LAST
                VALUE   (LST)  VALUE       VALUE  FROM      YEAR
                                                  NORMAL
..................................................................
TEMPERATURE (F)
 TODAY
  MAXIMUM         84    353 PM  85    1958  77      7       83
  MINIMUM         36    453 AM  30    1959  42     -6       52
  AVERAGE         60                        60      0       68

PRECIPITATION (IN)
  TODAY            0.00          0.48 1965   0.04  -0.04     0.00
  MONTH TO DATE    0.00                      0.08  -0.08     0.02
  SINCE SEP 1      0.00                      0.08  -0.08     0.02
  SINCE JAN 1      3.88                      5.03  -1.15     4.89

SNOWFALL (IN)
  TODAY            0.0           0.0  2002   0.0    0.0      0.0
  MONTH TO DATE    0.0                       0.0    0.0      0.0
  SINCE SEP 1      0.0                       0.0    0.0      0.0
  SINCE JUL 1      0.0                       0.0    0.0      0.0
  SNOW DEPTH       0

DEGREE DAYS
 HEATING
  TODAY            5                         5      0        0
  MONTH TO DATE    8                        10     -2        0
  SINCE SEP 1      8                        10     -2        0
  SINCE JUL 1    129                       139    -10       75

 COOLING
  TODAY            0                         0      0        3
  MONTH TO DATE    0                         0      0        5
  SINCE SEP 1      0                         0      0        5
  SINCE JAN 1     60                        51      9      104
..................................................................


WIND (MPH)
  HIGHEST WIND SPEED    15   HIGHEST WIND DIRECTION     S (180)
  HIGHEST GUST SPEED    21   HIGHEST GUST DIRECTION     S (200)
  AVERAGE WIND SPEED     5.1


SKY COVER
  POSSIBLE SUNSHINE  MM
  AVERAGE SKY COVER 0.0


WEATHER CONDITIONS
 THE FOLLOWING WEATHER WAS RECORDED TODAY.
  NO SIGNIFICANT WEATHER WAS OBSERVED.


RELATIVE HUMIDITY (PERCENT)
 HIGHEST    75           500 AM
 LOWEST     12           400 PM
 AVERAGE    44

..........................................................


THE ALAMOSA CO CLIMATE NORMALS FOR TOMORROW
                         NORMAL    RECORD    YEAR
 MAXIMUM TEMPERATURE (F)   77        87      1960
 MINIMUM TEMPERATURE (F)   42        25      1973


SUNRISE AND SUNSET
SEPTEMBER  2 2014.....SUNRISE   635 AM MDT   SUNSET   731 PM MDT
SEPTEMBER  3 2014.....SUNRISE   636 AM MDT   SUNSET   729 PM MDT


-  INDICATES NEGATIVE NUMBERS.
R  INDICATES RECORD WAS SET OR TIED.
MM INDICATES DATA IS MISSING.
T  INDICATES TRACE AMOUNT.




$$
