000
CDUS44 KAMA 250629
CLIAMA


CLIMATE REPORT
NATIONAL WEATHER SERVICE AMARILLO TX
129 AM CDT THU MAY 25 2017


...................................

...THE AMARILLO CLIMATE SUMMARY FOR MAY 24 2017...

CLIMATE NORMAL PERIOD 1981 TO 2010
CLIMATE RECORD PERIOD 1892 TO 2017


WEATHER ITEM   OBSERVED TIME   RECORD YEAR NORMAL DEPARTURE LAST
                VALUE   (LST)  VALUE       VALUE  FROM      YEAR
                                                  NORMAL
..................................................................
TEMPERATURE (F)
 YESTERDAY
  MAXIMUM         84    605 PM 100    2000  82      2       90
  MINIMUM         41R   232 AM  41    1924  54    -13       59
  AVERAGE         63                        68     -5       75

PRECIPITATION (IN)
  YESTERDAY        0.00          3.17 1936   0.08  -0.08     0.00
  MONTH TO DATE    1.14                      1.58  -0.44     0.81
  SINCE MAR 1      4.46                      4.37   0.09     4.41
  SINCE JAN 1      8.14                      5.65   2.49     5.10

SNOWFALL (IN)
  YESTERDAY        0.0           T    1996   0.0    0.0      0.0
  MONTH TO DATE    0.0                       0.2   -0.2       T
  SINCE MAR 1      2.0                       3.8   -1.8      1.3
  SINCE JUL 1     10.0                      17.8   -7.8     13.4
  SNOW DEPTH       0

DEGREE DAYS
 HEATING
  YESTERDAY        2                         2      0        0
  MONTH TO DATE   93                        76     17      124
  SINCE MAR 1    678                       887   -209      718
  SINCE JUL 1   3236                      4164   -928     3459

 COOLING
  YESTERDAY        0                         5     -5       10
  MONTH TO DATE   47                        66    -19       59
  SINCE MAR 1     96                        87      9       69
  SINCE JAN 1    101                        87     14       70
..................................................................


WIND (MPH)
  RESULTANT WIND SPEED   5   RESULTANT WIND DIRECTION  SW (240)
  HIGHEST WIND SPEED    24   HIGHEST WIND DIRECTION    SW (240)
  HIGHEST GUST SPEED    31   HIGHEST GUST DIRECTION    SW (230)
  AVERAGE WIND SPEED     9.9


SKY COVER
  AVERAGE SKY COVER 0.0


WEATHER CONDITIONS
 THE FOLLOWING WEATHER WAS RECORDED YESTERDAY.
  NO SIGNIFICANT WEATHER WAS OBSERVED.


RELATIVE HUMIDITY (PERCENT)
 HIGHEST    76           600 AM
 LOWEST     15           600 PM
 AVERAGE    46

..........................................................


THE AMARILLO CLIMATE NORMALS FOR TODAY
                         NORMAL    RECORD    YEAR
 MAXIMUM TEMPERATURE (F)   82       102      1953
 MINIMUM TEMPERATURE (F)   55        42      1950


SUNRISE AND SUNSET
MAY 25 2017...........SUNRISE   636 AM CDT   SUNSET   852 PM CDT
MAY 26 2017...........SUNRISE   636 AM CDT   SUNSET   852 PM CDT


-  INDICATES NEGATIVE NUMBERS.
R  INDICATES RECORD WAS SET OR TIED.
MM INDICATES DATA IS MISSING.
T  INDICATES TRACE AMOUNT.




$$
