000
CDUS44 KAMA 220643
CLIAMA


CLIMATE REPORT
NATIONAL WEATHER SERVICE AMARILLO TX
142 AM CDT WED OCT 22 2014


...................................

...THE AMARILLO CLIMATE SUMMARY FOR OCTOBER 21 2014...

CLIMATE NORMAL PERIOD 1981 TO 2010
CLIMATE RECORD PERIOD 1892 TO 2014


WEATHER ITEM   OBSERVED TIME   RECORD YEAR NORMAL DEPARTURE LAST
                VALUE   (LST)  VALUE       VALUE  FROM      YEAR
                                                  NORMAL
..................................................................
TEMPERATURE (F)
 YESTERDAY
  MAXIMUM         77    156 PM  90    1961  70      7       62
                                      1921
  MINIMUM         50    710 AM  26    1898  43      7       41
  AVERAGE         64                        57      7       52

PRECIPITATION (IN)
  YESTERDAY        0.00          1.43 1918   0.06  -0.06     0.00
  MONTH TO DATE    0.53                      1.23  -0.70     0.13
  SINCE SEP 1      4.69                      3.15   1.54     1.96
  SINCE JAN 1     18.38                     18.42  -0.04    14.33

SNOWFALL (IN)
  YESTERDAY        0.0           4.0  1906   0.0    0.0      0.0
  MONTH TO DATE    0.0                       0.0    0.0      0.0
  SINCE SEP 1      T                         T      0.0      0.0
  SINCE JUL 1      T                         T      0.0      0.0
  SNOW DEPTH       0

DEGREE DAYS
 HEATING
  YESTERDAY        1                         9     -8       13
  MONTH TO DATE   88                       129    -41      152
  SINCE SEP 1    112                       172    -60      161
  SINCE JUL 1    112                       173    -61      161

 COOLING
  YESTERDAY        0                         0      0        0
  MONTH TO DATE   24                        25     -1       31
  SINCE SEP 1    186                       203    -17      307
  SINCE JAN 1   1516                      1395    121     1803
..................................................................


WIND (MPH)
  RESULTANT WIND SPEED  10   RESULTANT WIND DIRECTION   S (180)
  HIGHEST WIND SPEED    21   HIGHEST WIND DIRECTION    SE (150)
  HIGHEST GUST SPEED    26   HIGHEST GUST DIRECTION    SE (150)
  AVERAGE WIND SPEED    10.6


SKY COVER
  AVERAGE SKY COVER 0.3


WEATHER CONDITIONS
 THE FOLLOWING WEATHER WAS RECORDED YESTERDAY.
  FOG


RELATIVE HUMIDITY (PERCENT)
 HIGHEST    93           300 AM
 LOWEST     38           300 PM
 AVERAGE    66

..........................................................


THE AMARILLO CLIMATE NORMALS FOR TODAY
                         NORMAL    RECORD    YEAR
 MAXIMUM TEMPERATURE (F)   70        89      1961
 MINIMUM TEMPERATURE (F)   43        26      1906


SUNRISE AND SUNSET
OCTOBER 22 2014.......SUNRISE   759 AM CDT   SUNSET   703 PM CDT
OCTOBER 23 2014.......SUNRISE   800 AM CDT   SUNSET   702 PM CDT


-  INDICATES NEGATIVE NUMBERS.
R  INDICATES RECORD WAS SET OR TIED.
MM INDICATES DATA IS MISSING.
T  INDICATES TRACE AMOUNT.




$$
