000
CDUS44 KAMA 242130
CLIAMA


CLIMATE REPORT
NATIONAL WEATHER SERVICE AMARILLO TX
429 PM CDT MON APR 24 2017


...................................

...THE AMARILLO CLIMATE SUMMARY FOR APRIL 24 2017...
VALID TODAY AS OF 0400 PM LOCAL TIME.

CLIMATE NORMAL PERIOD 1981 TO 2010
CLIMATE RECORD PERIOD 1892 TO 2017


WEATHER ITEM   OBSERVED TIME   RECORD YEAR NORMAL DEPARTURE LAST
                VALUE   (LST)  VALUE       VALUE  FROM      YEAR
                                                  NORMAL
..................................................................
TEMPERATURE (F)
 TODAY
  MAXIMUM         89    222 PM  95    2012  74     15       83
  MINIMUM         49    644 AM  20    2013  44      5       53
  AVERAGE         69                        59     10       68

PRECIPITATION (IN)
  TODAY            0.00          1.39 1997   0.06  -0.06     0.00
  MONTH TO DATE    0.32                      1.09  -0.77     2.16
  SINCE MAR 1      2.30                      2.48  -0.18     2.43
  SINCE JAN 1      5.98                      3.76   2.22     3.12

SNOWFALL (IN)
  TODAY            0.0           0.2  1913   0.0    0.0      0.0
  MONTH TO DATE    0.0                       0.6   -0.6      0.0
  SINCE MAR 1      0.0                       3.5   -3.5      1.3
  SINCE JUL 1      8.0                      17.5   -9.5     13.4
  SNOW DEPTH       0

DEGREE DAYS
 HEATING
  TODAY            0                         7     -7        0
  MONTH TO DATE  165                       243    -78      177
  SINCE MAR 1    512                       775   -263      547
  SINCE JUL 1   3070                      4052   -982     3288

 COOLING
  TODAY            4                         1      3        3
  MONTH TO DATE   37                        10     27        8
  SINCE MAR 1     49                        12     37       10
  SINCE JAN 1     54                        12     42       11
..................................................................


WIND (MPH)
  RESULTANT WIND SPEED  18   RESULTANT WIND DIRECTION   S (200)
  HIGHEST WIND SPEED    30   HIGHEST WIND DIRECTION    SW (220)
  HIGHEST GUST SPEED    46   HIGHEST GUST DIRECTION    SW (220)
  AVERAGE WIND SPEED    19.9


SKY COVER
  AVERAGE SKY COVER 0.0


WEATHER CONDITIONS
 THE FOLLOWING WEATHER WAS RECORDED TODAY.
  NO SIGNIFICANT WEATHER WAS OBSERVED.


RELATIVE HUMIDITY (PERCENT)
 HIGHEST    56           600 AM
 LOWEST     12           300 PM
 AVERAGE    34

..........................................................


THE AMARILLO CLIMATE NORMALS FOR TOMORROW
                         NORMAL    RECORD    YEAR
 MAXIMUM TEMPERATURE (F)   74        99      2012
 MINIMUM TEMPERATURE (F)   45        32      1997
                                             1907


SUNRISE AND SUNSET
APRIL 24 2017.........SUNRISE   703 AM CDT   SUNSET   827 PM CDT
APRIL 25 2017.........SUNRISE   702 AM CDT   SUNSET   828 PM CDT


-  INDICATES NEGATIVE NUMBERS.
R  INDICATES RECORD WAS SET OR TIED.
MM INDICATES DATA IS MISSING.
T  INDICATES TRACE AMOUNT.




$$
