000
CDUS42 KJAX 200528
CLIAMG


CLIMATE REPORT
NATIONAL WEATHER SERVICE JACKSONVILLE FL
128 AM EDT FRI OCT 20 2017


...................................

...THE ALMA CLIMATE SUMMARY FOR OCTOBER 19 2017...

CLIMATE NORMAL PERIOD 1981 TO 2010
CLIMATE RECORD PERIOD 1948 TO 2017


WEATHER ITEM   OBSERVED TIME   RECORD YEAR NORMAL DEPARTURE LAST
                VALUE   (LST)  VALUE       VALUE  FROM      YEAR
                                                  NORMAL
..................................................................
TEMPERATURE (F)
 YESTERDAY
  MAXIMUM         82    421 PM  90    2006  79      3       86
  MINIMUM         57   1159 PM  39    2015  56      1       59
  AVERAGE         70                        68      2       73

PRECIPITATION (IN)
  YESTERDAY        0.00          1.61 1950   0.10  -0.10     0.00
  MONTH TO DATE    1.43                      1.97  -0.54     3.23
  SINCE SEP 1      9.45                      5.61   3.84     7.49
  SINCE JAN 1     37.85                     39.82  -1.97    39.49

SNOWFALL (IN)
  YESTERDAY        0.0           0.0    MM   0.0    0.0      0.0
  MONTH TO DATE    0.0                       0.0    0.0      0.0
  SINCE SEP 1      0.0                       0.0    0.0      0.0
  SINCE JUL 1      0.0                       0.0    0.0      0.0
  SNOW DEPTH       0

DEGREE DAYS
 HEATING
  YESTERDAY        0                         2     -2        0
  MONTH TO DATE    1                        16    -15        1
  SINCE SEP 1      1                        18    -17        1
  SINCE JUL 1      1                        18    -17        1

 COOLING
  YESTERDAY        5                         4      1        8
  MONTH TO DATE  223                       117    106      132
  SINCE SEP 1    617                       480    137      543
  SINCE JAN 1   2788                      2387    401     2624
..................................................................


WIND (MPH)
  HIGHEST WIND SPEED    10   HIGHEST WIND DIRECTION    NE (60)
  HIGHEST GUST SPEED    15   HIGHEST GUST DIRECTION    NE (40)
  AVERAGE WIND SPEED     2.9


SKY COVER
  POSSIBLE SUNSHINE  MM
  AVERAGE SKY COVER 0.0


WEATHER CONDITIONS
 THE FOLLOWING WEATHER WAS RECORDED YESTERDAY.
  FOG


RELATIVE HUMIDITY (PERCENT)
 HIGHEST   100          1100 PM
 LOWEST     43           300 PM
 AVERAGE    72

..........................................................


THE ALMA CLIMATE NORMALS FOR TODAY
                         NORMAL    RECORD    YEAR
 MAXIMUM TEMPERATURE (F)   78        88      1998
 MINIMUM TEMPERATURE (F)   56        36      1948


SUNRISE AND SUNSET
OCTOBER 20 2017.......SUNRISE   737 AM EDT   SUNSET   652 PM EDT
OCTOBER 21 2017.......SUNRISE   738 AM EDT   SUNSET   651 PM EDT


-  INDICATES NEGATIVE NUMBERS.
R  INDICATES RECORD WAS SET OR TIED.
MM INDICATES DATA IS MISSING.
T  INDICATES TRACE AMOUNT.




$$
