000
CDUS42 KJAX 102226
CLIAMG


CLIMATE REPORT
NATIONAL WEATHER SERVICE JACKSONVILLE FL
526 PM EST SUN DEC 10 2017


...................................

...THE ALMA CLIMATE SUMMARY FOR DECEMBER 10 2017...
VALID TODAY AS OF 0500 PM LOCAL TIME.

CLIMATE NORMAL PERIOD 1981 TO 2010
CLIMATE RECORD PERIOD 1948 TO 2017


WEATHER ITEM   OBSERVED TIME   RECORD YEAR NORMAL DEPARTURE LAST
                VALUE   (LST)  VALUE       VALUE  FROM      YEAR
                                                  NORMAL
..................................................................
TEMPERATURE (F)
 TODAY
  MAXIMUM         52    413 PM  82    1972  64    -12       56
  MINIMUM         31    708 AM  23    1968  43    -12       28
  AVERAGE         42                        54    -12       42

PRECIPITATION (IN)
  TODAY            0.00          2.12 1969   0.10  -0.10     0.00
  MONTH TO DATE    1.66                      0.97   0.69     3.77
  SINCE DEC 1      1.66                      0.97   0.69     3.77
  SINCE JAN 1     40.50                     44.33  -3.83    43.54

SNOWFALL (IN)
  TODAY            0.0           0.0    MM   0.0    0.0      0.0
  MONTH TO DATE    0.0                       0.0    0.0      0.0
  SINCE DEC 1      0.0                       0.0    0.0      0.0
  SINCE JUL 1      0.0                       0.0    0.0      0.0
  SNOW DEPTH       0

DEGREE DAYS
 HEATING
  TODAY           23                        12     11       23
  MONTH TO DATE  103                       109     -6      106
  SINCE DEC 1    103                       109     -6      106
  SINCE JUL 1    314                       353    -39      294

 COOLING
  TODAY            0                         0      0        0
  MONTH TO DATE   10                         7      3        4
  SINCE DEC 1     10                         7      3        4
  SINCE JAN 1   2864                      2472    392     2704
..................................................................


WIND (MPH)
  HIGHEST WIND SPEED    13   HIGHEST WIND DIRECTION    NW (330)
  HIGHEST GUST SPEED    17   HIGHEST GUST DIRECTION    NW (320)
  AVERAGE WIND SPEED     5.7


SKY COVER
  POSSIBLE SUNSHINE  MM
  AVERAGE SKY COVER 0.0


WEATHER CONDITIONS
 THE FOLLOWING WEATHER WAS RECORDED TODAY.
  NO SIGNIFICANT WEATHER WAS OBSERVED.


RELATIVE HUMIDITY (PERCENT)
 HIGHEST    85           600 AM
 LOWEST     33           200 PM
 AVERAGE    59

..........................................................


THE ALMA CLIMATE NORMALS FOR TOMORROW
                         NORMAL    RECORD    YEAR
 MAXIMUM TEMPERATURE (F)   64        82      1961
 MINIMUM TEMPERATURE (F)   43        21      1981


SUNRISE AND SUNSET
DECEMBER 10 2017......SUNRISE   719 AM EST   SUNSET   527 PM EST
DECEMBER 11 2017......SUNRISE   719 AM EST   SUNSET   527 PM EST


-  INDICATES NEGATIVE NUMBERS.
R  INDICATES RECORD WAS SET OR TIED.
MM INDICATES DATA IS MISSING.
T  INDICATES TRACE AMOUNT.




$$
