000
CDUS42 KJAX 280535
CLIAMG


CLIMATE REPORT
NATIONAL WEATHER SERVICE JACKSONVILLE FL
135 AM EDT THU JUL 28 2016


...................................

...THE ALMA CLIMATE SUMMARY FOR JULY 27 2016...

CLIMATE NORMAL PERIOD 1981 TO 2010
CLIMATE RECORD PERIOD 1948 TO 2016


WEATHER ITEM   OBSERVED TIME   RECORD YEAR NORMAL DEPARTURE LAST
                VALUE   (LST)  VALUE       VALUE  FROM      YEAR
                                                  NORMAL
..................................................................
TEMPERATURE (F)
 YESTERDAY
  MAXIMUM         96    423 PM  99    2014  93      3       94
                                      2006
                                      1968
  MINIMUM         72    612 AM  67    1985  72      0       72
  AVERAGE         84                        82      2       83

PRECIPITATION (IN)
  YESTERDAY        0.00          2.08 1998   0.18  -0.18     0.00
  MONTH TO DATE    1.06                      4.58  -3.52     3.80
  SINCE JUN 1      6.26                      9.96  -3.70     9.21
  SINCE JAN 1     25.04                     28.05  -3.01    22.48

SNOWFALL (IN)
  YESTERDAY        0.0           0.0    MM   0.0    0.0      0.0
  MONTH TO DATE    0.0                       0.0    0.0      0.0
  SINCE JUN 1      0.0                       0.0    0.0      0.0
  SINCE JUL 1      0.0                       0.0    0.0      0.0
  SNOW DEPTH       0

DEGREE DAYS
 HEATING
  YESTERDAY        0                         0      0        0
  MONTH TO DATE    0                         0      0        0
  SINCE JUN 1      0                         0      0        0
  SINCE JUL 1      0                         0      0        0

 COOLING
  YESTERDAY       19                        17      2       18
  MONTH TO DATE  522                       458     64      489
  SINCE JUN 1    997                       901     96      969
  SINCE JAN 1   1448                      1331    117     1494
..................................................................


WIND (MPH)
  HIGHEST WIND SPEED    15   HIGHEST WIND DIRECTION     W (250)
  HIGHEST GUST SPEED    20   HIGHEST GUST DIRECTION    SW (220)
  AVERAGE WIND SPEED     4.6


SKY COVER
  POSSIBLE SUNSHINE  MM
  AVERAGE SKY COVER 0.1


WEATHER CONDITIONS
 THE FOLLOWING WEATHER WAS RECORDED YESTERDAY.
  FOG


RELATIVE HUMIDITY (PERCENT)
 HIGHEST   100           600 AM
 LOWEST     39           600 PM
 AVERAGE    70

..........................................................


THE ALMA CLIMATE NORMALS FOR TODAY
                         NORMAL    RECORD    YEAR
 MAXIMUM TEMPERATURE (F)   92       100      2006
                                             1981
 MINIMUM TEMPERATURE (F)   72        65      1954


SUNRISE AND SUNSET
JULY 28 2016..........SUNRISE   644 AM EDT   SUNSET   829 PM EDT
JULY 29 2016..........SUNRISE   645 AM EDT   SUNSET   828 PM EDT


-  INDICATES NEGATIVE NUMBERS.
R  INDICATES RECORD WAS SET OR TIED.
MM INDICATES DATA IS MISSING.
T  INDICATES TRACE AMOUNT.




$$
