432
CDUS42 KJAX 252227
CLIAMG


CLIMATE REPORT
NATIONAL WEATHER SERVICE JACKSONVILLE FL
526 PM EST SUN FEB 25 2018


...................................

...THE ALMA CLIMATE SUMMARY FOR FEBRUARY 25 2018...
VALID TODAY AS OF 0500 PM LOCAL TIME.

CLIMATE NORMAL PERIOD 1981 TO 2010
CLIMATE RECORD PERIOD 1948 TO 2018


WEATHER ITEM   OBSERVED TIME   RECORD YEAR NORMAL DEPARTURE LAST
                VALUE   (LST)  VALUE       VALUE  FROM      YEAR
                                                  NORMAL
..................................................................
TEMPERATURE (F)
 TODAY
  MAXIMUM         81   1232 PM  83    2001  68     13       79
  MINIMUM         62    508 AM  22    1967  45     17       56
  AVERAGE         72                        56     16       68

PRECIPITATION (IN)
  TODAY            0.03          1.68 2013   0.14  -0.11     0.00
  MONTH TO DATE    1.76                      3.39  -1.63     1.01
  SINCE DEC 1      5.17                     10.94  -5.77    12.82
  SINCE JAN 1      3.31                      7.65  -4.34     8.10

SNOWFALL (IN)
  TODAY            0.0           0.0    MM   0.0    0.0      0.0
  MONTH TO DATE    0.0                       0.0    0.0      0.0
  SINCE DEC 1      3.0                       0.1    2.9      0.0
  SINCE JUL 1      3.0                       0.1    2.9      0.0
  SNOW DEPTH       0

DEGREE DAYS
 HEATING
  TODAY            0                         9     -9        0
  MONTH TO DATE   99                       284   -185      129
  SINCE DEC 1   1021                      1129   -108      650
  SINCE JUL 1   1232                      1373   -141      838

 COOLING
  TODAY            7                         1      6        3
  MONTH TO DATE   88                         1     87       22
  SINCE DEC 1    106                        17     89       61
  SINCE JAN 1     93                         6     87       48
..................................................................


WIND (MPH)
  HIGHEST WIND SPEED    15   HIGHEST WIND DIRECTION    SW (240)
  HIGHEST GUST SPEED    21   HIGHEST GUST DIRECTION     W (250)
  AVERAGE WIND SPEED     5.6


SKY COVER
  POSSIBLE SUNSHINE  MM
  AVERAGE SKY COVER 0.6


WEATHER CONDITIONS
 THE FOLLOWING WEATHER WAS RECORDED TODAY.
  HEAVY RAIN
  LIGHT RAIN
  FOG
  HAZE


RELATIVE HUMIDITY (PERCENT)
 HIGHEST    93           400 AM
 LOWEST     62          1200 PM
 AVERAGE    78

..........................................................


THE ALMA CLIMATE NORMALS FOR TOMORROW
                         NORMAL    RECORD    YEAR
 MAXIMUM TEMPERATURE (F)   68        82      1996
 MINIMUM TEMPERATURE (F)   45        19      1967


SUNRISE AND SUNSET
FEBRUARY 25 2018......SUNRISE   701 AM EST   SUNSET   625 PM EST
FEBRUARY 26 2018......SUNRISE   700 AM EST   SUNSET   626 PM EST


-  INDICATES NEGATIVE NUMBERS.
R  INDICATES RECORD WAS SET OR TIED.
MM INDICATES DATA IS MISSING.
T  INDICATES TRACE AMOUNT.




$$
