985
CDUS42 KJAX 290526
CLIAMG


CLIMATE REPORT
NATIONAL WEATHER SERVICE JACKSONVILLE FL
126 AM EDT THU JUN 29 2017


...................................

...THE ALMA CLIMATE SUMMARY FOR JUNE 28 2017...

CLIMATE NORMAL PERIOD 1981 TO 2010
CLIMATE RECORD PERIOD 1948 TO 2017


WEATHER ITEM   OBSERVED TIME   RECORD YEAR NORMAL DEPARTURE LAST
                VALUE   (LST)  VALUE       VALUE  FROM      YEAR
                                                  NORMAL
..................................................................
TEMPERATURE (F)
 YESTERDAY
  MAXIMUM         88    341 PM 103    1978  92     -4       96
  MINIMUM         67    545 AM  59    1968  71     -4       72
  AVERAGE         78                        81     -3       84

PRECIPITATION (IN)
  YESTERDAY        0.00          1.65 1997   0.19  -0.19     0.00
  MONTH TO DATE    3.07                      5.04  -1.97     4.20
  SINCE JUN 1      3.07                      5.04  -1.97     4.20
  SINCE JAN 1     17.72                     23.13  -5.41    22.98

SNOWFALL (IN)
  YESTERDAY        0.0           0.0    MM   0.0    0.0      0.0
  MONTH TO DATE    0.0                       0.0    0.0      0.0
  SINCE JUN 1      0.0                       0.0    0.0      0.0
  SINCE JUL 1      0.0                       0.1   -0.1      0.0
  SNOW DEPTH       0

DEGREE DAYS
 HEATING
  YESTERDAY        0                         0      0        0
  MONTH TO DATE    0                         0      0        0
  SINCE JUN 1      0                         0      0        0
  SINCE JUL 1   1083                      1659   -576     1274

 COOLING
  YESTERDAY       13                        16     -3       19
  MONTH TO DATE  411                       410      1      445
  SINCE JUN 1    411                       410      1      445
  SINCE JAN 1   1010                       840    170      896
..................................................................


WIND (MPH)
  HIGHEST WIND SPEED    14   HIGHEST WIND DIRECTION     E (110)
  HIGHEST GUST SPEED    20   HIGHEST GUST DIRECTION     E (90)
  AVERAGE WIND SPEED     4.5


SKY COVER
  POSSIBLE SUNSHINE  MM
  AVERAGE SKY COVER 0.2


WEATHER CONDITIONS
 THE FOLLOWING WEATHER WAS RECORDED YESTERDAY.
  FOG


RELATIVE HUMIDITY (PERCENT)
 HIGHEST   100           500 AM
 LOWEST     51           400 PM
 AVERAGE    76

..........................................................


THE ALMA CLIMATE NORMALS FOR TODAY
                         NORMAL    RECORD    YEAR
 MAXIMUM TEMPERATURE (F)   92       100      1998
 MINIMUM TEMPERATURE (F)   71        60      1979


SUNRISE AND SUNSET
JUNE 29 2017..........SUNRISE   628 AM EDT   SUNSET   839 PM EDT
JUNE 30 2017..........SUNRISE   628 AM EDT   SUNSET   839 PM EDT


-  INDICATES NEGATIVE NUMBERS.
R  INDICATES RECORD WAS SET OR TIED.
MM INDICATES DATA IS MISSING.
T  INDICATES TRACE AMOUNT.




$$
