000
CDUS42 KJAX 300531
CLIAMG


CLIMATE REPORT
NATIONAL WEATHER SERVICE JACKSONVILLE FL
1230 AM EST FRI JAN 30 2015


...................................

...THE ALMA CLIMATE SUMMARY FOR JANUARY 29 2015...

CLIMATE NORMAL PERIOD 1981 TO 2010
CLIMATE RECORD PERIOD 1948 TO 2015


WEATHER ITEM   OBSERVED TIME   RECORD YEAR NORMAL DEPARTURE LAST
                VALUE   (LST)  VALUE       VALUE  FROM      YEAR
                                                  NORMAL
..................................................................
TEMPERATURE (F)
 YESTERDAY
  MAXIMUM         63    431 PM  83    2013  63      0       34
  MINIMUM         29    723 AM  23    2004  41    -12       30
                                      1977
  AVERAGE         46                        52     -6       32

PRECIPITATION (IN)
  YESTERDAY        0.00          1.18 1991   0.14  -0.14     0.10
  MONTH TO DATE    2.21                      3.96  -1.75     1.61
  SINCE DEC 1      6.63                      7.25  -0.62     4.44
  SINCE JAN 1      2.21                      3.96  -1.75     1.61

SNOWFALL (IN)
  YESTERDAY        0.0           0.0    MM   0.0    0.0       T
  MONTH TO DATE    0.0                       0.0    0.0       T
  SINCE DEC 1      0.0                       0.1   -0.1       T
  SINCE JUL 1      0.0                       0.1   -0.1       T
  SNOW DEPTH       0

DEGREE DAYS
 HEATING
  YESTERDAY       19                        14      5       33
  MONTH TO DATE  447                       424     23      556
  SINCE DEC 1    767                       820    -53      841
  SINCE JUL 1   1165                      1064    101     1116

 COOLING
  YESTERDAY        0                         0      0        0
  MONTH TO DATE    3                         0      3        1
  SINCE DEC 1      4                        11     -7       31
  SINCE JAN 1      3                         0      3        1
..................................................................


WIND (MPH)
  HIGHEST WIND SPEED    14   HIGHEST WIND DIRECTION     S (180)
  HIGHEST GUST SPEED    17   HIGHEST GUST DIRECTION     S (170)
  AVERAGE WIND SPEED     3.5


SKY COVER
  POSSIBLE SUNSHINE  MM
  AVERAGE SKY COVER 0.0


WEATHER CONDITIONS
 THE FOLLOWING WEATHER WAS RECORDED YESTERDAY.
  FOG


RELATIVE HUMIDITY (PERCENT)
 HIGHEST   100           500 AM
 LOWEST     34           300 PM
 AVERAGE    67

..........................................................


THE ALMA CLIMATE NORMALS FOR TODAY
                         NORMAL    RECORD    YEAR
 MAXIMUM TEMPERATURE (F)   63        83      1975
 MINIMUM TEMPERATURE (F)   41        10      1966


SUNRISE AND SUNSET
JANUARY 30 2015.......SUNRISE   724 AM EST   SUNSET   603 PM EST
JANUARY 31 2015.......SUNRISE   724 AM EST   SUNSET   604 PM EST


-  INDICATES NEGATIVE NUMBERS.
R  INDICATES RECORD WAS SET OR TIED.
MM INDICATES DATA IS MISSING.
T  INDICATES TRACE AMOUNT.




$$
