000
CDUS44 KBMX 210834
CLIANB


CLIMATE REPORT
NATIONAL WEATHER SERVICE BIRMINGHAM, AL
233 AM CST TUE FEB 21 2017


...................................

...THE ANNISTON CLIMATE SUMMARY FOR FEBRUARY 20 2017...

CLIMATE NORMAL PERIOD 1981 TO 2010
CLIMATE RECORD PERIOD 1903 TO 2017


WEATHER ITEM   OBSERVED TIME   RECORD YEAR NORMAL DEPARTURE LAST
                VALUE   (LST)  VALUE       VALUE  FROM      YEAR
                                                  NORMAL
..................................................................
TEMPERATURE (F)
 YESTERDAY
  MAXIMUM         77    206 PM  78    1986  59     18       68
                                      1951
  MINIMUM         46    654 AM  16    1958  37      9       47
  AVERAGE         62                        48     14       58

PRECIPITATION (IN)
  YESTERDAY        0.00          2.66 1951   0.19  -0.19     0.00
  MONTH TO DATE    1.98                      3.58  -1.60     2.51
  SINCE DEC 1     12.17                     12.22  -0.05    14.99
  SINCE JAN 1      9.53                      8.10   1.43     5.70

SNOWFALL (IN)
  YESTERDAY        0.0                       0.0             0.0
  MONTH TO DATE    0.0                       0.3              T
  SINCE DEC 1      0.0                       1.0              T
  SINCE JUL 1      0.0                       1.0              T

DEGREE DAYS
 HEATING
  YESTERDAY        3
  MONTH TO DATE  240
  SINCE DEC 1   1147
  SINCE JUL 1   1420
..................................................................


WIND (MPH)
  HIGHEST WIND SPEED    10   HIGHEST WIND DIRECTION    SE (140)
  HIGHEST GUST SPEED    14   HIGHEST GUST DIRECTION    NE (30)
  AVERAGE WIND SPEED     4.7


SKY COVER
  AVERAGE SKY COVER 0.0


WEATHER CONDITIONS
 THE FOLLOWING WEATHER WAS RECORDED YESTERDAY.
  NO SIGNIFICANT WEATHER WAS OBSERVED.


RELATIVE HUMIDITY (PERCENT)
 HIGHEST    93
 LOWEST     36
 AVERAGE    65

..........................................................


THE ANNISTON CLIMATE NORMALS FOR TODAY
                         NORMAL    RECORD    YEAR
 MAXIMUM TEMPERATURE (F)   60        75      2011
                                             2005
                                             1976
 MINIMUM TEMPERATURE (F)   38        17      1959


SUNRISE AND SUNSET
FEBRUARY 21 2017......SUNRISE   621 AM CST   SUNSET   533 PM CST
FEBRUARY 22 2017......SUNRISE   620 AM CST   SUNSET   534 PM CST


-  INDICATES NEGATIVE NUMBERS.
R  INDICATES RECORD WAS SET OR TIED.
MM INDICATES DATA IS MISSING.
T  INDICATES TRACE AMOUNT.




$$
