000
CDUS44 KBMX 202239
CLIANB


CLIMATE REPORT
NATIONAL WEATHER SERVICE BIRMINGHAM, AL
439 PM CST MON NOV 20 2017


...................................

...THE ANNISTON CLIMATE SUMMARY FOR NOVEMBER 20 2017...
VALID TODAY AS OF 0400 PM LOCAL TIME.

CLIMATE NORMAL PERIOD 1981 TO 2010
CLIMATE RECORD PERIOD 1903 TO 2017


WEATHER ITEM   OBSERVED RECORD YEAR NORMAL DEPARTURE LAST
                VALUE   VALUE       VALUE  FROM      YEAR
                                           NORMAL
...........................................................
TEMPERATURE (F)
 TODAY
  MAXIMUM         60     78    1979  64     -4       57
  MINIMUM         29     20    1903  41    -12       29
  AVERAGE         45

PRECIPITATION (IN)
  TODAY            0.00   1.47 1986   0.17  -0.17     0.00
  MONTH TO DATE    1.22               2.95  -1.73      T
  SINCE SEP 1     12.05               9.00   3.05     0.61
  SINCE JAN 1     56.35              43.92  12.43    26.47

SNOWFALL (IN)
  TODAY            0.0                0.0             0.0
  MONTH TO DATE    0.0                0.0             0.0
  SINCE SEP 1      0.0                0.0             0.0
  SINCE JUL 1      0.0                0.0             0.0

...........................................................


WIND (MPH)
  HIGHEST WIND SPEED    10   HIGHEST WIND DIRECTION     E (80)
  HIGHEST GUST SPEED    14   HIGHEST GUST DIRECTION     E (80)
  AVERAGE WIND SPEED     3.5


SKY COVER
  AVERAGE SKY COVER 0.0


WEATHER CONDITIONS
 THE FOLLOWING WEATHER WAS RECORDED TODAY.
  NO SIGNIFICANT WEATHER WAS OBSERVED.


RELATIVE HUMIDITY (PERCENT)
 HIGHEST    85
 LOWEST     33
 AVERAGE    59

..........................................................


THE ANNISTON CLIMATE NORMALS FOR TOMORROW
                         NORMAL    RECORD    YEAR
 MAXIMUM TEMPERATURE (F)   63        77      2011
                                             1960
 MINIMUM TEMPERATURE (F)   40        22      2000


SUNRISE AND SUNSET
NOVEMBER 20 2017......SUNRISE   620 AM CST   SUNSET   438 PM CST
NOVEMBER 21 2017......SUNRISE   621 AM CST   SUNSET   438 PM CST


-  INDICATES NEGATIVE NUMBERS.
R  INDICATES RECORD WAS SET OR TIED.
MM INDICATES DATA IS MISSING.
T  INDICATES TRACE AMOUNT.




$$
