566
CDUS44 KBMX 220716
CLIANB


CLIMATE REPORT
NATIONAL WEATHER SERVICE BIRMINGHAM, AL
215 AM CDT FRI MAY 22 2015


...................................

...THE ANNISTON CLIMATE SUMMARY FOR MAY 21 2015...

CLIMATE NORMAL PERIOD 1981 TO 2010
CLIMATE RECORD PERIOD 1903 TO 2015


WEATHER ITEM   OBSERVED TIME   RECORD YEAR NORMAL DEPARTURE LAST
                VALUE   (LST)  VALUE       VALUE  FROM      YEAR
                                                  NORMAL
..................................................................
TEMPERATURE (F)
 YESTERDAY
  MAXIMUM         75   1135 AM  95    1962  82     -7       85
                                      2004
  MINIMUM         57   1159 PM  40    1954  60     -3       58
  AVERAGE         66                        71     -5       72

PRECIPITATION (IN)
  YESTERDAY        0.00          2.12 2000   0.14  -0.14     0.00
  MONTH TO DATE    0.89                      2.97  -2.08     2.41
  SINCE MAR 1     14.72                     12.04   2.68    15.67
  SINCE JAN 1     22.88                     21.64   1.24    22.83

..................................................................


WIND (MPH)
  HIGHEST WIND SPEED    17   HIGHEST WIND DIRECTION     W (270)
  HIGHEST GUST SPEED    23   HIGHEST GUST DIRECTION     W (280)
  AVERAGE WIND SPEED     8.0


SKY COVER
  AVERAGE SKY COVER 0.7


WEATHER CONDITIONS
 THE FOLLOWING WEATHER WAS RECORDED YESTERDAY.
  NO SIGNIFICANT WEATHER WAS OBSERVED.


RELATIVE HUMIDITY (PERCENT)
 HIGHEST    93
 LOWEST     57
 AVERAGE    75

..........................................................


THE ANNISTON CLIMATE NORMALS FOR TODAY
                         NORMAL    RECORD    YEAR
 MAXIMUM TEMPERATURE (F)   82        94      2006
                                             1970
 MINIMUM TEMPERATURE (F)   61        42      2002


SUNRISE AND SUNSET
MAY 22 2015...........SUNRISE   539 AM CDT   SUNSET   742 PM CDT
MAY 23 2015...........SUNRISE   538 AM CDT   SUNSET   743 PM CDT


-  INDICATES NEGATIVE NUMBERS.
R  INDICATES RECORD WAS SET OR TIED.
MM INDICATES DATA IS MISSING.
T  INDICATES TRACE AMOUNT.




$$
