958
CDUS44 KBMX 260854
CLIANB


CLIMATE REPORT
NATIONAL WEATHER SERVICE BIRMINGHAM, AL
354 AM CDT SUN MAR 26 2017


...................................

...THE ANNISTON CLIMATE SUMMARY FOR MARCH 25 2017...

CLIMATE NORMAL PERIOD 1981 TO 2010
CLIMATE RECORD PERIOD 1903 TO 2017


WEATHER ITEM   OBSERVED TIME   RECORD YEAR NORMAL DEPARTURE LAST
                VALUE   (LST)  VALUE       VALUE  FROM      YEAR
                                                  NORMAL
..................................................................
TEMPERATURE (F)
 YESTERDAY
  MAXIMUM         80    232 PM  88    2007  69     11       72
  MINIMUM         59   1026 PM  28    2008  45     14       50
                                      1983
                                      1956
  AVERAGE         70                        57     13       61

PRECIPITATION (IN)
  YESTERDAY        0.61          1.64 1971   0.16   0.45      T
  MONTH TO DATE    3.01                      4.06  -1.05     2.52
  SINCE MAR 1      3.01                      4.06  -1.05     2.52
  SINCE JAN 1     13.53                     13.66  -0.13    11.36

SNOWFALL (IN)
  YESTERDAY        0.0                       0.0             0.0
  MONTH TO DATE    0.0                       0.6             0.0
  SINCE MAR 1      0.0                       0.6             0.0
  SINCE JUL 1      0.0                       1.7              T

DEGREE DAYS
 HEATING
  YESTERDAY        0
  MONTH TO DATE  272
  SINCE MAR 1    272
  SINCE JUL 1   1745
..................................................................


WIND (MPH)
  HIGHEST WIND SPEED    23   HIGHEST WIND DIRECTION     W (250)
  HIGHEST GUST SPEED    31   HIGHEST GUST DIRECTION     W (260)
  AVERAGE WIND SPEED     7.7


SKY COVER
  AVERAGE SKY COVER 0.4


WEATHER CONDITIONS
 THE FOLLOWING WEATHER WAS RECORDED YESTERDAY.
  HEAVY RAIN
  RAIN
  LIGHT RAIN
  FOG


RELATIVE HUMIDITY (PERCENT)
 HIGHEST   100
 LOWEST     43
 AVERAGE    72

..........................................................


THE ANNISTON CLIMATE NORMALS FOR TODAY
                         NORMAL    RECORD    YEAR
 MAXIMUM TEMPERATURE (F)   69        86      2007
 MINIMUM TEMPERATURE (F)   45        21      1955


SUNRISE AND SUNSET
MARCH 26 2017.........SUNRISE   639 AM CDT   SUNSET   700 PM CDT
MARCH 27 2017.........SUNRISE   637 AM CDT   SUNSET   700 PM CDT


-  INDICATES NEGATIVE NUMBERS.
R  INDICATES RECORD WAS SET OR TIED.
MM INDICATES DATA IS MISSING.
T  INDICATES TRACE AMOUNT.




$$
