000
CDUS44 KBMX 240931
CLIANB


CLIMATE REPORT
NATIONAL WEATHER SERVICE BIRMINGHAM, AL
430 AM CDT THU APR 24 2014


...................................

...THE ANNISTON CLIMATE SUMMARY FOR APRIL 23 2014...

CLIMATE NORMAL PERIOD 1981 TO 2010
CLIMATE RECORD PERIOD 1903 TO 2014


WEATHER ITEM   OBSERVED TIME   RECORD YEAR NORMAL DEPARTURE LAST
                VALUE   (LST)  VALUE       VALUE  FROM      YEAR
                                                  NORMAL
..................................................................
TEMPERATURE (F)
 YESTERDAY
  MAXIMUM         78    407 PM  92    1980  76      2       77
  MINIMUM         50   1136 PM  30    1986  52     -2       53
  AVERAGE         64                        64      0       65

PRECIPITATION (IN)
  YESTERDAY        0.00          1.34 1941   0.13  -0.13     0.00
  MONTH TO DATE    6.11                      3.16   2.95     5.41
  SINCE MAR 1     11.52                      8.12   3.40     9.41
  SINCE JAN 1     18.68                     17.72   0.96    23.36

SNOWFALL (IN)
  YESTERDAY        0.0                       0.0             0.0
  MONTH TO DATE    0.0                       0.2             0.0
  SINCE MAR 1      0.0                       0.9              T
  SINCE JUL 1      2.3                       2.0             1.2

DEGREE DAYS
 HEATING
  YESTERDAY        1
  MONTH TO DATE  109
  SINCE MAR 1    491
  SINCE JUL 1   2972
..................................................................


WIND (MPH)
  HIGHEST WIND SPEED    13   HIGHEST WIND DIRECTION     N (10)
  HIGHEST GUST SPEED    16   HIGHEST GUST DIRECTION     N (20)
  AVERAGE WIND SPEED     4.1


SKY COVER
  AVERAGE SKY COVER 0.2


WEATHER CONDITIONS
 THE FOLLOWING WEATHER WAS RECORDED YESTERDAY.
  FOG
  FOG W/VISIBILITY <= 1/4 MILE


RELATIVE HUMIDITY (PERCENT)
 HIGHEST   100
 LOWEST     22
 AVERAGE    61

..........................................................


THE ANNISTON CLIMATE NORMALS FOR TODAY
                         NORMAL    RECORD    YEAR
 MAXIMUM TEMPERATURE (F)   76        90      1965
                                             1960
 MINIMUM TEMPERATURE (F)   52        34      2005
                                             1986


SUNRISE AND SUNSET
APRIL 24 2014.........SUNRISE   602 AM CDT   SUNSET   721 PM CDT
APRIL 25 2014.........SUNRISE   601 AM CDT   SUNSET   722 PM CDT


-  INDICATES NEGATIVE NUMBERS.
R  INDICATES RECORD WAS SET OR TIED.
MM INDICATES DATA IS MISSING.
T  INDICATES TRACE AMOUNT.




$$
