000
CDUS44 KBMX 300913
CLIANB


CLIMATE REPORT
NATIONAL WEATHER SERVICE BIRMINGHAM, AL
412 AM CDT SAT APR 30 2016


...................................

...THE ANNISTON CLIMATE SUMMARY FOR APRIL 29 2016...

CLIMATE NORMAL PERIOD 1981 TO 2010
CLIMATE RECORD PERIOD 1903 TO 2016


WEATHER ITEM   OBSERVED TIME   RECORD YEAR NORMAL DEPARTURE LAST
                VALUE   (LST)  VALUE       VALUE  FROM      YEAR
                                                  NORMAL
..................................................................
TEMPERATURE (F)
 YESTERDAY
  MAXIMUM         87    254 PM  90    1970  77     10       66
  MINIMUM         58    430 AM  37    1992  53      5       51
                                      1973
  AVERAGE         73                        65      8       59

PRECIPITATION (IN)
  YESTERDAY        0.09          6.15 1963   0.14  -0.05     0.11
  MONTH TO DATE    3.10                      3.98  -0.88     8.25
  SINCE MAR 1      6.39                      8.94  -2.55    13.83
  SINCE JAN 1     15.23                     18.54  -3.31    21.99

SNOWFALL (IN)
  YESTERDAY        0.0                       0.0             0.0
  MONTH TO DATE    0.0                       0.2             0.0
  SINCE MAR 1      0.0                       0.9              T
  SINCE JUL 1      T                         2.0              T

DEGREE DAYS
 HEATING
  YESTERDAY        0
  MONTH TO DATE   98
  SINCE MAR 1    296
  SINCE JUL 1   2030
..................................................................


WIND (MPH)
  HIGHEST WIND SPEED    20   HIGHEST WIND DIRECTION     W (270)
  HIGHEST GUST SPEED    29   HIGHEST GUST DIRECTION    NW (310)
  AVERAGE WIND SPEED     4.2


SKY COVER
  AVERAGE SKY COVER 0.1


WEATHER CONDITIONS
 THE FOLLOWING WEATHER WAS RECORDED YESTERDAY.
  THUNDERSTORM
  LIGHT RAIN
  FOG


RELATIVE HUMIDITY (PERCENT)
 HIGHEST    93
 LOWEST     27
 AVERAGE    60

..........................................................


THE ANNISTON CLIMATE NORMALS FOR TODAY
                         NORMAL    RECORD    YEAR
 MAXIMUM TEMPERATURE (F)   77        92      1970
 MINIMUM TEMPERATURE (F)   54        39      1965


SUNRISE AND SUNSET
APRIL 30 2016.........SUNRISE   555 AM CDT   SUNSET   726 PM CDT
MAY  1 2016...........SUNRISE   554 AM CDT   SUNSET   727 PM CDT


-  INDICATES NEGATIVE NUMBERS.
R  INDICATES RECORD WAS SET OR TIED.
MM INDICATES DATA IS MISSING.
T  INDICATES TRACE AMOUNT.




$$
