000
CDUS44 KBMX 282114
CLIANB


CLIMATE REPORT
NATIONAL WEATHER SERVICE BIRMINGHAM, AL
414 PM CDT THU AUG 28 2014


...................................

...THE ANNISTON CLIMATE SUMMARY FOR AUGUST 28 2014...
VALID AS OF 0400 PM LOCAL TIME.

CLIMATE NORMAL PERIOD 1981 TO 2010
CLIMATE RECORD PERIOD 1903 TO 2014


WEATHER ITEM   OBSERVED TIME   RECORD YEAR NORMAL DEPARTURE LAST
                VALUE   (LST)  VALUE       VALUE  FROM      YEAR
                                                  NORMAL
..................................................................
TEMPERATURE (F)
 TODAY
  MAXIMUM         92    250 PM 101    1990  89      3       90
  MINIMUM         64    551 AM  50    1952  68     -4       65
  AVERAGE         78

PRECIPITATION (IN)
  TODAY            0.00          1.19 2012   0.10  -0.10     0.00
  MONTH TO DATE    3.26                      3.00   0.26     4.90
  SINCE JUN 1      8.94                     11.70  -2.76    24.29
  SINCE JAN 1     32.46                     34.63  -2.17    57.22

..................................................................


WIND (MPH)
  HIGHEST WIND SPEED     9   HIGHEST WIND DIRECTION    SE (150)
  HIGHEST GUST SPEED    12   HIGHEST GUST DIRECTION    SE (150)
  AVERAGE WIND SPEED     3.6


SKY COVER
  AVERAGE SKY COVER 0.0


WEATHER CONDITIONS
 THE FOLLOWING WEATHER WAS RECORDED TODAY.
  NO SIGNIFICANT WEATHER WAS OBSERVED.


RELATIVE HUMIDITY (PERCENT)
 HIGHEST    93
 LOWEST     30
 AVERAGE    62

..........................................................


THE ANNISTON CLIMATE NORMALS FOR TOMORROW
                         NORMAL    RECORD    YEAR
 MAXIMUM TEMPERATURE (F)   89        99      1990
                                             1951
 MINIMUM TEMPERATURE (F)   68        52      1992


SUNRISE AND SUNSET
AUGUST 28 2014........SUNRISE   615 AM CDT   SUNSET   714 PM CDT
AUGUST 29 2014........SUNRISE   615 AM CDT   SUNSET   713 PM CDT


-  INDICATES NEGATIVE NUMBERS.
R  INDICATES RECORD WAS SET OR TIED.
MM INDICATES DATA IS MISSING.
T  INDICATES TRACE AMOUNT.




$$
