000
CDAK48 PAFC 291326 RRA
CLIANC

CLIMATE REPORT
NATIONAL WEATHER SERVICE ANCHORAGE, AK
524 AM AKDT WED MAR 29 2017


...................................

...THE ANCHORAGE AK CLIMATE SUMMARY FOR MARCH 28 2017...

CLIMATE NORMAL PERIOD 1981 TO 2010
CLIMATE RECORD PERIOD 1952 TO 2017


WEATHER ITEM   OBSERVED TIME   RECORD YEAR NORMAL DEPARTURE LAST
                VALUE   (LST)  VALUE       VALUE  FROM      YEAR
                                                  NORMAL
..................................................................
TEMPERATURE (F)
 YESTERDAY
  MAXIMUM         32    438 PM  49    2015  37     -5       40
                                      1970
  MINIMUM         27   1114 AM   1    1963  22      5       33
  AVERAGE         30                        30      0       37

PRECIPITATION (IN)
  YESTERDAY        0.10          0.23 2016   0.02   0.08
  MONTH TO DATE    0.10                      0.55  -0.45
  SINCE MAR 1      0.10                      0.55  -0.45
  SINCE JAN 1      2.80                      2.00   0.80

SNOWFALL (IN)
  YESTERDAY        1.3           4.8  2005   0.3    0.0      0.0
  MONTH TO DATE    1.3                       9.1   -7.8     10.7
  SINCE MAR 1      1.3                       9.1   -7.8     10.7
  SINCE JUL 1     73.4                      69.4    4.0     38.3
  SNOW DEPTH      21

DEGREE DAYS
 HEATING
  YESTERDAY       35                                0
  MONTH TO DATE 1304                              215
  SINCE MAR 1   1304                              215
  SINCE JUL 1   8342                              -76

 COOLING
  YESTERDAY        0                                0
  MONTH TO DATE    0                                0
  SINCE MAR 1      0                                0
  SINCE JAN 1      0                                0
..................................................................


WIND (MPH)
  HIGHEST WIND SPEED    15   HIGHEST WIND DIRECTION     N (350)
  HIGHEST GUST SPEED    18   HIGHEST GUST DIRECTION     N (340)
  AVERAGE WIND SPEED     4.6




RELATIVE HUMIDITY (PERCENT)
 HIGHEST    92
 LOWEST     78
 AVERAGE    85

..........................................................


THE ANCHORAGE AK CLIMATE NORMALS FOR TODAY
                         NORMAL    RECORD    YEAR
 MAXIMUM TEMPERATURE (F)   38        48      1995
 MINIMUM TEMPERATURE (F)   23         7      1972


SUNRISE AND SUNSET
MARCH 29 2017.........SUNRISE   731 AM AKDT  SUNSET   840 PM AKDT
MARCH 30 2017.........SUNRISE   728 AM AKDT  SUNSET   842 PM AKDT


-  INDICATES NEGATIVE NUMBERS.
R  INDICATES RECORD WAS SET OR TIED.
MM INDICATES DATA IS MISSING.
T  INDICATES TRACE AMOUNT.




$$
