000
CDAK48 PAFC 281238
CLIANC

CLIMATE REPORT
NATIONAL WEATHER SERVICE ANCHORAGE, AK
436 AM AKDT SUN AUG 28 2016


...................................

...THE ANCHORAGE AK CLIMATE SUMMARY FOR AUGUST 27 2016...

CLIMATE NORMAL PERIOD 1981 TO 2010
CLIMATE RECORD PERIOD 1952 TO 2016


WEATHER ITEM   OBSERVED TIME   RECORD YEAR NORMAL DEPARTURE LAST
                VALUE   (LST)  VALUE       VALUE  FROM      YEAR
                                                  NORMAL
..................................................................
TEMPERATURE (F)
 YESTERDAY
  MAXIMUM         73R       MM  69    1993  62     11       66
  MINIMUM         56        MM  37    1998  48      8       48
                                      1965
  AVERAGE         65                        55     10       57

PRECIPITATION (IN)
  YESTERDAY        0.00          1.11 1960   0.11  -0.11
  MONTH TO DATE    5.45                      2.80   2.65
  SINCE JUN 1      9.64                      5.60   4.04
  SINCE JAN 1     11.80                      8.84   2.96

SNOWFALL (IN)
  YESTERDAY        0.0           0.0    MM   0.0    0.0      0.0
  MONTH TO DATE    0.0                       0.0    0.0      0.0
  SINCE JUN 1      0.0                       0.0    0.0      0.0
  SINCE JUL 1      0.0                       0.0    0.0      0.0
  SNOW DEPTH       0

DEGREE DAYS
 HEATING
  YESTERDAY        0                              -10
  MONTH TO DATE  116                              -95
  SINCE JUN 1    364                             -334
  SINCE JUL 1    192                             -213

 COOLING
  YESTERDAY        0                                0
  MONTH TO DATE    0                                0
  SINCE JUN 1     13                               11
  SINCE JAN 1     13                               11
..................................................................


WIND (MPH)
  HIGHEST WIND SPEED    14   HIGHEST WIND DIRECTION     N (350)
  HIGHEST GUST SPEED    23   HIGHEST GUST DIRECTION     N (350)
  AVERAGE WIND SPEED     5.5




RELATIVE HUMIDITY (PERCENT)
 HIGHEST    93
 LOWEST     53
 AVERAGE    73

..........................................................


THE ANCHORAGE AK CLIMATE NORMALS FOR TODAY
                         NORMAL    RECORD    YEAR
 MAXIMUM TEMPERATURE (F)   61        70      1974
                                             1967
                                             1962
 MINIMUM TEMPERATURE (F)   47        31      1984


SUNRISE AND SUNSET
AUGUST 28 2016........SUNRISE   644 AM AKDT  SUNSET   917 PM AKDT
AUGUST 29 2016........SUNRISE   646 AM AKDT  SUNSET   914 PM AKDT

CIVIL TWILIGHT
AUGUST 28 2016          START   556 AM AKDT     END  1005 PM AKDT
AUGUST 29 2016          START   559 AM AKDT     END  1001 PM AKDT



-  INDICATES NEGATIVE NUMBERS.
R  INDICATES RECORD WAS SET OR TIED.
MM INDICATES DATA IS MISSING.
T  INDICATES TRACE AMOUNT.




$$
&&
------------------------------------------------------
AMOUNT OF DAYLIGHT TODAY  (HOUR:MIN)........14:33
GAIN/LOSS SINCE YESTERDAY (HOUR:MIN:SEC)....-0:05:38

-
