000
CDAK48 PAFC 260035
CLIANC


CLIMATE REPORT
NATIONAL WEATHER SERVICE ANCHORAGE, AK
435 PM AKDT SUN SEP 25 2016


...................................

...THE ANCHORAGE AK CLIMATE SUMMARY FOR SEPTEMBER 25 2016...
VALID TODAY AS OF 0400 PM LOCAL TIME.

CLIMATE NORMAL PERIOD 1981 TO 2010
CLIMATE RECORD PERIOD 1952 TO 2016


WEATHER ITEM   OBSERVED TIME   RECORD YEAR NORMAL DEPARTURE LAST
                VALUE   (LST)  VALUE       VALUE  FROM      YEAR
                                                  NORMAL
..................................................................
TEMPERATURE (F)
 TODAY
  MAXIMUM         MM        MM  63    1965  51     MM       47
  MINIMUM         MM        MM  22    1992  39     MM       32
  AVERAGE         MM                        45     MM       40

PRECIPITATION (IN)
  TODAY            T             1.14 2013   0.10  -0.10      T
  MONTH TO DATE    2.34                      2.50  -0.16     4.56
  SINCE SEP 1      2.34                      2.50  -0.16     4.56
  SINCE JAN 1     14.14                     11.79   2.35    11.86

SNOWFALL (IN)
  TODAY           MM             6.0  2004   0.1   MM        0.0
  MONTH TO DATE    0.0                       0.2   -0.2      0.0
  SINCE SEP 1      0.0                       0.2   -0.2      0.0
  SINCE JUL 1      0.0                       0.2   -0.2      0.0
  SNOW DEPTH       0

DEGREE DAYS
 HEATING
  TODAY           MM                        20     MM       25
  MONTH TO DATE  270                       387   -117      437
  SINCE SEP 1    270                       387   -117      437
  SINCE JUL 1    474                       837   -363      719

 COOLING
  TODAY           MM                         0     MM        0
  MONTH TO DATE    0                         0      0        0
  SINCE SEP 1      0                         0      0        0
  SINCE JAN 1     13                         2     11       34
..................................................................


WIND (MPH)
  RESULTANT WIND SPEED   7   RESULTANT WIND DIRECTION   S (160)
  HIGHEST WIND SPEED    13   HIGHEST WIND DIRECTION    SE (150)
  HIGHEST GUST SPEED    21   HIGHEST GUST DIRECTION    SE (150)
  AVERAGE WIND SPEED     7.9


SKY COVER
  POSSIBLE SUNSHINE  MM
  AVERAGE SKY COVER 0.9


WEATHER CONDITIONS
 THE FOLLOWING WEATHER WAS RECORDED TODAY.
  LIGHT RAIN


RELATIVE HUMIDITY (PERCENT)
 HIGHEST    86           100 AM
 LOWEST     71          1100 AM
 AVERAGE    79

..........................................................


THE ANCHORAGE AK CLIMATE NORMALS FOR TOMORROW
                         NORMAL    RECORD    YEAR
 MAXIMUM TEMPERATURE (F)   51        59      1995
                                             1975
 MINIMUM TEMPERATURE (F)   39        22      1992


SUNRISE AND SUNSET
SEPTEMBER 25 2016.....SUNRISE   753 AM AKDT  SUNSET   748 PM AKDT
SEPTEMBER 26 2016.....SUNRISE   756 AM AKDT  SUNSET   745 PM AKDT


-  INDICATES NEGATIVE NUMBERS.
R  INDICATES RECORD WAS SET OR TIED.
MM INDICATES DATA IS MISSING.
T  INDICATES TRACE AMOUNT.




$$
