000
CDAK48 PAFC 070036
CLIANC


CLIMATE REPORT
NATIONAL WEATHER SERVICE ANCHORAGE, AK
336 PM AKST SAT FEB 6 2016


...................................

...THE ANCHORAGE AK CLIMATE SUMMARY FOR FEBRUARY 6 2016...
VALID TODAY AS OF 0300 PM LOCAL TIME.

CLIMATE NORMAL PERIOD 1981 TO 2010
CLIMATE RECORD PERIOD 1952 TO 2016


WEATHER ITEM   OBSERVED RECORD YEAR NORMAL DEPARTURE LAST
                VALUE   VALUE       VALUE  FROM      YEAR
                                           NORMAL
...........................................................
TEMPERATURE (F)
 TODAY
  MAXIMUM         31     44    2003  25      6       24
                               1964
  MINIMUM         23    -21    1990  13     10       15
  AVERAGE         27                 19              20

PRECIPITATION (IN)
  TODAY            T      0.52 1993   0.03  -0.03      T
  MONTH TO DATE    0.08               0.17  -0.09      T
  SINCE DEC 1      0.59               2.01  -1.42     1.04
  SINCE JAN 1      0.36               0.90  -0.54     0.36

SNOWFALL (IN)
  TODAY            T      7.4  1993   0.4   -0.4      0.0
  MONTH TO DATE    T                  2.5   -2.5      0.0
  SINCE DEC 1      6.1               30.5  -24.4     13.4
  SINCE JUL 1     25.8               51.9  -26.1     19.4
  SNOW DEPTH       1

DEGREE DAYS
 HEATING
  TODAY           38                 46     -8       45
  MONTH TO DATE  233                281    -48      306
  SINCE DEC 1   2744               3192   -448     2830
  SINCE JUL 1   5558               6356   -798     5545

 COOLING
  TODAY            0                  0      0        0
  MONTH TO DATE    0                  0      0        0
  SINCE DEC 1      0                  0      0        0
  SINCE JAN 1      0                  0      0        0
...........................................................


WIND (MPH)
  RESULTANT WIND SPEED   2   RESULTANT WIND DIRECTION  NE (30)
  HIGHEST WIND SPEED     7   HIGHEST WIND DIRECTION     N (340)
  HIGHEST GUST SPEED    MM   HIGHEST GUST DIRECTION    MM
  AVERAGE WIND SPEED     2.4


SKY COVER
  POSSIBLE SUNSHINE  MM
  AVERAGE SKY COVER 0.5


WEATHER CONDITIONS
 THE FOLLOWING WEATHER WAS RECORDED TODAY.
  NO SIGNIFICANT WEATHER WAS OBSERVED.


RELATIVE HUMIDITY (PERCENT)
 HIGHEST    88           400 AM
 LOWEST     78           200 AM
 AVERAGE    83

..........................................................


THE ANCHORAGE AK CLIMATE NORMALS FOR TOMORROW
                         NORMAL    RECORD    YEAR
 MAXIMUM TEMPERATURE (F)   25        45      1971
 MINIMUM TEMPERATURE (F)   13       -23      1990


SUNRISE AND SUNSET
FEBRUARY  6 2016......SUNRISE   908 AM AKST  SUNSET   521 PM AKST
FEBRUARY  7 2016......SUNRISE   905 AM AKST  SUNSET   524 PM AKST


-  INDICATES NEGATIVE NUMBERS.
R  INDICATES RECORD WAS SET OR TIED.
MM INDICATES DATA IS MISSING.
T  INDICATES TRACE AMOUNT.




$$
