000
CDAK48 PAFC 051259
CLIANC

CLIMATE REPORT
NATIONAL WEATHER SERVICE ANCHORAGE, AK
358 AM AKST MON DEC 5 2016


...................................

...THE ANCHORAGE AK CLIMATE SUMMARY FOR DECEMBER 4 2016...

CLIMATE NORMAL PERIOD 1981 TO 2010
CLIMATE RECORD PERIOD 1952 TO 2016


WEATHER ITEM   OBSERVED TIME   RECORD YEAR NORMAL DEPARTURE LAST
                VALUE   (LST)  VALUE       VALUE  FROM      YEAR
                                                  NORMAL
..................................................................
TEMPERATURE (F)
 YESTERDAY
  MAXIMUM         12   1237 AM  47    2002  25    -13       27
  MINIMUM         -4   1152 PM -13    1975  14    -18       21
  AVERAGE          4                        20    -16       24

PRECIPITATION (IN)
  YESTERDAY        0.00          0.62 1998   0.04  -0.04
  MONTH TO DATE    0.50                      0.15   0.35
  SINCE DEC 1      0.50                      0.15   0.35
  SINCE JAN 1     15.49                     15.62  -0.13

SNOWFALL (IN)
  YESTERDAY        0.0          15.1  1998   0.5   -0.5      0.2
  MONTH TO DATE    8.4                       2.1    6.3      1.2
  SINCE DEC 1      8.4                       2.1    6.3      1.2
  SINCE JUL 1     12.3                      23.5  -11.2     20.9
  SNOW DEPTH       7

DEGREE DAYS
 HEATING
  YESTERDAY       61                               16
  MONTH TO DATE  200                               20
  SINCE DEC 1    200                               20
  SINCE JUL 1   2853                             -491

 COOLING
  YESTERDAY        0                                0
  MONTH TO DATE    0                                0
  SINCE DEC 1      0                                0
  SINCE JAN 1     13                               11
..................................................................


WIND (MPH)
  HIGHEST WIND SPEED    18   HIGHEST WIND DIRECTION     N (360)
  HIGHEST GUST SPEED    26   HIGHEST GUST DIRECTION     N (360)
  AVERAGE WIND SPEED     7.2




RELATIVE HUMIDITY (PERCENT)
 HIGHEST    79
 LOWEST     46
 AVERAGE    63

..........................................................


THE ANCHORAGE AK CLIMATE NORMALS FOR TODAY
                         NORMAL    RECORD    YEAR
 MAXIMUM TEMPERATURE (F)   25        46      2002
 MINIMUM TEMPERATURE (F)   14       -15      1975


SUNRISE AND SUNSET
DECEMBER  5 2016......SUNRISE   955 AM AKST  SUNSET   347 PM AKST
DECEMBER  6 2016......SUNRISE   957 AM AKST  SUNSET   346 PM AKST

CIVIL TWILIGHT
DECEMBER 5 2016         START    856 AM GMT     END    446 PM GMT
DECEMBER 6 2016         START    857 AM GMT     END    446 PM GMT



-  INDICATES NEGATIVE NUMBERS.
R  INDICATES RECORD WAS SET OR TIED.
MM INDICATES DATA IS MISSING.
T  INDICATES TRACE AMOUNT.




$$
&&
------------------------------------------------------
AMOUNT OF DAYLIGHT TODAY  (HOUR:MIN)........ 5:52
GAIN/LOSS SINCE YESTERDAY (HOUR:MIN:SEC)....-0:02:58

$$
