000
CDAK48 PAFC 201233
CLIANC


CLIMATE REPORT
NATIONAL WEATHER SERVICE ANCHORAGE, AK
433 AM AKDT SAT SEP 20 2014


...................................

...THE ANCHORAGE AK CLIMATE SUMMARY FOR SEPTEMBER 19 2014...

CLIMATE NORMAL PERIOD 1981 TO 2010
CLIMATE RECORD PERIOD 1915 TO 2014


WEATHER ITEM   OBSERVED RECORD YEAR NORMAL DEPARTURE LAST
                VALUE   VALUE       VALUE  FROM      YEAR
                                           NORMAL
...........................................................
TEMPERATURE (F)
 YESTERDAY
  MAXIMUM         53     63    1979  54     -1       51
  MINIMUM         49     26    1948  41      8       38
                               1945
                               1922
  AVERAGE         51                 48      3       45

PRECIPITATION (IN)
  YESTERDAY        0.69   1.41 2012   0.10   0.59
  MONTH TO DATE    3.91               1.91   2.00
  SINCE JUN 1     12.99               7.96   5.03
  SINCE JAN 1     16.22              11.20   5.02

SNOWFALL (IN)
  YESTERDAY       MM      T    1992   0.0   MM
  MONTH TO DATE    0.0                0.1   -0.1
  SINCE JUN 1      0.0                0.1   -0.1
  SINCE JUL 1      0.0                0.1   -0.1
  SNOW DEPTH       0

DEGREE DAYS
 HEATING
  YESTERDAY       14                        -3
  MONTH TO DATE  222                       -52
  SINCE SEP 1    222                       -52
  SINCE JUL 1    571                      -153

 COOLING
  YESTERDAY        0                         0
  MONTH TO DATE    0                         0
  SINCE SEP 1      0                         0
  SINCE JAN 1      3                         1
...........................................................


WIND (MPH)
  HIGHEST WIND SPEED     9   HIGHEST WIND DIRECTION     S (200)
  HIGHEST GUST SPEED    MM   HIGHEST GUST DIRECTION    MM
  AVERAGE WIND SPEED     4.0




RELATIVE HUMIDITY (PERCENT)
 HIGHEST    93
 LOWEST     83
 AVERAGE    88

..........................................................


THE ANCHORAGE AK CLIMATE NORMALS FOR TODAY
                         NORMAL    RECORD    YEAR
 MAXIMUM TEMPERATURE (F)   54        66      1995
 MINIMUM TEMPERATURE (F)   41        23      1917


SUNRISE AND SUNSET
SEPTEMBER 20 2014.....SUNRISE   740 AM AKDT  SUNSET   806 PM AKDT
SEPTEMBER 21 2014.....SUNRISE   742 AM AKDT  SUNSET   802 PM AKDT


-  INDICATES NEGATIVE NUMBERS.
R  INDICATES RECORD WAS SET OR TIED.
MM INDICATES DATA IS MISSING.
T  INDICATES TRACE AMOUNT.




$$
