703
CDAK48 PAFC 211249
CLIANC

CLIMATE REPORT
NATIONAL WEATHER SERVICE ANCHORAGE, AK
349 AM AKST TUE NOV 21 2017


...................................

...THE ANCHORAGE AK CLIMATE SUMMARY FOR NOVEMBER 20 2017...

CLIMATE NORMAL PERIOD 1981 TO 2010
CLIMATE RECORD PERIOD 1952 TO 2017


WEATHER ITEM   OBSERVED TIME   RECORD YEAR NORMAL DEPARTURE LAST
                VALUE   (LST)  VALUE       VALUE  FROM      YEAR
                                                  NORMAL
..................................................................
TEMPERATURE (F)
 YESTERDAY
  MAXIMUM         28        MM  53    1967  26      2       26
  MINIMUM          9        MM -10    1958  15     -6       14
  AVERAGE         19                        21     -2       20

PRECIPITATION (IN)
  YESTERDAY        0.00          0.69 1994   0.04  -0.04
  MONTH TO DATE    0.67                      0.78  -0.11
  SINCE SEP 1      6.23                      5.80   0.43
  SINCE JAN 1     18.17                     15.09   3.08

SNOWFALL (IN)
  YESTERDAY        0.0           8.9  1994   0.4   -0.4      0.0
  MONTH TO DATE    7.3                       7.9   -0.6      0.8
  SINCE SEP 1      7.8                      16.2   -8.4      3.4
  SINCE JUL 1      7.8                      16.2   -8.4      3.4
  SNOW DEPTH       7

DEGREE DAYS
 HEATING
  YESTERDAY       46                                2
  MONTH TO DATE  835                                0
  SINCE SEP 1   2025                             -240
  SINCE JUL 1   2393                             -322

 COOLING
  YESTERDAY        0                                0
  MONTH TO DATE    0                                0
  SINCE SEP 1      0                                0
  SINCE JAN 1      3                                1
..................................................................


WIND (MPH)
  HIGHEST WIND SPEED    16   HIGHEST WIND DIRECTION     N (20)
  HIGHEST GUST SPEED    35   HIGHEST GUST DIRECTION     N (20)
  AVERAGE WIND SPEED     9.2




RELATIVE HUMIDITY (PERCENT)
 HIGHEST    84
 LOWEST     39
 AVERAGE    62

..........................................................


THE ANCHORAGE AK CLIMATE NORMALS FOR TODAY
                         NORMAL    RECORD    YEAR
 MAXIMUM TEMPERATURE (F)   26        46      2007
 MINIMUM TEMPERATURE (F)   15       -13      1955


SUNRISE AND SUNSET
NOVEMBER 21 2017......SUNRISE   923 AM AKST  SUNSET   409 PM AKST
NOVEMBER 22 2017......SUNRISE   925 AM AKST  SUNSET   407 PM AKST

CIVIL TWILIGHT
NOVEMBER 21 2017        START    829 AM GMT     END    503 PM GMT
NOVEMBER 22 2017        START    831 AM GMT     END    502 PM GMT



-  INDICATES NEGATIVE NUMBERS.
R  INDICATES RECORD WAS SET OR TIED.
MM INDICATES DATA IS MISSING.
T  INDICATES TRACE AMOUNT.




$$
&&
------------------------------------------------------
AMOUNT OF DAYLIGHT TODAY  (HOUR:MIN)........ 6:46
GAIN/LOSS SINCE YESTERDAY (HOUR:MIN:SEC)....-0:04:35
