000
CDAK48 PAFC 221332
CLIANC

CLIMATE REPORT
NATIONAL WEATHER SERVICE ANCHORAGE, AK
430 AM AKST WED FEB 22 2017


...................................

...THE ANCHORAGE AK CLIMATE SUMMARY FOR FEBRUARY 21 2017...

CLIMATE NORMAL PERIOD 1981 TO 2010
CLIMATE RECORD PERIOD 1952 TO 2017


WEATHER ITEM   OBSERVED TIME   RECORD YEAR NORMAL DEPARTURE LAST
                VALUE   (LST)  VALUE       VALUE  FROM      YEAR
                                                  NORMAL
..................................................................
TEMPERATURE (F)
 YESTERDAY
  MAXIMUM         14    326 PM  44    1977  28    -14       43
  MINIMUM         -4    847 AM -16    1965  15    -19       29
                                      1956
  AVERAGE          5                        21    -16       36

PRECIPITATION (IN)
  YESTERDAY        T             0.40 2015   0.03  -0.03
  MONTH TO DATE    0.76                      0.57   0.19
  SINCE DEC 1      3.94                      2.41   1.53
  SINCE JAN 1      2.47                      1.30   1.17

SNOWFALL (IN)
  YESTERDAY        0.1           3.3  1995   0.4   -0.3      1.8
  MONTH TO DATE   17.5                       8.5    9.0      1.8
  SINCE DEC 1     66.1                      36.5   29.6      7.9
  SINCE JUL 1     70.0                      57.9   12.1     27.6
  SNOW DEPTH      26

DEGREE DAYS
 HEATING
  YESTERDAY       60                               16
  MONTH TO DATE  988                               32
  SINCE DEC 1   4084                              217
  SINCE JUL 1   6737                             -294

 COOLING
  YESTERDAY        0                                0
  MONTH TO DATE    0                                0
  SINCE DEC 1      0                                0
  SINCE JAN 1      0                                0
..................................................................


WIND (MPH)
  HIGHEST WIND SPEED    10   HIGHEST WIND DIRECTION     N (10)
  HIGHEST GUST SPEED    15   HIGHEST GUST DIRECTION     N (360)
  AVERAGE WIND SPEED     4.3




RELATIVE HUMIDITY (PERCENT)
 HIGHEST    91
 LOWEST     55
 AVERAGE    73

..........................................................


THE ANCHORAGE AK CLIMATE NORMALS FOR TODAY
                         NORMAL    RECORD    YEAR
 MAXIMUM TEMPERATURE (F)   28        47      2015
 MINIMUM TEMPERATURE (F)   15       -12      1990


SUNRISE AND SUNSET
FEBRUARY 22 2017......SUNRISE   820 AM AKST  SUNSET   608 PM AKST
FEBRUARY 23 2017......SUNRISE   817 AM AKST  SUNSET   610 PM AKST

CIVIL TWILIGHT
FEBRUARY 22 2017        START    736 AM GMT     END    652 PM GMT
FEBRUARY 23 2017        START    734 AM GMT     END    655 PM GMT



-  INDICATES NEGATIVE NUMBERS.
R  INDICATES RECORD WAS SET OR TIED.
MM INDICATES DATA IS MISSING.
T  INDICATES TRACE AMOUNT.

------------------------------------------------------
AMOUNT OF DAYLIGHT TODAY  (HOUR:MIN)........ 9:47
GAIN/LOSS SINCE YESTERDAY (HOUR:MIN:SEC)....+0:05:42
