000
CDAK48 PAFC 011236
CLIANC

CLIMATE REPORT
NATIONAL WEATHER SERVICE ANCHORAGE, AK
435 AM AKDT FRI AUG 1 2014


...................................

...THE ANCHORAGE AK CLIMATE SUMMARY FOR JULY 31 2014...

CLIMATE NORMAL PERIOD 1981 TO 2010
CLIMATE RECORD PERIOD 1915 TO 2014


WEATHER ITEM   OBSERVED RECORD YEAR NORMAL DEPARTURE LAST
                VALUE   VALUE       VALUE  FROM      YEAR
                                           NORMAL
...........................................................
TEMPERATURE (F)
 YESTERDAY
  MAXIMUM         67     79    2002  65      2       72
  MINIMUM         53     39    1951  53      0       56
  AVERAGE         60                 59      1       64

PRECIPITATION (IN)
  YESTERDAY        0.00   2.00 1956   0.08  -0.08
  MONTH TO DATE    3.23               1.83   1.40
  SINCE JUN 1      6.56               2.80   3.76
  SINCE JAN 1      9.79               6.04   3.75

SNOWFALL (IN)
  YESTERDAY        0.0    0.0    MM   0.0    0.0
  MONTH TO DATE    0.0                0.0    0.0
  SINCE JUN 1      0.0                0.0    0.0
  SINCE JUL 1      0.0                0.0    0.0
  SNOW DEPTH       0

DEGREE DAYS
 HEATING
  YESTERDAY        5                        -1
  MONTH TO DATE  154                       -41
  SINCE JUN 1    482                        -5
  SINCE JUL 1    154                       -40

 COOLING
  YESTERDAY        0                         0
  MONTH TO DATE    3                         1
  SINCE JUN 1      3                         1
  SINCE JAN 1      3                         1
...........................................................


WIND (MPH)
  HIGHEST WIND SPEED    10   HIGHEST WIND DIRECTION    NW (300)
  HIGHEST GUST SPEED    MM   HIGHEST GUST DIRECTION    MM
  AVERAGE WIND SPEED     6.4




RELATIVE HUMIDITY (PERCENT)
 HIGHEST    86
 LOWEST     52
 AVERAGE    69

..........................................................


THE ANCHORAGE AK CLIMATE NORMALS FOR TODAY
                         NORMAL    RECORD    YEAR
 MAXIMUM TEMPERATURE (F)   65        79      1978
 MINIMUM TEMPERATURE (F)   53        39      1929


SUNRISE AND SUNSET
AUGUST  1 2014........SUNRISE   533 AM AKDT  SUNSET  1038 PM AKDT
AUGUST  2 2014........SUNRISE   536 AM AKDT  SUNSET  1035 PM AKDT

CIVIL TWILIGHT
AUGUST 1 2014           START   428 AM AKDT     END  1143 PM AKDT
AUGUST 2 2014           START   431 AM AKDT     END  1139 PM AKDT



-  INDICATES NEGATIVE NUMBERS.
R  INDICATES RECORD WAS SET OR TIED.
MM INDICATES DATA IS MISSING.
T  INDICATES TRACE AMOUNT.




$$
&&
