000
CDAK48 PAFC 021246
CLIANC

CLIMATE REPORT
NATIONAL WEATHER SERVICE ANCHORAGE, AK
445 AM AKDT TUE JUN 2 2015


...................................

...THE ANCHORAGE AK CLIMATE SUMMARY FOR JUNE 1 2015...

CLIMATE NORMAL PERIOD 1981 TO 2010
CLIMATE RECORD PERIOD 1952 TO 2015


WEATHER ITEM   OBSERVED RECORD YEAR NORMAL DEPARTURE LAST
                VALUE   VALUE       VALUE  FROM      YEAR
                                           NORMAL
...........................................................
TEMPERATURE (F)
 YESTERDAY
  MAXIMUM         69     77    1996  60      9       50
  MINIMUM         50     37    1994  44      6       43
                               1961
  AVERAGE         60                 52      8       47

PRECIPITATION (IN)
  YESTERDAY        T      0.28 1987   0.03  -0.03
  MONTH TO DATE    T                  0.03  -0.03
  SINCE MAR 1      1.98               1.82   0.16
  SINCE JAN 1      3.06               3.27  -0.21

SNOWFALL (IN)
  YESTERDAY        0.0    0.0    MM   0.0    0.0
  MONTH TO DATE    0.0                0.0    0.0
  SINCE MAR 1      4.6               14.2   -9.6
  SINCE JUL 1     25.1               74.5  -49.4
  SNOW DEPTH       0

DEGREE DAYS
 HEATING
  YESTERDAY        5                        -8
  MONTH TO DATE    5                        -8
  SINCE JUN 1      5                        -8
  SINCE JUL 1   8619                     -1294

 COOLING
  YESTERDAY        0                         0
  MONTH TO DATE    0                         0
  SINCE JUN 1      0                         0
  SINCE JAN 1      0                         0
...........................................................


WIND (MPH)
  HIGHEST WIND SPEED    18   HIGHEST WIND DIRECTION    SE (150)
  HIGHEST GUST SPEED    30   HIGHEST GUST DIRECTION     S (180)
  AVERAGE WIND SPEED     8.7




RELATIVE HUMIDITY (PERCENT)
 HIGHEST    83
 LOWEST     49
 AVERAGE    66

..........................................................


THE ANCHORAGE AK CLIMATE NORMALS FOR TODAY
                         NORMAL    RECORD    YEAR
 MAXIMUM TEMPERATURE (F)   61        73      2001
                                             1953
 MINIMUM TEMPERATURE (F)   45        34      1985


SUNRISE AND SUNSET
JUNE  2 2015..........SUNRISE   435 AM AKDT  SUNSET  1122 PM AKDT
JUNE  3 2015..........SUNRISE   434 AM AKDT  SUNSET  1124 PM AKDT

CIVIL TWILIGHT
JUNE 2 2015             START   250 AM AKDT     END   112 AM AKDT
JUNE 3 2015             START   245 AM AKDT     END   117 AM AKDT



-  INDICATES NEGATIVE NUMBERS.
R  INDICATES RECORD WAS SET OR TIED.
MM INDICATES DATA IS MISSING.
T  INDICATES TRACE AMOUNT.




$$
&&
------------------------------------------------------
AMOUNT OF DAYLIGHT TODAY  (HOUR:MIN)........18:47
GAIN/LOSS SINCE YESTERDAY (HOUR:MIN:SEC)....+0:03:30

-
