000
CDAK48 PAFC 281110
CLIANC


CLIMATE REPORT
NATIONAL WEATHER SERVICE ANCHORAGE, AK
310 AM AKDT FRI JUL 28 2017


...................................

...THE ANCHORAGE AK CLIMATE SUMMARY FOR JULY 27 2017...

CLIMATE NORMAL PERIOD 1981 TO 2010
CLIMATE RECORD PERIOD 1952 TO 2017


WEATHER ITEM   OBSERVED TIME   RECORD YEAR NORMAL DEPARTURE LAST
                VALUE   (LST)  VALUE       VALUE  FROM      YEAR
                                                  NORMAL
..................................................................
TEMPERATURE (F)
 YESTERDAY
  MAXIMUM         67    634 PM  79    1987  66      1       67
  MINIMUM         53    335 AM  43    1957  53      0       55
                                      1956
  AVERAGE         60                        59      1       61

PRECIPITATION (IN)
  YESTERDAY        0.00          0.84 1971   0.07  -0.07
  MONTH TO DATE    2.13                      1.53   0.60
  SINCE JUN 1      3.00                      2.50   0.50
  SINCE JAN 1      7.83                      5.74   2.09

SNOWFALL (IN)
  YESTERDAY        0.0           0.0    MM   0.0    0.0      0.0
  MONTH TO DATE    0.0                       0.0    0.0      0.0
  SINCE JUN 1      0.0                       0.0    0.0      0.0
  SINCE JUL 1      0.0                       0.0    0.0      0.0
  SNOW DEPTH       0

DEGREE DAYS
 HEATING
  YESTERDAY        5                               -1
  MONTH TO DATE  133                              -38
  SINCE JUN 1    416                              -48
  SINCE JUL 1    133                              -38

 COOLING
  YESTERDAY        0                                0
  MONTH TO DATE    3                                3
  SINCE JUN 1      3                                3
  SINCE JAN 1      3                                3
..................................................................


WIND (MPH)
  HIGHEST WIND SPEED    16   HIGHEST WIND DIRECTION     S (160)
  HIGHEST GUST SPEED    22   HIGHEST GUST DIRECTION    SE (140)
  AVERAGE WIND SPEED     5.8




RELATIVE HUMIDITY (PERCENT)
 HIGHEST   100
 LOWEST     68
 AVERAGE    84

..........................................................


THE ANCHORAGE AK CLIMATE NORMALS FOR TODAY
                         NORMAL    RECORD    YEAR
 MAXIMUM TEMPERATURE (F)   66        76      1993
                                             1987
 MINIMUM TEMPERATURE (F)   53        43      1957


SUNRISE AND SUNSET
JULY 28 2017..........SUNRISE   524 AM AKDT  SUNSET  1048 PM AKDT
JULY 29 2017..........SUNRISE   526 AM AKDT  SUNSET  1045 PM AKDT


-  INDICATES NEGATIVE NUMBERS.
R  INDICATES RECORD WAS SET OR TIED.
MM INDICATES DATA IS MISSING.
T  INDICATES TRACE AMOUNT.




$$
