262
CDUS43 KAPX 282142
CLIANJ


CLIMATE REPORT
NATIONAL WEATHER SERVICE GAYLORD MI
542 PM EDT SUN AUG 28 2016


...................................

...THE SAULT STE MARIE MI CLIMATE SUMMARY FOR AUGUST 28 2016...
VALID TODAY AS OF 0500 PM LOCAL TIME.

CLIMATE NORMAL PERIOD 1981 TO 2010
CLIMATE RECORD PERIOD 1888 TO 2016


WEATHER ITEM   OBSERVED TIME   RECORD YEAR NORMAL DEPARTURE LAST
                VALUE   (LST)  VALUE       VALUE  FROM      YEAR
                                                  NORMAL
..................................................................
TEMPERATURE (F)
 TODAY
  MAXIMUM         74    212 PM  93    1973  73      1       75
  MINIMUM         64    607 AM  37    1982  53     11       53
                                      1941
  AVERAGE         69                        63      6       64

PRECIPITATION (IN)
  TODAY            T             1.94 1960   0.11  -0.11     0.00
  MONTH TO DATE    4.32                      2.84   1.48     2.50
  SINCE JUN 1      9.53                      8.40   1.13     8.28
  SINCE JAN 1     20.08                     18.84   1.24    16.98

DEGREE DAYS
 HEATING
  TODAY            0                         4     -4        1
  MONTH TO DATE   12                        65    -53       47
  SINCE JUN 1    198                       314   -116      289
  SINCE JUL 1     35                       134    -99      101

 COOLING
  TODAY            4                         1      3        0
  MONTH TO DATE  147                        64     83       82
  SINCE JUN 1    313                       172    141      181
  SINCE JAN 1    324                       177    147      183
..................................................................


WIND (MPH)
  RESULTANT WIND SPEED   8   RESULTANT WIND DIRECTION   W (290)
  HIGHEST WIND SPEED    15   HIGHEST WIND DIRECTION     W (290)
  HIGHEST GUST SPEED    20   HIGHEST GUST DIRECTION     W (280)
  AVERAGE WIND SPEED     9.1


SKY COVER
  POSSIBLE SUNSHINE  MM
  AVERAGE SKY COVER 0.7


WEATHER CONDITIONS
 THE FOLLOWING WEATHER WAS RECORDED TODAY.
  LIGHT RAIN
  FOG


RELATIVE HUMIDITY (PERCENT)
 HIGHEST   100           100 AM
 LOWEST     64           400 PM
 AVERAGE    82

..........................................................


THE SAULT STE MARIE MI CLIMATE NORMALS FOR TOMORROW
                         NORMAL    RECORD    YEAR
 MAXIMUM TEMPERATURE (F)   73        92      1991
 MINIMUM TEMPERATURE (F)   53        29      1982


SUNRISE AND SUNSET
AUGUST 28 2016........SUNRISE   653 AM EDT   SUNSET   823 PM EDT
AUGUST 29 2016........SUNRISE   654 AM EDT   SUNSET   821 PM EDT


-  INDICATES NEGATIVE NUMBERS.
R  INDICATES RECORD WAS SET OR TIED.
MM INDICATES DATA IS MISSING.
T  INDICATES TRACE AMOUNT.




$$
