000
CDUS43 KAPX 170540
CLIANJ


CLIMATE REPORT
NATIONAL WEATHER SERVICE GAYLORD MI
140 AM EDT THU AUG 17 2017


...................................

...THE SAULT STE MARIE MI CLIMATE SUMMARY FOR AUGUST 16 2017...

CLIMATE NORMAL PERIOD 1981 TO 2010
CLIMATE RECORD PERIOD 1888 TO 2017


WEATHER ITEM   OBSERVED TIME   RECORD YEAR NORMAL DEPARTURE LAST
                VALUE   (LST)  VALUE       VALUE  FROM      YEAR
                                                  NORMAL
..................................................................
TEMPERATURE (F)
 YESTERDAY
  MAXIMUM         75    411 PM  88    1983  75      0       83
                                      1955
                                      1935
  MINIMUM         54    553 AM  37    1979  55     -1       67
  AVERAGE         65                        65      0       75

PRECIPITATION (IN)
  YESTERDAY        0.00          1.26 2001   0.10  -0.10     0.02
  MONTH TO DATE    2.35                      1.63   0.72     1.08
  SINCE JUN 1     10.54                      7.19   3.35     6.29
  SINCE JAN 1     23.98                     17.63   6.35    16.84

DEGREE DAYS
 HEATING
  YESTERDAY        0                         2     -2        0
  MONTH TO DATE    8                        32    -24        0
  SINCE JUN 1    151                       281   -130      186
  SINCE JUL 1     39                       101    -62       23

 COOLING
  YESTERDAY        0                         2     -2       10
  MONTH TO DATE   25                        43    -18      100
  SINCE JUN 1    110                       151    -41      266
  SINCE JAN 1    111                       156    -45      277
..................................................................


WIND (MPH)
  HIGHEST WIND SPEED    13   HIGHEST WIND DIRECTION    SE (140)
  HIGHEST GUST SPEED    16   HIGHEST GUST DIRECTION    SE (150)
  AVERAGE WIND SPEED     5.8




RELATIVE HUMIDITY (PERCENT)
 HIGHEST    93
 LOWEST     58
 AVERAGE    76

..........................................................


THE SAULT STE MARIE MI CLIMATE NORMALS FOR TODAY
                         NORMAL    RECORD    YEAR
 MAXIMUM TEMPERATURE (F)   75        89      1969
                                             1925
 MINIMUM TEMPERATURE (F)   55        33      1981


SUNRISE AND SUNSET
AUGUST 17 2017........SUNRISE   639 AM EDT   SUNSET   843 PM EDT
AUGUST 18 2017........SUNRISE   640 AM EDT   SUNSET   841 PM EDT


-  INDICATES NEGATIVE NUMBERS.
R  INDICATES RECORD WAS SET OR TIED.
MM INDICATES DATA IS MISSING.
T  INDICATES TRACE AMOUNT.




$$
