000
CDUS43 KAPX 290537
CLIANJ


CLIMATE REPORT
NATIONAL WEATHER SERVICE GAYLORD MI
137 AM EDT SUN MAR 29 2015


...................................

...THE SAULT STE MARIE MI CLIMATE SUMMARY FOR MARCH 28 2015...

CLIMATE NORMAL PERIOD 1981 TO 2010
CLIMATE RECORD PERIOD 1888 TO 2015


WEATHER ITEM   OBSERVED TIME   RECORD YEAR NORMAL DEPARTURE LAST
                VALUE   (LST)  VALUE       VALUE  FROM      YEAR
                                                  NORMAL
..................................................................
TEMPERATURE (F)
 YESTERDAY
  MAXIMUM         32    542 PM  75    1946  40     -8       37
  MINIMUM          1    354 AM -11    1923  23    -22       23
  AVERAGE         17                        31    -14       30

PRECIPITATION (IN)
  YESTERDAY        0.00          0.74 1898   0.07  -0.07     0.10
  MONTH TO DATE    1.08                      1.73  -0.65     1.71
  SINCE MAR 1      1.08                      1.73  -0.65     1.71
  SINCE JAN 1      4.45                      5.26  -0.81     5.07

SNOWFALL (IN)
  YESTERDAY        0.0           7.1  1971   0.3   -0.3      1.0
  MONTH TO DATE   13.8                      12.4    1.4     18.2
  SINCE OCT 1    162.5                     112.6   49.9    124.3
  SINCE JUL 1    162.5                     112.6   49.9    124.3
  SNOW DEPTH      24

DEGREE DAYS
 HEATING
  YESTERDAY       48                        34     14       35
  MONTH TO DATE 1211                      1102    109     1396
  SINCE MAR 1   1211                      1102    109     1396
  SINCE JUL 1   7990                      7228    762     8176

 COOLING
  YESTERDAY        0                         0      0        0
  MONTH TO DATE    0                         0      0        0
  SINCE MAR 1      0                         0      0        0
  SINCE JAN 1      0                         0      0        0
..................................................................


WIND (MPH)
  HIGHEST WIND SPEED    12   HIGHEST WIND DIRECTION     W (290)
  HIGHEST GUST SPEED    15   HIGHEST GUST DIRECTION    NW (310)
  AVERAGE WIND SPEED     4.8




RELATIVE HUMIDITY (PERCENT)
 HIGHEST    88
 LOWEST     33
 AVERAGE    61

..........................................................


THE SAULT STE MARIE MI CLIMATE NORMALS FOR TODAY
                         NORMAL    RECORD    YEAR
 MAXIMUM TEMPERATURE (F)   40        60      1993
                                             1910
 MINIMUM TEMPERATURE (F)   23        -4      1923


SUNRISE AND SUNSET
MARCH 29 2015.........SUNRISE   723 AM EDT   SUNSET   802 PM EDT
MARCH 30 2015.........SUNRISE   721 AM EDT   SUNSET   803 PM EDT


-  INDICATES NEGATIVE NUMBERS.
R  INDICATES RECORD WAS SET OR TIED.
MM INDICATES DATA IS MISSING.
T  INDICATES TRACE AMOUNT.




$$
