000
CDUS43 KAPX 232133
CLIANJ


CLIMATE REPORT
NATIONAL WEATHER SERVICE GAYLORD MI
532 PM EDT WED JUL 23 2014


...................................

...THE SAULT STE MARIE MI CLIMATE SUMMARY FOR JULY 23 2014...
VALID TODAY AS OF 0500 PM LOCAL TIME.

CLIMATE NORMAL PERIOD 1981 TO 2010
CLIMATE RECORD PERIOD 1888 TO 2014


WEATHER ITEM   OBSERVED TIME   RECORD YEAR NORMAL DEPARTURE LAST
                VALUE   (LST)  VALUE       VALUE  FROM      YEAR
                                                  NORMAL
..................................................................
TEMPERATURE (F)
 TODAY
  MAXIMUM         69    127 PM  92    1989  77     -8       70
  MINIMUM         54    306 AM  39    1981  55     -1       53
  AVERAGE         62                        66     -4       62

PRECIPITATION (IN)
  TODAY            0.00          1.13 1918   0.10  -0.10     0.05
  MONTH TO DATE    0.66                      2.05  -1.39     2.37
  SINCE JUN 1      3.58                      4.75  -1.17     5.62
  SINCE JAN 1     15.62                     15.19   0.43    19.88

DEGREE DAYS
 HEATING
  TODAY            3                         2      1        3
  MONTH TO DATE   78                        56     22       21
  SINCE JUN 1    187                       236    -49      167
  SINCE JUL 1     78                        56     22       21

 COOLING
  TODAY            0                         3     -3        0
  MONTH TO DATE   21                        60    -39      115
  SINCE JUN 1     58                        90    -32      154
  SINCE JAN 1     60                        95    -35      163
..................................................................


WIND (MPH)
  RESULTANT WIND SPEED   8   RESULTANT WIND DIRECTION  NW (330)
  HIGHEST WIND SPEED    18   HIGHEST WIND DIRECTION    NW (310)
  HIGHEST GUST SPEED    25   HIGHEST GUST DIRECTION    NW (310)
  AVERAGE WIND SPEED     9.7


SKY COVER
  POSSIBLE SUNSHINE  MM
  AVERAGE SKY COVER 0.6


WEATHER CONDITIONS
 THE FOLLOWING WEATHER WAS RECORDED TODAY.
  NO SIGNIFICANT WEATHER WAS OBSERVED.


RELATIVE HUMIDITY (PERCENT)
 HIGHEST    93          1200 AM
 LOWEST     45          1200 PM
 AVERAGE    69

..........................................................


THE SAULT STE MARIE MI CLIMATE NORMALS FOR TOMORROW
                         NORMAL    RECORD    YEAR
 MAXIMUM TEMPERATURE (F)   77        92      1941
 MINIMUM TEMPERATURE (F)   55        42      1992


SUNRISE AND SUNSET
JULY 23 2014..........SUNRISE   608 AM EDT   SUNSET   919 PM EDT
JULY 24 2014..........SUNRISE   609 AM EDT   SUNSET   918 PM EDT


-  INDICATES NEGATIVE NUMBERS.
R  INDICATES RECORD WAS SET OR TIED.
MM INDICATES DATA IS MISSING.
T  INDICATES TRACE AMOUNT.




$$
