000
CDUS43 KAPX 230530
CLIANJ


CLIMATE REPORT
NATIONAL WEATHER SERVICE GAYLORD MI
130 AM EDT SAT JUL 23 2016


...................................

...THE SAULT STE MARIE MI CLIMATE SUMMARY FOR JULY 22 2016...

CLIMATE NORMAL PERIOD 1981 TO 2010
CLIMATE RECORD PERIOD 1888 TO 2016


WEATHER ITEM   OBSERVED TIME   RECORD YEAR NORMAL DEPARTURE LAST
                VALUE   (LST)  VALUE       VALUE  FROM      YEAR
                                                  NORMAL
..................................................................
TEMPERATURE (F)
 YESTERDAY
  MAXIMUM         82    516 PM  90    1940  77      5       74
                                      1917
  MINIMUM         65   1159 PM  42    1992  55     10       50
                                      1981
  AVERAGE         74                        66      8       62

PRECIPITATION (IN)
  YESTERDAY        0.00          1.58 1994   0.10  -0.10     0.00
  MONTH TO DATE    2.72                      1.95   0.77     1.64
  SINCE JUN 1      4.60                      4.65  -0.05     4.37
  SINCE JAN 1     15.15                     15.09   0.06    13.07

DEGREE DAYS
 HEATING
  YESTERDAY        0                         2     -2        3
  MONTH TO DATE   23                        54    -31       50
  SINCE JUN 1    186                       234    -48      238
  SINCE JUL 1     23                        54    -31       50

 COOLING
  YESTERDAY        9                         3      6        0
  MONTH TO DATE   81                        57     24       39
  SINCE JUN 1    117                        87     30       46
  SINCE JAN 1    128                        92     36       48
..................................................................


WIND (MPH)
  HIGHEST WIND SPEED    16   HIGHEST WIND DIRECTION    NW (310)
  HIGHEST GUST SPEED    22   HIGHEST GUST DIRECTION     W (290)
  AVERAGE WIND SPEED     8.9




RELATIVE HUMIDITY (PERCENT)
 HIGHEST    97
 LOWEST     51
 AVERAGE    74

..........................................................


THE SAULT STE MARIE MI CLIMATE NORMALS FOR TODAY
                         NORMAL    RECORD    YEAR
 MAXIMUM TEMPERATURE (F)   77        92      1989
 MINIMUM TEMPERATURE (F)   55        39      1981


SUNRISE AND SUNSET
JULY 23 2016..........SUNRISE   609 AM EDT   SUNSET   919 PM EDT
JULY 24 2016..........SUNRISE   610 AM EDT   SUNSET   918 PM EDT


-  INDICATES NEGATIVE NUMBERS.
R  INDICATES RECORD WAS SET OR TIED.
MM INDICATES DATA IS MISSING.
T  INDICATES TRACE AMOUNT.




$$
