000
CDUS43 KAPX 230529
CLIANJ


CLIMATE REPORT
NATIONAL WEATHER SERVICE GAYLORD MI
128 AM EDT TUE SEP 23 2014


...................................

...THE SAULT STE MARIE MI CLIMATE SUMMARY FOR SEPTEMBER 22 2014...

CLIMATE NORMAL PERIOD 1981 TO 2010
CLIMATE RECORD PERIOD 1888 TO 2014


WEATHER ITEM   OBSERVED TIME   RECORD YEAR NORMAL DEPARTURE LAST
                VALUE   (LST)  VALUE       VALUE  FROM      YEAR
                                                  NORMAL
..................................................................
TEMPERATURE (F)
 YESTERDAY
  MAXIMUM         60    514 PM  85    1920  64     -4       54
                                      1895
  MINIMUM         41    702 AM  28    1974  46     -5       38
  AVERAGE         51                        55     -4       46

PRECIPITATION (IN)
  YESTERDAY        0.00          1.11 1909   0.14  -0.14     0.00
  MONTH TO DATE    3.36                      2.77   0.59     6.59
  SINCE SEP 1      3.36                      2.77   0.59     6.59
  SINCE JAN 1     22.28                     21.94   0.34    34.88

DEGREE DAYS
 HEATING
  YESTERDAY       14                        10      4       19
  MONTH TO DATE  207                       157     50      182
  SINCE SEP 1    207                       157     50      182
  SINCE JUL 1    388                       304     84      298

 COOLING
  YESTERDAY        0                         0      0        0
  MONTH TO DATE    4                        15    -11       14
  SINCE SEP 1      4                        15    -11       14
  SINCE JAN 1    112                       193    -81      266
..................................................................


WIND (MPH)
  HIGHEST WIND SPEED    16   HIGHEST WIND DIRECTION     W (290)
  HIGHEST GUST SPEED    24   HIGHEST GUST DIRECTION     W (290)
  AVERAGE WIND SPEED     7.2




RELATIVE HUMIDITY (PERCENT)
 HIGHEST    89
 LOWEST     57
 AVERAGE    73

..........................................................


THE SAULT STE MARIE MI CLIMATE NORMALS FOR TODAY
                         NORMAL    RECORD    YEAR
 MAXIMUM TEMPERATURE (F)   64        84      1936
 MINIMUM TEMPERATURE (F)   45        25      1981


SUNRISE AND SUNSET
SEPTEMBER 23 2014.....SUNRISE   726 AM EDT   SUNSET   733 PM EDT
SEPTEMBER 24 2014.....SUNRISE   727 AM EDT   SUNSET   731 PM EDT


-  INDICATES NEGATIVE NUMBERS.
R  INDICATES RECORD WAS SET OR TIED.
MM INDICATES DATA IS MISSING.
T  INDICATES TRACE AMOUNT.




$$
