000
CDUS43 KAPX 270550
CLIANJ


CLIMATE REPORT
NATIONAL WEATHER SERVICE GAYLORD MI
1249 AM EST TUE JAN 27 2015


...................................

...THE SAULT STE MARIE MI CLIMATE SUMMARY FOR JANUARY 26 2015...

CLIMATE NORMAL PERIOD 1981 TO 2010
CLIMATE RECORD PERIOD 1888 TO 2015


WEATHER ITEM   OBSERVED TIME   RECORD YEAR NORMAL DEPARTURE LAST
                VALUE   (LST)  VALUE       VALUE  FROM      YEAR
                                                  NORMAL
..................................................................
TEMPERATURE (F)
 YESTERDAY
  MAXIMUM         15    441 PM  43    1944  23     -8        5
  MINIMUM         -5    424 AM -32    1927   7    -12      -14
  AVERAGE          5                        15    -10       -4

PRECIPITATION (IN)
  YESTERDAY        T             0.45 1899   0.07  -0.07     0.11
  MONTH TO DATE    1.86                      1.88  -0.02     2.06
  SINCE DEC 1      5.20                      4.67   0.53     4.86
  SINCE JAN 1      1.86                      1.88  -0.02     2.06

SNOWFALL (IN)
  YESTERDAY        0.1           7.0  1964   0.9   -0.8      1.8
  MONTH TO DATE   24.4                      26.7   -2.3     28.7
  SINCE OCT 1    125.6                      76.9   48.7     83.4
  SINCE JUL 1    125.6                      76.9   48.7     83.4
  SNOW DEPTH      21

DEGREE DAYS
 HEATING
  YESTERDAY       60                        50     10       69
  MONTH TO DATE 1392                      1288    104     1424
  SINCE DEC 1   2621                      2615      6     3046
  SINCE JUL 1   4783                      4547    236     4939
..................................................................


WIND (MPH)
  HIGHEST WIND SPEED    15   HIGHEST WIND DIRECTION    SE (120)
  HIGHEST GUST SPEED    22   HIGHEST GUST DIRECTION     E (110)
  AVERAGE WIND SPEED     6.8




RELATIVE HUMIDITY (PERCENT)
 HIGHEST    82
 LOWEST     46
 AVERAGE    64

..........................................................


THE SAULT STE MARIE MI CLIMATE NORMALS FOR TODAY
                         NORMAL    RECORD    YEAR
 MAXIMUM TEMPERATURE (F)   23        44      2006
 MINIMUM TEMPERATURE (F)    7       -28      1899


SUNRISE AND SUNSET
JANUARY 27 2015.......SUNRISE   807 AM EST   SUNSET   534 PM EST
JANUARY 28 2015.......SUNRISE   806 AM EST   SUNSET   535 PM EST


-  INDICATES NEGATIVE NUMBERS.
R  INDICATES RECORD WAS SET OR TIED.
MM INDICATES DATA IS MISSING.
T  INDICATES TRACE AMOUNT.




$$
