000
CDUS43 KAPX 070528
CLIANJ


CLIMATE REPORT
NATIONAL WEATHER SERVICE GAYLORD MI
1228 AM EST WED DEC 7 2016


...................................

...THE SAULT STE MARIE MI CLIMATE SUMMARY FOR DECEMBER 6 2016...

CLIMATE NORMAL PERIOD 1981 TO 2010
CLIMATE RECORD PERIOD 1888 TO 2016


WEATHER ITEM   OBSERVED TIME   RECORD YEAR NORMAL DEPARTURE LAST
                VALUE   (LST)  VALUE       VALUE  FROM      YEAR
                                                  NORMAL
..................................................................
TEMPERATURE (F)
 YESTERDAY
  MAXIMUM         40    346 PM  58    2001  32      8       47
  MINIMUM         33    120 AM -10    1906  20     13       32
  AVERAGE         37                        26     11       40

PRECIPITATION (IN)
  YESTERDAY        0.05          0.83 1966   0.10  -0.05     0.00
  MONTH TO DATE    1.06                      0.62   0.44     0.19
  SINCE DEC 1      1.06                      0.62   0.44     0.19
  SINCE JAN 1     31.81                     30.78   1.03    27.66

SNOWFALL (IN)
  YESTERDAY        T             7.6  1936   1.0   -1.0      0.0
  MONTH TO DATE    7.9                       5.9    2.0       T
  SINCE OCT 1     14.8                      22.6   -7.8      9.0
  SINCE JUL 1     14.8                      22.6   -7.8      9.0
  SNOW DEPTH       5

DEGREE DAYS
 HEATING
  YESTERDAY       28                        39    -11       25
  MONTH TO DATE  179                       229    -50      165
  SINCE DEC 1    179                       229    -50      165
  SINCE JUL 1   1449                      2161   -712     1656
..................................................................


WIND (MPH)
  HIGHEST WIND SPEED    16   HIGHEST WIND DIRECTION     S (180)
  HIGHEST GUST SPEED    23   HIGHEST GUST DIRECTION     E (100)
  AVERAGE WIND SPEED     7.2




RELATIVE HUMIDITY (PERCENT)
 HIGHEST    92
 LOWEST     76
 AVERAGE    84

..........................................................


THE SAULT STE MARIE MI CLIMATE NORMALS FOR TODAY
                         NORMAL    RECORD    YEAR
 MAXIMUM TEMPERATURE (F)   31        45      1951
 MINIMUM TEMPERATURE (F)   20       -16      1906


SUNRISE AND SUNSET
DECEMBER  7 2016......SUNRISE   808 AM EST   SUNSET   450 PM EST
DECEMBER  8 2016......SUNRISE   809 AM EST   SUNSET   450 PM EST


-  INDICATES NEGATIVE NUMBERS.
R  INDICATES RECORD WAS SET OR TIED.
MM INDICATES DATA IS MISSING.
T  INDICATES TRACE AMOUNT.




$$
