000
CDUS43 KAPX 250540
CLIANJ


CLIMATE REPORT
NATIONAL WEATHER SERVICE GAYLORD MI
138 AM EDT MON MAY 25 2015


...................................

...THE SAULT STE MARIE MI CLIMATE SUMMARY FOR MAY 24 2015...

CLIMATE NORMAL PERIOD 1981 TO 2010
CLIMATE RECORD PERIOD 1888 TO 2015


WEATHER ITEM   OBSERVED TIME   RECORD YEAR NORMAL DEPARTURE LAST
                VALUE   (LST)  VALUE       VALUE  FROM      YEAR
                                                  NORMAL
..................................................................
TEMPERATURE (F)
 YESTERDAY
  MAXIMUM         79    220 PM  87    1980  65     14       76
                                      1975
  MINIMUM         44    527 AM  27    1956  43      1       42
                                      1925
  AVERAGE         62                        54      8       59

PRECIPITATION (IN)
  YESTERDAY        0.00          1.74 1946   0.09  -0.09     0.00
  MONTH TO DATE    1.02                      1.95  -0.93     2.77
  SINCE MAR 1      4.18                      6.29  -2.11     8.68
  SINCE JAN 1      7.55                      9.82  -2.27    12.04

DEGREE DAYS
 HEATING
  YESTERDAY        3                        11     -8        6
  MONTH TO DATE  307                       342    -35      436
  SINCE MAR 1   2430                      2285    145     2820
  SINCE JUL 1   9209                      8411    798     9600

 COOLING
  YESTERDAY        0                         0      0        0
  MONTH TO DATE    0                         0      0        0
  SINCE MAR 1      0                         0      0        0
  SINCE JAN 1      0                         0      0        0
..................................................................


WIND (MPH)
  HIGHEST WIND SPEED    18   HIGHEST WIND DIRECTION    SW (230)
  HIGHEST GUST SPEED    24   HIGHEST GUST DIRECTION    SW (230)
  AVERAGE WIND SPEED     4.3




RELATIVE HUMIDITY (PERCENT)
 HIGHEST    70
 LOWEST     30
 AVERAGE    50

..........................................................


THE SAULT STE MARIE MI CLIMATE NORMALS FOR TODAY
                         NORMAL    RECORD    YEAR
 MAXIMUM TEMPERATURE (F)   66        86      2010
 MINIMUM TEMPERATURE (F)   43        28      1969


SUNRISE AND SUNSET
MAY 25 2015...........SUNRISE   554 AM EDT   SUNSET   916 PM EDT
MAY 26 2015...........SUNRISE   553 AM EDT   SUNSET   917 PM EDT


-  INDICATES NEGATIVE NUMBERS.
R  INDICATES RECORD WAS SET OR TIED.
MM INDICATES DATA IS MISSING.
T  INDICATES TRACE AMOUNT.




$$
