140
CDUS43 KAPX 100528
CLIANJ


CLIMATE REPORT
NATIONAL WEATHER SERVICE GAYLORD MI
1227 AM EST WED FEB 10 2016


...................................

...THE SAULT STE MARIE MI CLIMATE SUMMARY FOR FEBRUARY 9 2016...

CLIMATE NORMAL PERIOD 1981 TO 2010
CLIMATE RECORD PERIOD 1888 TO 2016


WEATHER ITEM   OBSERVED TIME   RECORD YEAR NORMAL DEPARTURE LAST
                VALUE   (LST)  VALUE       VALUE  FROM      YEAR
                                                  NORMAL
..................................................................
TEMPERATURE (F)
 YESTERDAY
  MAXIMUM         29    858 AM  41    1966  25      4       16
                                      1925
  MINIMUM          7   1156 PM -35    1934   8     -1       -6
  AVERAGE         18                        16      2        5

PRECIPITATION (IN)
  YESTERDAY        0.08          0.48 1966   0.05   0.03     0.00
                                      1925
  MONTH TO DATE    0.69                      0.46   0.23     0.66
  SINCE DEC 1      7.65                      5.44   2.21     6.00
  SINCE JAN 1      2.24                      2.65  -0.41     2.66

SNOWFALL (IN)
  YESTERDAY        1.1           4.6  1891   0.7    0.4      0.0
  MONTH TO DATE   10.0                       7.1    2.9      8.9
  SINCE OCT 1     49.0                      88.7  -39.7    137.9
  SINCE JUL 1     49.0                      88.7  -39.7    137.9
  SNOW DEPTH      15

DEGREE DAYS
 HEATING
  YESTERDAY       47                        49     -2       60
  MONTH TO DATE  358                       443    -85      517
  SINCE DEC 1   2723                      3311   -588     3404
  SINCE JUL 1   4214                      5243  -1029     5566
..................................................................


WIND (MPH)
  HIGHEST WIND SPEED    15   HIGHEST WIND DIRECTION     N (10)
  HIGHEST GUST SPEED    22   HIGHEST GUST DIRECTION     N (10)
  AVERAGE WIND SPEED     9.2




RELATIVE HUMIDITY (PERCENT)
 HIGHEST    92
 LOWEST     67
 AVERAGE    80

..........................................................


THE SAULT STE MARIE MI CLIMATE NORMALS FOR TODAY
                         NORMAL    RECORD    YEAR
 MAXIMUM TEMPERATURE (F)   25        46      2009
 MINIMUM TEMPERATURE (F)    8       -37      1899


SUNRISE AND SUNSET
FEBRUARY 10 2016......SUNRISE   749 AM EST   SUNSET   555 PM EST
FEBRUARY 11 2016......SUNRISE   748 AM EST   SUNSET   556 PM EST


-  INDICATES NEGATIVE NUMBERS.
R  INDICATES RECORD WAS SET OR TIED.
MM INDICATES DATA IS MISSING.
T  INDICATES TRACE AMOUNT.




$$
