000
CDUS43 KAPX 170527
CLIANJ


CLIMATE REPORT
NATIONAL WEATHER SERVICE GAYLORD MI
1226 AM EST WED JAN 17 2018


...................................

...THE SAULT STE MARIE MI CLIMATE SUMMARY FOR JANUARY 16 2018...

CLIMATE NORMAL PERIOD 1981 TO 2010
CLIMATE RECORD PERIOD 1888 TO 2018


WEATHER ITEM   OBSERVED TIME   RECORD YEAR NORMAL DEPARTURE LAST
                VALUE   (LST)  VALUE       VALUE  FROM      YEAR
                                                  NORMAL
..................................................................
TEMPERATURE (F)
 YESTERDAY
  MAXIMUM         17    359 PM  43    1949  23     -6       36
  MINIMUM          2    732 AM -26    1994   7     -5       20
  AVERAGE         10                        15     -5       28

PRECIPITATION (IN)
  YESTERDAY        T             0.74 1889   0.07  -0.07     0.00
  MONTH TO DATE    1.07                      1.21  -0.14     1.65
  SINCE DEC 1      4.79                      4.00   0.79     5.90
  SINCE JAN 1      1.07                      1.21  -0.14     1.65

SNOWFALL (IN)
  YESTERDAY        T            11.1  1982   1.0   -1.0      0.0
  MONTH TO DATE   11.8                      16.8   -5.0     20.7
  SINCE OCT 1     67.5                      67.0    0.5     78.4
  SINCE JUL 1     67.5                      67.0    0.5     78.4
  SNOW DEPTH      15

DEGREE DAYS
 HEATING
  YESTERDAY       55                        50      5       37
  MONTH TO DATE  856                       788     68      715
  SINCE DEC 1   2341                      2115    226     1972
  SINCE JUL 1   3926                      4047   -121     3242
..................................................................


WIND (MPH)
  HIGHEST WIND SPEED    10   HIGHEST WIND DIRECTION     W (280)
  HIGHEST GUST SPEED    13   HIGHEST GUST DIRECTION    NW (300)
  AVERAGE WIND SPEED     4.2




RELATIVE HUMIDITY (PERCENT)
 HIGHEST    86
 LOWEST     49
 AVERAGE    68

..........................................................


THE SAULT STE MARIE MI CLIMATE NORMALS FOR TODAY
                         NORMAL    RECORD    YEAR
 MAXIMUM TEMPERATURE (F)   23        44      1913
 MINIMUM TEMPERATURE (F)    7       -24      1982


SUNRISE AND SUNSET
JANUARY 17 2018.......SUNRISE   816 AM EST   SUNSET   520 PM EST
JANUARY 18 2018.......SUNRISE   815 AM EST   SUNSET   521 PM EST


-  INDICATES NEGATIVE NUMBERS.
R  INDICATES RECORD WAS SET OR TIED.
MM INDICATES DATA IS MISSING.
T  INDICATES TRACE AMOUNT.




$$
