000
CDAK47 PANT 010904
CLIANN

CLIMATE REPORT
NATIONAL WEATHER SERVICE ANNETTE, AK
1204 AM AKST SUN MAR 1 2015

...................................
...THE ANNETTE WSO AP CLIMATE SUMMARY FOR FEBRUARY 28 2015...

CLIMATE NORMAL PERIOD  1981 TO  2010
CLIMATE RECORD PERIOD  1948 TO  2015

WEATHER ITEM   OBSERVED TIME    RECORD YEAR NORMAL DEPARTURE LAST
               VALUE    (LST)   VALUE       VALUE  FROM      YEAR
                                                   NORMAL
...................................................................
TEMPERATURE
YESTERDAY
 MAXIMUM            51  0317 PM    60  1968     43       8     45
 MINIMUM            32  0253 AM    13  2011     33      -1     29
 AVERAGE            42                          38       4     37

PRECIPITATION
(INCHES)
 YESTERDAY        0.00           2.53  1958   0.24   -0.24   0.00
 MONTH TO DATE    6.35                        7.31   -0.96   3.97
 SINCE DEC 1     34.02                       28.76    5.26  30.48
 SINCE JAN 1     21.06                       18.04    3.02  12.10

SNOWFALL
(INCHES)
 YESTERDAY         0.0            5.2  1965    0.3    -0.3    0.0
 MONTH TO DATE     2.3                         7.2    -4.9   15.0
 SINCE DEC 1       6.0                        22.9   -16.9   19.4
 SINCE JUL 1      10.2                        26.5   -16.3   25.1
 SNOW DEPTH (IN)     0                                          T

DEGREE DAYS
 HEATING
  YESTERDAY         23                          27      -4     28
  MONTH TO DATE    660                         759     -99    959
  SINCE DEC 1     2079                        2488    -409   2675
  SINCE JUL 1     4084                        4538    -454   4489

 COOLING
  YESTERDAY          0                           0       0      0
  MONTH TO DATE      0                           0       0      0
  SINCE DEC 1        0                           0       0      0
  SINCE JAN 1        0                           0       0      0
...................................................................

WIND (MPH)
 HIGHEST WIND SPEED    10     HIGHEST WIND DIRECTION    320
 HIGHEST GUST SPEED    14     HIGHEST GUST DIRECTION    310
 AVERAGE WIND SPEED   3.1

SKY COVER
  POSSIBLE SUNSHINE    MM          AVERAGE SKY COVER     MM

WEATHER CONDITIONS
 THE FOLLOWING WEATHER WAS RECORDED YESTERDAY.
  NO SIGNIFICANT WEATHER WAS OBSERVED.

RELATIVE HUMIDITY
 HIGHEST RH     MM PERCENT       MM
 LOWEST  RH     MM PERCENT       MM
 AVERAGE RH     MM PERCENT       MM
...................................................................

THE ANNETTE CLIMATE NORMALS FOR TODAY
                           NORMAL    RECORD   YEAR
 MAXIMUM TEMPERATURE (F)     43        54     1990
 MINIMUM TEMPERATURE (F)     33        14     2011

SUNRISE AND SUNSET
 MAR 1 2015..........SUNRISE  6:37 AM      SUNSET  5:22 PM
 MAR 2 2015..........SUNRISE  6:34 AM      SUNSET  5:24 PM

-  INDICATES NEGATIVE NUMBERS.
R  INDICATES RECORD HAS BEEN SET OR TIED.
MM INDICATES DATA IS MISSING.
T  INDICATES TRACE OF PRECIPITATION.

&&
-------------------------------------------------------------------

AMOUNT OF DAYLIGHT TODAY  (HOUR:MIN)........10 HOURS 45 MINUTES
GAIN/LOSS SINCE YESTERDAY (HOUR:MIN:SEC)....+0:04:28

$$
JZ MAR 15
