000
CDAK47 PANT 250000
CLIANN

CLIMATE REPORT
NATIONAL WEATHER SERVICE ANNETTE, AK
315 PM AKST MON NOV 24 2014

...................................
...THE ANNETTE WSO AP CLIMATE SUMMARY FOR NOVEMBER 24 2014...
VALID TODAY AS OF 2:00 PM LOCAL TIME

CLIMATE NORMAL PERIOD  1981 TO  2010
CLIMATE RECORD PERIOD  1948 TO  2014

WEATHER ITEM   OBSERVED TIME    RECORD YEAR NORMAL DEPARTURE LAST
               VALUE    (LST)   VALUE       VALUE  FROM      YEAR
                                                   NORMAL
...................................................................
TEMPERATURE
TODAY
 MAXIMUM            49  1141 AM    57  1992     43       6     48
 MINIMUM            41  0732 AM     0  1995     34       7     40
 AVERAGE            45                          39       6     44

PRECIPITATION
(INCHES)
 TODAY            0.91           2.35  1993   0.39    0.52   0.16
 MONTH TO DATE    8.57                       10.01   -1.44   8.99
 SINCE SEP 1     32.64                       33.72   -1.08  25.20
 SINCE JAN 1     94.72                       88.63    6.09  76.80

SNOWFALL
(INCHES)
 TODAY             0.0            3.8  2011    0.1    -0.1    0.0
 MONTH TO DATE     0.0                         2.5    -2.5    5.7
 SINCE SEP 1       0.0                         2.6    -2.6    5.7
 SINCE JUL 1       0.0                         2.6    -2.6    5.7
 SNOW DEPTH (IN)     0                                          0

DEGREE DAYS
 HEATING
  TODAY             20                          26      -6     21
  MONTH TO DATE    541                         589     -48    613
  SINCE SEP 1     1242                        1488    -246   1385
  SINCE JUL 1     1811                        1889     -78   1687

 COOLING
  TODAY              0                           0       0      0
  MONTH TO DATE      0                           0       0      0
  SINCE SEP 1        0                           0       0      0
  SINCE JAN 1       MM                           0      MM     22
...................................................................

WIND (MPH)
 HIGHEST WIND SPEED    25     HIGHEST WIND DIRECTION    130
 HIGHEST GUST SPEED    36     HIGHEST GUST DIRECTION    130
 AVERAGE WIND SPEED    MM

SKY COVER
  POSSIBLE SUNSHINE  MM            AVERAGE SKY COVER MM

WEATHER CONDITIONS
 THE FOLLOWING WEATHER WAS RECORDED TODAY.
FOG
RAIN


RELATIVE HUMIDITY
 HIGHEST RH     MM PERCENT       MM
 LOWEST  RH     MM PERCENT       MM
 AVERAGE RH     MM PERCENT       MM
...................................................................

THE ANNETTE CLIMATE NORMALS FOR TOMORROW
                        NORMAL    RECORD   YEAR
 MAXIMUM TEMPERATURE      43        52     2013
 MINIMUM TEMPERATURE      34         1     1985

SUNRISE AND SUNSET
 NOV 24 2014..........SUNRISE  7:36 AM      SUNSET  3:30 PM
 NOV 25 2014..........SUNRISE  7:38 AM      SUNSET  3:29 PM

-  INDICATES NEGATIVE NUMBERS.
R  INDICATES RECORD HAS BEEN SET OR TIED.
MM INDICATES DATA IS MISSING.
T  INDICATES TRACE OF PRECIPITATION.

&&
-------------------------------------------------------------------

AMOUNT OF DAYLIGHT TODAY  (HOUR:MIN)........7 HOURS 54 MINUTES
GAIN/LOSS SINCE YESTERDAY (HOUR:MIN:SEC)....-0:03:02

$$
JZ NOV 14
