000
CDAK47 PANT 220930
CLIANN

CLIMATE REPORT
NATIONAL WEATHER SERVICE ANNETTE, AK
1230 AM AKST SAT NOV 22 2014

...................................
...THE ANNETTE WSO AP CLIMATE SUMMARY FOR NOVEMBER 21 2014...

CLIMATE NORMAL PERIOD  1981 TO  2010
CLIMATE RECORD PERIOD  1948 TO  2014

WEATHER ITEM   OBSERVED TIME    RECORD YEAR NORMAL DEPARTURE LAST
               VALUE    (LST)   VALUE       VALUE  FROM      YEAR
                                                   NORMAL
...................................................................
TEMPERATURE
YESTERDAY
 MAXIMUM            49  0106 PM    55  1949     44       5     47
 MINIMUM            35  0935 PM    10  1963     35       0     39
 AVERAGE            42                          39       3     43

PRECIPITATION
(INCHES)
 YESTERDAY        0.63           4.19  1957   0.39    0.24   1.13
 MONTH TO DATE    6.64                        8.85   -2.21   6.76
 SINCE SEP 1     30.71                       32.56   -1.85  22.97
 SINCE JAN 1     92.79                       87.47    5.32  74.57

SNOWFALL
(INCHES)
 YESTERDAY         0.0            2.4  1974    0.1    -0.1    0.0
 MONTH TO DATE     0.0                         2.0    -2.0    5.7
 SINCE SEP 1       0.0                         2.1    -2.1    5.7
 SINCE JUL 1       0.0                         2.1    -2.1    5.7
 SNOW DEPTH (IN)     0                                          1

DEGREE DAYS
 HEATING
  YESTERDAY         23                          26      -3     22
  MONTH TO DATE    476                         511     -35    549
  SINCE SEP 1     1177                        1410    -233   1321
  SINCE JUL 1     1746                        1811     -65   1623

 COOLING
  YESTERDAY          0                           0       0      0
  MONTH TO DATE      0                           0       0      0
  SINCE SEP 1        0                           0       0      0
  SINCE JAN 1       MM                           0      MM     22
...................................................................

WIND (MPH)
 HIGHEST WIND SPEED    25     HIGHEST WIND DIRECTION    130
 HIGHEST GUST SPEED    36     HIGHEST GUST DIRECTION    130
 AVERAGE WIND SPEED   6.2

SKY COVER
  POSSIBLE SUNSHINE    MM          AVERAGE SKY COVER     MM

WEATHER CONDITIONS
 THE FOLLOWING WEATHER WAS RECORDED YESTERDAY.
  FOG
RAIN


RELATIVE HUMIDITY
 HIGHEST RH     MM PERCENT       MM
 LOWEST  RH     MM PERCENT       MM
 AVERAGE RH     MM PERCENT       MM
...................................................................

THE ANNETTE CLIMATE NORMALS FOR TODAY
                           NORMAL    RECORD   YEAR
 MAXIMUM TEMPERATURE (F)     44        57     1949
 MINIMUM TEMPERATURE (F)     34        11     1996

SUNRISE AND SUNSET
 NOV 22 2014..........SUNRISE  7:33 AM      SUNSET  3:33 PM
 NOV 23 2014..........SUNRISE  7:35 AM      SUNSET  3:31 PM

-  INDICATES NEGATIVE NUMBERS.
R  INDICATES RECORD HAS BEEN SET OR TIED.
MM INDICATES DATA IS MISSING.
T  INDICATES TRACE OF PRECIPITATION.

&&
-------------------------------------------------------------------

AMOUNT OF DAYLIGHT TODAY  (HOUR:MIN)........8 HOURS 0 MINUTES
GAIN/LOSS SINCE YESTERDAY (HOUR:MIN:SEC)....-0:03:10

$$
JH NOV 14
