302
CDAK47 PANT 240904
CLIANN

CLIMATE REPORT
NATIONAL WEATHER SERVICE ANNETTE, AK
104 AM AKDT TUE MAY 24 2016

...................................
...THE ANNETTE WSO AP CLIMATE SUMMARY FOR MAY 23 2016...

CLIMATE NORMAL PERIOD  1981 TO  2010
CLIMATE RECORD PERIOD  1948 TO  2016

WEATHER ITEM   OBSERVED TIME    RECORD YEAR NORMAL DEPARTURE LAST
               VALUE    (LST)   VALUE       VALUE  FROM      YEAR
                                                   NORMAL
...................................................................
TEMPERATURE
YESTERDAY
 MAXIMUM            66  1133 AM    87  1969     58       8     61
 MINIMUM            48  1008 PM    34  1972     46       2     51
 AVERAGE            57                          52       5     56

PRECIPITATION
(INCHES)
 YESTERDAY        0.00           2.54  1999   0.17   -0.17   0.11
 MONTH TO DATE    6.16                        4.22    1.94   0.50
 SINCE MAR 1     24.57                       19.04    5.53  22.42
 SINCE JAN 1     49.61                       37.08   12.53  43.48

SNOWFALL
(INCHES)
 YESTERDAY         0.0            0.0  2016    0.0     0.0    0.0
 MONTH TO DATE     0.0                         0.1    -0.1    0.0
 SINCE MAR 1       0.0                         8.4    -8.4    0.0
 SINCE JUL 1       5.0                        34.9   -29.9   10.2
 SNOW DEPTH (IN)     0                                          0

DEGREE DAYS
 HEATING
  YESTERDAY          8                          13      -5      9
  MONTH TO DATE    219                         361    -142    251
  SINCE MAR 1     1481                        1768    -287   1487
  SINCE JUL 1     5559                        6306    -747     MM

 COOLING
  YESTERDAY          0                           0       0      0
  MONTH TO DATE      2                           0       2      0
  SINCE MAR 1        2                           0       2      0
  SINCE JAN 1        2                           0       2      0
...................................................................

WIND (MPH)
 HIGHEST WIND SPEED    13     HIGHEST WIND DIRECTION    310
 HIGHEST GUST SPEED    17     HIGHEST GUST DIRECTION    320
 AVERAGE WIND SPEED   7.6

SKY COVER
  POSSIBLE SUNSHINE    MM          AVERAGE SKY COVER     MM

WEATHER CONDITIONS
 THE FOLLOWING WEATHER WAS RECORDED YESTERDAY.
  SMOKE OR HAZE


RELATIVE HUMIDITY
 HIGHEST RH     MM PERCENT       MM
 LOWEST  RH     MM PERCENT       MM
 AVERAGE RH     MM PERCENT       MM
...................................................................

THE ANNETTE CLIMATE NORMALS FOR TODAY
                           NORMAL    RECORD   YEAR
 MAXIMUM TEMPERATURE (F)     58        78     2008
 MINIMUM TEMPERATURE (F)     46        36     1972

SUNRISE AND SUNSET
 MAY 24 2016..........SUNRISE  4:24 AM      SUNSET  9:05 PM
 MAY 25 2016..........SUNRISE  4:22 AM      SUNSET  9:06 PM

-  INDICATES NEGATIVE NUMBERS.
R  INDICATES RECORD HAS BEEN SET OR TIED.
MM INDICATES DATA IS MISSING.
T  INDICATES TRACE OF PRECIPITATION.

&&
-------------------------------------------------------------------

AMOUNT OF DAYLIGHT TODAY  (HOUR:MIN)........16 HOURS 41 MINUTES
GAIN/LOSS SINCE YESTERDAY (HOUR:MIN:SEC)....+0:02:55

$$
JZ MAY 16
