000
CDUS41 KCTP 290623
CLIAOO


CLIMATE REPORT
NATIONAL WEATHER SERVICE STATE COLLEGE PA
123 AM EST MON DEC 29 2014


...................................

...THE ALTOONA CLIMATE SUMMARY FOR DECEMBER 28 2014...

CLIMATE NORMAL PERIOD 1981 TO 2010
CLIMATE RECORD PERIOD 1948 TO 2014


WEATHER ITEM   OBSERVED TIME   RECORD YEAR NORMAL DEPARTURE LAST
                VALUE   (LST)  VALUE       VALUE  FROM      YEAR
                                                  NORMAL
..................................................................
TEMPERATURE (F)
 YESTERDAY
  MAXIMUM         53    341 AM  65    1971  35     18       54
  MINIMUM         34    925 PM  -3    1950  21     13       31
  AVERAGE         44                        28     16       43

PRECIPITATION (IN)
  YESTERDAY        T             0.99 1967   0.06  -0.06     0.00
  MONTH TO DATE    1.86                      2.23  -0.37     1.84
  SINCE DEC 1      1.86                      2.23  -0.37     1.84
  SINCE JAN 1     35.85                     32.44   3.41    29.13

DEGREE DAYS
 HEATING
  YESTERDAY       21                        37    -16       22
  MONTH TO DATE  842                       952   -110      848
  SINCE DEC 1    842                       952   -110      848
  SINCE JUL 1   2144                      2262   -118     2158

 COOLING
  YESTERDAY        0                         0      0        0
  MONTH TO DATE    0                         0      0        0
  SINCE DEC 1      0                         0      0        0
  SINCE JAN 1    521                       522     -1      695
..................................................................


WIND (MPH)
  HIGHEST WIND SPEED    18   HIGHEST WIND DIRECTION     W (260)
  HIGHEST GUST SPEED    24   HIGHEST GUST DIRECTION     W (250)
  AVERAGE WIND SPEED     7.6


SKY COVER
  POSSIBLE SUNSHINE  MM
  AVERAGE SKY COVER 0.9


WEATHER CONDITIONS
 THE FOLLOWING WEATHER WAS RECORDED YESTERDAY.
  LIGHT RAIN


RELATIVE HUMIDITY (PERCENT)
 HIGHEST    86           900 AM
 LOWEST     42           300 AM
 AVERAGE    64

..........................................................


THE ALTOONA CLIMATE NORMALS FOR TODAY
                         NORMAL    RECORD    YEAR
 MAXIMUM TEMPERATURE (F)   35        68      1984
 MINIMUM TEMPERATURE (F)   21         4      1976


SUNRISE AND SUNSET
DECEMBER 29 2014......SUNRISE   735 AM EST   SUNSET   455 PM EST
DECEMBER 30 2014......SUNRISE   736 AM EST   SUNSET   456 PM EST


-  INDICATES NEGATIVE NUMBERS.
R  INDICATES RECORD WAS SET OR TIED.
MM INDICATES DATA IS MISSING.
T  INDICATES TRACE AMOUNT.




$$
