000
CDUS41 KCTP 240615
CLIAOO


CLIMATE REPORT
NATIONAL WEATHER SERVICE STATE COLLEGE PA
215 AM EDT WED MAY 24 2017


...................................

...THE ALTOONA CLIMATE SUMMARY FOR MAY 23 2017...

CLIMATE NORMAL PERIOD 1981 TO 2010
CLIMATE RECORD PERIOD 1948 TO 2017


WEATHER ITEM   OBSERVED TIME   RECORD YEAR NORMAL DEPARTURE LAST
                VALUE   (LST)  VALUE       VALUE  FROM      YEAR
                                                  NORMAL
..................................................................
TEMPERATURE (F)
 YESTERDAY
  MAXIMUM         68    235 PM  88    1964  71     -3       74
  MINIMUM         46    308 AM  34    2015  49     -3       47
                                      2006
  AVERAGE         57                        60     -3       61

PRECIPITATION (IN)
  YESTERDAY        0.00          1.30 1977   0.12  -0.12      T
  MONTH TO DATE    3.66                      2.74   0.92     3.08
  SINCE MAR 1     10.27                      9.00   1.27     5.99
  SINCE JAN 1     14.90                     13.21   1.69     9.83

DEGREE DAYS
 HEATING
  YESTERDAY        8                         6      2        4
  MONTH TO DATE  191                       200     -9      248
  SINCE MAR 1   1281                      1548   -267     1343
  SINCE JUL 1   4948                      6104  -1156     5167

 COOLING
  YESTERDAY        0                         1     -1        0
  MONTH TO DATE   41                        13     28        0
  SINCE MAR 1     61                        19     42        0
  SINCE JAN 1     61                        19     42        0
..................................................................


WIND (MPH)
  HIGHEST WIND SPEED    14   HIGHEST WIND DIRECTION    SE (130)
  HIGHEST GUST SPEED    19   HIGHEST GUST DIRECTION    SE (120)
  AVERAGE WIND SPEED     4.4


SKY COVER
  POSSIBLE SUNSHINE  MM
  AVERAGE SKY COVER 0.2


WEATHER CONDITIONS
 THE FOLLOWING WEATHER WAS RECORDED YESTERDAY.
  FOG


RELATIVE HUMIDITY (PERCENT)
 HIGHEST    93           300 AM
 LOWEST     45           100 PM
 AVERAGE    69

..........................................................


THE ALTOONA CLIMATE NORMALS FOR TODAY
                         NORMAL    RECORD    YEAR
 MAXIMUM TEMPERATURE (F)   71        86      1962
 MINIMUM TEMPERATURE (F)   50        30      1963


SUNRISE AND SUNSET
MAY 24 2017...........SUNRISE   550 AM EDT   SUNSET   831 PM EDT
MAY 25 2017...........SUNRISE   549 AM EDT   SUNSET   832 PM EDT


-  INDICATES NEGATIVE NUMBERS.
R  INDICATES RECORD WAS SET OR TIED.
MM INDICATES DATA IS MISSING.
T  INDICATES TRACE AMOUNT.




$$
