000
CDUS41 KCTP 052226
CLIAOO


CLIMATE REPORT
NATIONAL WEATHER SERVICE STATE COLLEGE PA
525 PM EST THU MAR 5 2015


...................................

...THE ALTOONA CLIMATE SUMMARY FOR MARCH 5 2015...
VALID TODAY AS OF 0500 PM LOCAL TIME.

CLIMATE NORMAL PERIOD 1981 TO 2010
CLIMATE RECORD PERIOD 1948 TO 2015


WEATHER ITEM   OBSERVED TIME   RECORD YEAR NORMAL DEPARTURE LAST
                VALUE   (LST)  VALUE       VALUE  FROM      YEAR
                                                  NORMAL
..................................................................
TEMPERATURE (F)
 TODAY
  MAXIMUM         32    117 AM  70    1976  42    -10       35
  MINIMUM         16    459 PM   8    1978  24     -8       17
  AVERAGE         24                        33     -9       26

PRECIPITATION (IN)
  TODAY            T             2.25 1965   0.08  -0.08      T
  MONTH TO DATE    0.99                      0.41   0.58     0.04
  SINCE MAR 1      0.99                      0.41   0.58     0.04
  SINCE JAN 1      3.51                      4.62  -1.11     3.40

DEGREE DAYS
 HEATING
  TODAY           41                        32      9       39
  MONTH TO DATE  190                       162     28      208
  SINCE MAR 1    190                       162     28      208
  SINCE JUL 1   4983                      4717    266     4952

 COOLING
  TODAY            0                         0      0        0
  MONTH TO DATE    0                         0      0        0
  SINCE MAR 1      0                         0      0        0
  SINCE JAN 1      0                         0      0        0
..................................................................


WIND (MPH)
  HIGHEST WIND SPEED    22   HIGHEST WIND DIRECTION    NW (330)
  HIGHEST GUST SPEED    27   HIGHEST GUST DIRECTION    NW (330)
  AVERAGE WIND SPEED    10.6


SKY COVER
  POSSIBLE SUNSHINE  MM
  AVERAGE SKY COVER 0.9


WEATHER CONDITIONS
 THE FOLLOWING WEATHER WAS RECORDED TODAY.
  LIGHT SNOW
  FOG
  HAZE


RELATIVE HUMIDITY (PERCENT)
 HIGHEST    85           100 AM
 LOWEST     54           400 PM
 AVERAGE    70

..........................................................


THE ALTOONA CLIMATE NORMALS FOR TOMORROW
                         NORMAL    RECORD    YEAR
 MAXIMUM TEMPERATURE (F)   42        70      1961
 MINIMUM TEMPERATURE (F)   25         8      2007


SUNRISE AND SUNSET
MARCH  5 2015.........SUNRISE   641 AM EST   SUNSET   609 PM EST
MARCH  6 2015.........SUNRISE   640 AM EST   SUNSET   610 PM EST


-  INDICATES NEGATIVE NUMBERS.
R  INDICATES RECORD WAS SET OR TIED.
MM INDICATES DATA IS MISSING.
T  INDICATES TRACE AMOUNT.




$$
