000
CDUS41 KCTP 230634
CLIAOO


CLIMATE REPORT
NATIONAL WEATHER SERVICE STATE COLLEGE PA
133 AM EST MON JAN 23 2017


...................................

...THE ALTOONA CLIMATE SUMMARY FOR JANUARY 22 2017...

CLIMATE NORMAL PERIOD 1981 TO 2010
CLIMATE RECORD PERIOD 1948 TO 2017


WEATHER ITEM   OBSERVED TIME   RECORD YEAR NORMAL DEPARTURE LAST
                VALUE   (LST)  VALUE       VALUE  FROM      YEAR
                                                  NORMAL
..................................................................
TEMPERATURE (F)
 YESTERDAY
  MAXIMUM         46   1159 PM  59    1967  34     12       20
  MINIMUM         41    947 AM  -5    1984  20     21       10
  AVERAGE         44                        27     17       15

PRECIPITATION (IN)
  YESTERDAY        0.05          0.86 1973   0.07  -0.02     0.18
  MONTH TO DATE    1.86                      1.52   0.34     1.61
  SINCE DEC 1      4.18                      3.94   0.24     5.35
  SINCE JAN 1      1.86                      1.52   0.34     1.61

DEGREE DAYS
 HEATING
  YESTERDAY       21                        38    -17       50
  MONTH TO DATE  699                       836   -137      867
  SINCE DEC 1   1698                      1901   -203     1514
  SINCE JUL 1   2689                      3211   -522     2507

 COOLING
  YESTERDAY        0                         0      0        0
  MONTH TO DATE    0                         0      0        0
  SINCE DEC 1      0                         0      0        0
  SINCE JAN 1      0                         0      0        0
..................................................................


WIND (MPH)
  HIGHEST WIND SPEED    13   HIGHEST WIND DIRECTION     E (80)
  HIGHEST GUST SPEED    18   HIGHEST GUST DIRECTION     E (80)
  AVERAGE WIND SPEED     2.9


SKY COVER
  POSSIBLE SUNSHINE  MM
  AVERAGE SKY COVER 1.0


WEATHER CONDITIONS
 THE FOLLOWING WEATHER WAS RECORDED YESTERDAY.
  LIGHT RAIN
  FOG
  FOG W/VISIBILITY <= 1/4 MILE


RELATIVE HUMIDITY (PERCENT)
 HIGHEST   100          1200 AM
 LOWEST     92           600 PM
 AVERAGE    96

..........................................................


THE ALTOONA CLIMATE NORMALS FOR TODAY
                         NORMAL    RECORD    YEAR
 MAXIMUM TEMPERATURE (F)   34        62      1967
 MINIMUM TEMPERATURE (F)   20        -1      2014
                                             1963


SUNRISE AND SUNSET
JANUARY 23 2017.......SUNRISE   730 AM EST   SUNSET   521 PM EST
JANUARY 24 2017.......SUNRISE   729 AM EST   SUNSET   522 PM EST


-  INDICATES NEGATIVE NUMBERS.
R  INDICATES RECORD WAS SET OR TIED.
MM INDICATES DATA IS MISSING.
T  INDICATES TRACE AMOUNT.




$$
