000
CDUS41 KCTP 260710
CLIAOO


CLIMATE REPORT
NATIONAL WEATHER SERVICE STATE COLLEGE PA
310 AM EDT MON SEP 26 2016


...................................

...THE ALTOONA CLIMATE SUMMARY FOR SEPTEMBER 25 2016...

CLIMATE NORMAL PERIOD 1981 TO 2010
CLIMATE RECORD PERIOD 1948 TO 2016


WEATHER ITEM   OBSERVED TIME   RECORD YEAR NORMAL DEPARTURE LAST
                VALUE   (LST)  VALUE       VALUE  FROM      YEAR
                                                  NORMAL
..................................................................
TEMPERATURE (F)
 YESTERDAY
  MAXIMUM         72    327 PM  90    1970  69      3       74
  MINIMUM         43    554 AM  33    1963  48     -5       51
  AVERAGE         58                        58      0       63

PRECIPITATION (IN)
  YESTERDAY        0.00          2.90 1975   0.11  -0.11     0.00
  MONTH TO DATE    0.72                      2.92  -2.20     1.73
  SINCE SEP 1      0.72                      2.92  -2.20     1.73
  SINCE JAN 1     18.38                     23.84  -5.46    25.89

DEGREE DAYS
 HEATING
  YESTERDAY        7                         8     -1        2
  MONTH TO DATE   18                       104    -86       50
  SINCE SEP 1     18                       104    -86       50
  SINCE JUL 1     22                       128   -106       64

 COOLING
  YESTERDAY        0                         1     -1        0
  MONTH TO DATE  118                        44     74      106
  SINCE SEP 1    118                        44     74      106
  SINCE JAN 1    862                       517    345      691
..................................................................


WIND (MPH)
  HIGHEST WIND SPEED     7   HIGHEST WIND DIRECTION     E (100)
  HIGHEST GUST SPEED    12   HIGHEST GUST DIRECTION     N (10)
  AVERAGE WIND SPEED     2.0


SKY COVER
  POSSIBLE SUNSHINE  MM
  AVERAGE SKY COVER 0.0


WEATHER CONDITIONS
 THE FOLLOWING WEATHER WAS RECORDED YESTERDAY.
  NO SIGNIFICANT WEATHER WAS OBSERVED.


RELATIVE HUMIDITY (PERCENT)
 HIGHEST   100           400 AM
 LOWEST     31           400 PM
 AVERAGE    66

..........................................................


THE ALTOONA CLIMATE NORMALS FOR TODAY
                         NORMAL    RECORD    YEAR
 MAXIMUM TEMPERATURE (F)   68        88      1998
 MINIMUM TEMPERATURE (F)   47        33      1966


SUNRISE AND SUNSET
SEPTEMBER 26 2016.....SUNRISE   705 AM EDT   SUNSET   703 PM EDT
SEPTEMBER 27 2016.....SUNRISE   706 AM EDT   SUNSET   701 PM EDT


-  INDICATES NEGATIVE NUMBERS.
R  INDICATES RECORD WAS SET OR TIED.
MM INDICATES DATA IS MISSING.
T  INDICATES TRACE AMOUNT.




$$
