785
CDUS41 KCTP 040719
CLIAOO


CLIMATE REPORT
NATIONAL WEATHER SERVICE STATE COLLEGE PA
219 AM EST SUN DEC 4 2016


...................................

...THE ALTOONA CLIMATE SUMMARY FOR DECEMBER 3 2016...

CLIMATE NORMAL PERIOD 1981 TO 2010
CLIMATE RECORD PERIOD 1948 TO 2016


WEATHER ITEM   OBSERVED TIME   RECORD YEAR NORMAL DEPARTURE LAST
                VALUE   (LST)  VALUE       VALUE  FROM      YEAR
                                                  NORMAL
..................................................................
TEMPERATURE (F)
 YESTERDAY
  MAXIMUM         40    308 PM  67    1998  42     -2       42
  MINIMUM         36   1159 PM   2    1976  28      8       34
  AVERAGE         38                        35      3       38

PRECIPITATION (IN)
  YESTERDAY        T             1.56 1990   0.10  -0.10      T
  MONTH TO DATE    T                         0.28  -0.28     1.09
  SINCE DEC 1      T                         0.28  -0.28     1.09
  SINCE JAN 1     24.14                     30.49  -6.35    32.17

DEGREE DAYS
 HEATING
  YESTERDAY       27                        30     -3       27
  MONTH TO DATE   75                        90    -15       72
  SINCE DEC 1     75                        90    -15       72
  SINCE JUL 1   1066                      1400   -334     1065

 COOLING
  YESTERDAY        0                         0      0        0
  MONTH TO DATE    0                         0      0        0
  SINCE DEC 1      0                         0      0        0
  SINCE JAN 1    873                       522    351      696
..................................................................


WIND (MPH)
  HIGHEST WIND SPEED    22   HIGHEST WIND DIRECTION    NW (300)
  HIGHEST GUST SPEED    32   HIGHEST GUST DIRECTION    NW (300)
  AVERAGE WIND SPEED    11.1


SKY COVER
  POSSIBLE SUNSHINE  MM
  AVERAGE SKY COVER 0.9


WEATHER CONDITIONS
 THE FOLLOWING WEATHER WAS RECORDED YESTERDAY.
  LIGHT SNOW


RELATIVE HUMIDITY (PERCENT)
 HIGHEST    76          1100 AM
 LOWEST     64           400 PM
 AVERAGE    70

..........................................................


THE ALTOONA CLIMATE NORMALS FOR TODAY
                         NORMAL    RECORD    YEAR
 MAXIMUM TEMPERATURE (F)   41        72      1982
 MINIMUM TEMPERATURE (F)   27         0      1966


SUNRISE AND SUNSET
DECEMBER  4 2016......SUNRISE   720 AM EST   SUNSET   447 PM EST
DECEMBER  5 2016......SUNRISE   721 AM EST   SUNSET   447 PM EST


-  INDICATES NEGATIVE NUMBERS.
R  INDICATES RECORD WAS SET OR TIED.
MM INDICATES DATA IS MISSING.
T  INDICATES TRACE AMOUNT.




$$
