306
CDUS41 KCTP 270616
CLIAOO


CLIMATE REPORT
NATIONAL WEATHER SERVICE STATE COLLEGE PA
216 AM EDT SAT AUG 27 2016


...................................

...THE ALTOONA CLIMATE SUMMARY FOR AUGUST 26 2016...

CLIMATE NORMAL PERIOD 1981 TO 2010
CLIMATE RECORD PERIOD 1948 TO 2016


WEATHER ITEM   OBSERVED TIME   RECORD YEAR NORMAL DEPARTURE LAST
                VALUE   (LST)  VALUE       VALUE  FROM      YEAR
                                                  NORMAL
..................................................................
TEMPERATURE (F)
 YESTERDAY
  MAXIMUM         86    349 PM  96    1948  79      7       73
  MINIMUM         63   1157 PM  44    1963  57      6       49
  AVERAGE         75                        68      7       61

PRECIPITATION (IN)
  YESTERDAY        0.14          1.28 2003   0.11   0.03     0.00
  MONTH TO DATE    3.01                      2.50   0.51     1.00
  SINCE JUN 1      7.30                      9.24  -1.94    14.27
  SINCE JAN 1     17.28                     23.42  -6.14    23.77

DEGREE DAYS
 HEATING
  YESTERDAY        0                         1     -1        4
  MONTH TO DATE    0                        18    -18        6
  SINCE JUN 1     27                        86    -59       48
  SINCE JUL 1      4                        28    -24        9

 COOLING
  YESTERDAY       10                         4      6        0
  MONTH TO DATE  234                       136     98      126
  SINCE JUN 1    654                       430    224      460
  SINCE JAN 1    705                       463    242      564
..................................................................


WIND (MPH)
  HIGHEST WIND SPEED    14   HIGHEST WIND DIRECTION    NW (310)
  HIGHEST GUST SPEED    19   HIGHEST GUST DIRECTION     N (360)
  AVERAGE WIND SPEED     5.0


SKY COVER
  POSSIBLE SUNSHINE  MM
  AVERAGE SKY COVER 0.3


WEATHER CONDITIONS
 THE FOLLOWING WEATHER WAS RECORDED YESTERDAY.
  THUNDERSTORM
  HEAVY RAIN
  RAIN
  LIGHT RAIN
  FOG


RELATIVE HUMIDITY (PERCENT)
 HIGHEST   100           100 AM
 LOWEST     44           500 PM
 AVERAGE    72

..........................................................


THE ALTOONA CLIMATE NORMALS FOR TODAY
                         NORMAL    RECORD    YEAR
 MAXIMUM TEMPERATURE (F)   79        96      1948
 MINIMUM TEMPERATURE (F)   57        45      1958


SUNRISE AND SUNSET
AUGUST 27 2016........SUNRISE   636 AM EDT   SUNSET   752 PM EDT
AUGUST 28 2016........SUNRISE   637 AM EDT   SUNSET   751 PM EDT


-  INDICATES NEGATIVE NUMBERS.
R  INDICATES RECORD WAS SET OR TIED.
MM INDICATES DATA IS MISSING.
T  INDICATES TRACE AMOUNT.




$$
