000
CDUS41 KCTP 162133
CLIAOO


CLIMATE REPORT
NATIONAL WEATHER SERVICE STATE COLLEGE PA
533 PM EDT MON OCT 16 2017


...................................

...THE ALTOONA CLIMATE SUMMARY FOR OCTOBER 16 2017...
VALID TODAY AS OF 0500 PM LOCAL TIME.

CLIMATE NORMAL PERIOD 1981 TO 2010
CLIMATE RECORD PERIOD 1948 TO 2017


WEATHER ITEM   OBSERVED TIME   RECORD YEAR NORMAL DEPARTURE LAST
                VALUE   (LST)  VALUE       VALUE  FROM      YEAR
                                                  NORMAL
..................................................................
TEMPERATURE (F)
 TODAY
  MAXIMUM         60   1210 AM  81    1962  61     -1       77
  MINIMUM         48    729 AM  28    1978  41      7       47
  AVERAGE         54                        51      3       62

PRECIPITATION (IN)
  TODAY            0.01          1.13 1977   0.08  -0.07     0.00
  MONTH TO DATE    1.96                      1.33   0.63     1.22
  SINCE SEP 1      3.46                      4.79  -1.33     4.40
  SINCE JAN 1     33.88                     25.71   8.17    22.06

DEGREE DAYS
 HEATING
  TODAY           11                        14     -3        3
  MONTH TO DATE   53                       192   -139      168
  SINCE SEP 1    163                       340   -177      223
  SINCE JUL 1    197                       363   -166      227

 COOLING
  TODAY            0                         0      0        0
  MONTH TO DATE   47                         0     47        0
  SINCE SEP 1    113                        47     66      118
  SINCE JAN 1    655                       522    133      862
..................................................................


WIND (MPH)
  HIGHEST WIND SPEED    21   HIGHEST WIND DIRECTION    NW (310)
  HIGHEST GUST SPEED    32   HIGHEST GUST DIRECTION    NW (330)
  AVERAGE WIND SPEED    12.4


SKY COVER
  POSSIBLE SUNSHINE  MM
  AVERAGE SKY COVER 0.7


WEATHER CONDITIONS
 THE FOLLOWING WEATHER WAS RECORDED TODAY.
  LIGHT RAIN


RELATIVE HUMIDITY (PERCENT)
 HIGHEST    83           500 AM
 LOWEST     40           200 PM
 AVERAGE    62

..........................................................


THE ALTOONA CLIMATE NORMALS FOR TOMORROW
                         NORMAL    RECORD    YEAR
 MAXIMUM TEMPERATURE (F)   61        78      1963
 MINIMUM TEMPERATURE (F)   41        30      1981


SUNRISE AND SUNSET
OCTOBER 16 2017.......SUNRISE   725 AM EDT   SUNSET   632 PM EDT
OCTOBER 17 2017.......SUNRISE   726 AM EDT   SUNSET   630 PM EDT


-  INDICATES NEGATIVE NUMBERS.
R  INDICATES RECORD WAS SET OR TIED.
MM INDICATES DATA IS MISSING.
T  INDICATES TRACE AMOUNT.




$$
