000
CDUS41 KCTP 060629
CLIAOO


CLIMATE REPORT
NATIONAL WEATHER SERVICE STATE COLLEGE PA
129 AM EST SAT FEB 6 2016


...................................

...THE ALTOONA CLIMATE SUMMARY FOR FEBRUARY 5 2016...

CLIMATE NORMAL PERIOD 1981 TO 2010
CLIMATE RECORD PERIOD 1948 TO 2016


WEATHER ITEM   OBSERVED TIME   RECORD YEAR NORMAL DEPARTURE LAST
                VALUE   (LST)  VALUE       VALUE  FROM      YEAR
                                                  NORMAL
..................................................................
TEMPERATURE (F)
 YESTERDAY
  MAXIMUM         33    431 PM  64    1991  35     -2       36
  MINIMUM         22   1140 PM  -7    1996  20      2        5
  AVERAGE         28                        28      0       21

PRECIPITATION (IN)
  YESTERDAY        T             0.85 1976   0.07  -0.07      T
  MONTH TO DATE    0.55                      0.36   0.19     0.58
  SINCE DEC 1      5.93                      4.95   0.98     4.04
  SINCE JAN 1      2.19                      2.53  -0.34     2.18

DEGREE DAYS
 HEATING
  YESTERDAY       37                        37      0       44
  MONTH TO DATE  139                       187    -48      208
  SINCE DEC 1   1994                      2434   -440     2404
  SINCE JUL 1   2987                      3740   -753     3706

 COOLING
  YESTERDAY        0                         0      0        0
  MONTH TO DATE    0                         0      0        0
  SINCE DEC 1      0                         0      0        0
  SINCE JAN 1      0                         0      0        0
..................................................................


WIND (MPH)
  HIGHEST WIND SPEED    23   HIGHEST WIND DIRECTION    NW (310)
  HIGHEST GUST SPEED    29   HIGHEST GUST DIRECTION    NW (330)
  AVERAGE WIND SPEED    11.6


SKY COVER
  POSSIBLE SUNSHINE  MM
  AVERAGE SKY COVER 0.6


WEATHER CONDITIONS
 THE FOLLOWING WEATHER WAS RECORDED YESTERDAY.
  LIGHT SNOW


RELATIVE HUMIDITY (PERCENT)
 HIGHEST    78           100 AM
 LOWEST     43           400 PM
 AVERAGE    61

..........................................................


THE ALTOONA CLIMATE NORMALS FOR TODAY
                         NORMAL    RECORD    YEAR
 MAXIMUM TEMPERATURE (F)   35        61      2008
 MINIMUM TEMPERATURE (F)   20        -3      2007


SUNRISE AND SUNSET
FEBRUARY  6 2016......SUNRISE   718 AM EST   SUNSET   537 PM EST
FEBRUARY  7 2016......SUNRISE   717 AM EST   SUNSET   539 PM EST


-  INDICATES NEGATIVE NUMBERS.
R  INDICATES RECORD WAS SET OR TIED.
MM INDICATES DATA IS MISSING.
T  INDICATES TRACE AMOUNT.




$$
