000
CDUS41 KCTP 190612
CLIAOO


CLIMATE REPORT
NATIONAL WEATHER SERVICE STATE COLLEGE PA
112 AM EST SUN FEB 19 2017


...................................

...THE ALTOONA CLIMATE SUMMARY FOR FEBRUARY 18 2017...

CLIMATE NORMAL PERIOD 1981 TO 2010
CLIMATE RECORD PERIOD 1948 TO 2017


WEATHER ITEM   OBSERVED TIME   RECORD YEAR NORMAL DEPARTURE LAST
                VALUE   (LST)  VALUE       VALUE  FROM      YEAR
                                                  NORMAL
..................................................................
TEMPERATURE (F)
 YESTERDAY
  MAXIMUM         66R   248 PM  66    1981  38     28       30
  MINIMUM         32    417 AM -10    1979  21     11       17
  AVERAGE         49                        30     19       24

PRECIPITATION (IN)
  YESTERDAY        0.00          1.08 1960   0.08  -0.08     0.00
  MONTH TO DATE    1.15                      1.29  -0.14     1.60
  SINCE DEC 1      6.66                      5.88   0.78     6.98
  SINCE JAN 1      4.34                      3.46   0.88     3.24

DEGREE DAYS
 HEATING
  YESTERDAY       16                        35    -19       41
  MONTH TO DATE  546                       660   -114      685
  SINCE DEC 1   2514                      2907   -393     2540
  SINCE JUL 1   3505                      4213   -708     3533

 COOLING
  YESTERDAY        0                         0      0        0
  MONTH TO DATE    0                         0      0        0
  SINCE DEC 1      0                         0      0        0
  SINCE JAN 1      0                         0      0        0
..................................................................


WIND (MPH)
  HIGHEST WIND SPEED    18   HIGHEST WIND DIRECTION     W (260)
  HIGHEST GUST SPEED    25   HIGHEST GUST DIRECTION    SW (240)
  AVERAGE WIND SPEED     8.6


SKY COVER
  POSSIBLE SUNSHINE  MM
  AVERAGE SKY COVER 0.0


WEATHER CONDITIONS
 THE FOLLOWING WEATHER WAS RECORDED YESTERDAY.
  NO SIGNIFICANT WEATHER WAS OBSERVED.


RELATIVE HUMIDITY (PERCENT)
 HIGHEST    70           500 AM
 LOWEST     28           300 PM
 AVERAGE    49

..........................................................


THE ALTOONA CLIMATE NORMALS FOR TODAY
                         NORMAL    RECORD    YEAR
 MAXIMUM TEMPERATURE (F)   38        61      1994
 MINIMUM TEMPERATURE (F)   21        -4      2015
                                             1993


SUNRISE AND SUNSET
FEBRUARY 19 2017......SUNRISE   701 AM EST   SUNSET   554 PM EST
FEBRUARY 20 2017......SUNRISE   659 AM EST   SUNSET   555 PM EST


-  INDICATES NEGATIVE NUMBERS.
R  INDICATES RECORD WAS SET OR TIED.
MM INDICATES DATA IS MISSING.
T  INDICATES TRACE AMOUNT.




$$
